Last updated on 2014-10-02 01:48:26.
Flavor | Version | Tinstall | Tcheck | Ttotal | Status | Flags |
---|---|---|---|---|---|---|
r-devel-linux-x86_64-debian-clang | 0.0.8 | 3.40 | 37.21 | 40.62 | NOTE | |
r-devel-linux-x86_64-debian-gcc | 0.0.8 | 3.88 | 37.61 | 41.49 | NOTE | |
r-devel-linux-x86_64-fedora-clang | 0.0.8 | 84.51 | NOTE | |||
r-devel-linux-x86_64-fedora-gcc | 0.0.8 | 78.95 | NOTE | |||
r-devel-osx-x86_64-clang | 0.0.8 | 71.87 | NOTE | |||
r-devel-windows-ix86+x86_64 | 0.0.8 | 22.00 | 86.00 | 108.00 | NOTE | |
r-patched-linux-x86_64 | 0.0.8 | 4.23 | 38.57 | 42.80 | NOTE | |
r-patched-solaris-sparc | 0.0.8 | 376.30 | NOTE | |||
r-patched-solaris-x86 | 0.0.8 | 110.60 | NOTE | |||
r-release-linux-ix86 | 0.0.8 | 5.29 | 49.38 | 54.68 | NOTE | |
r-release-linux-x86_64 | 0.0.8 | 4.22 | 38.61 | 42.83 | NOTE | |
r-release-osx-x86_64-mavericks | 0.0.8 | NOTE | ||||
r-release-osx-x86_64-snowleopard | 0.0.8 | NOTE | ||||
r-release-windows-ix86+x86_64 | 0.0.8 | 18.00 | 92.00 | 110.00 | NOTE | |
r-oldrel-windows-ix86+x86_64 | 0.0.8 | 18.00 | 100.00 | 118.00 | NOTE |
Version: 0.0.8
Check: DESCRIPTION meta-information
Result: NOTE
Packages listed in more than one of Depends, Imports, Suggests, Enhances:
‘rms’ ‘cmprsk’ ‘survival’
A package should be listed in only one of these fields.
Flavors: r-devel-linux-x86_64-debian-clang, r-devel-linux-x86_64-debian-gcc, r-devel-linux-x86_64-fedora-clang, r-devel-linux-x86_64-fedora-gcc, r-devel-osx-x86_64-clang, r-devel-windows-ix86+x86_64, r-patched-linux-x86_64, r-patched-solaris-sparc, r-patched-solaris-x86, r-release-linux-ix86, r-release-linux-x86_64, r-release-osx-x86_64-mavericks, r-release-osx-x86_64-snowleopard, r-release-windows-ix86+x86_64, r-oldrel-windows-ix86+x86_64
Version: 0.0.8
Check: top-level files
Result: NOTE
Non-standard files/directories found at top level:
‘examples’ ‘prepareData’
Flavors: r-devel-linux-x86_64-debian-clang, r-devel-linux-x86_64-debian-gcc, r-devel-linux-x86_64-fedora-clang, r-devel-linux-x86_64-fedora-gcc, r-patched-linux-x86_64, r-release-linux-x86_64
Version: 0.0.8
Check: dependencies in R code
Result: NOTE
':::' calls which should be '::':
‘prodlim:::SmartControl’ ‘prodlim:::predictSurvIndividual’
See the note in ?`:::` about the use of this operator.
See the information on DESCRIPTION files in the chapter ‘Creating R
packages’ of the ‘Writing R Extensions’ manual.
Flavors: r-devel-linux-x86_64-debian-clang, r-devel-linux-x86_64-debian-gcc, r-devel-linux-x86_64-fedora-clang, r-devel-linux-x86_64-fedora-gcc, r-devel-osx-x86_64-clang, r-devel-windows-ix86+x86_64, r-patched-linux-x86_64, r-patched-solaris-sparc, r-patched-solaris-x86, r-release-linux-ix86, r-release-linux-x86_64, r-release-osx-x86_64-mavericks, r-release-osx-x86_64-snowleopard, r-release-windows-ix86+x86_64, r-oldrel-windows-ix86+x86_64
Version: 0.0.8
Check: Rd line widths
Result: NOTE
Rd file 'CSC.Rd':
\examples lines wider than 100 characters:
fit3 <- CSC(list(Hist(time,status)~sex+invasion+epicel+age,Hist(time,status)~invasion+epicel+age),data=Melanoma)
Rd file 'plot.riskRegression.Rd':
\usage lines wider than 90 characters:
plot(x, cause,newdata, xlab, ylab, xlim, ylim, lwd, col, lty, axes = TRUE, percent = TRUE, legend=TRUE, add = FALSE, ...)
Rd file 'plotEffects.Rd':
\usage lines wider than 90 characters:
plotEffects(x, formula, level, refLine = TRUE, confint = 0.95, xlim, ylim, xlab = "Time", ylab = "Cumulative coefficient", col, lty, lw ... [TRUNCATED]
\examples lines wider than 100 characters:
fit.tarr <- ARR(Hist(time,status)~strata(sex)+strata(invasion),data=Melanoma,cause=1,times=seq(800,3000,20))
Rd file 'riskRegression.Rd':
\examples lines wider than 100 characters:
fit2a.lrr <- LRR(Hist(time,status)~logthick,data=Melanoma,cause=1,cens.model="cox",cens.formula=~sex+epicel+ulcer+age+logthick)
x <- pec(list(fit.arr2,fit.arr2a,fit.arr2b,fit.lrr),data=Melanoma,formula=Hist(time,status)~1,cause=1,B=10,splitMethod="none")
These lines will be truncated in the PDF manual.
Flavors: r-devel-linux-x86_64-debian-clang, r-devel-linux-x86_64-debian-gcc, r-devel-linux-x86_64-fedora-clang, r-devel-linux-x86_64-fedora-gcc, r-patched-linux-x86_64, r-release-linux-x86_64