CRAN Package Check Results for Package rioja

Last updated on 2014-10-02 01:48:26.

Flavor Version Tinstall Tcheck Ttotal Status Flags
r-devel-linux-x86_64-debian-clang 0.8-7 6.30 25.77 32.07 NOTE
r-devel-linux-x86_64-debian-gcc 0.8-7 7.70 26.32 34.02 NOTE
r-devel-linux-x86_64-fedora-clang 0.8-7 61.30 NOTE
r-devel-linux-x86_64-fedora-gcc 0.8-7 58.85 NOTE
r-devel-osx-x86_64-clang 0.8-7 53.77 NOTE
r-devel-windows-ix86+x86_64 0.8-7 42.00 46.00 88.00 NOTE
r-patched-linux-x86_64 0.8-7 7.52 30.40 37.92 NOTE
r-patched-solaris-sparc 0.8-7 377.50 NOTE
r-patched-solaris-x86 0.8-7 93.00 NOTE
r-release-linux-ix86 0.8-7 12.04 36.70 48.74 NOTE
r-release-linux-x86_64 0.8-7 7.52 30.79 38.31 NOTE
r-release-osx-x86_64-mavericks 0.8-7 NOTE
r-release-osx-x86_64-snowleopard 0.8-7 NOTE
r-release-windows-ix86+x86_64 0.8-7 45.00 58.00 103.00 OK
r-oldrel-windows-ix86+x86_64 0.8-7 46.00 54.00 100.00 OK

Check Details

Version: 0.8-7
Check: R code for possible problems
Result: NOTE
    .mono.fit: no visible global function definition for ‘gam’
    .mono.fit: no visible global function definition for ‘smoothCon’
    .mono.fit: no visible global function definition for ‘s’
    .mono.fit: no visible global function definition for ‘mono.con’
    .mono.fit: no visible global function definition for ‘pcls’
    .mono.predict: no visible global function definition for
     ‘Predict.matrix’
    plot.compare.datasets: no visible global function definition for
     ‘xyplot’
    read.C2Model: no visible global function definition for ‘odbcCloseAll’
    read.C2Model: no visible global function definition for
     ‘odbcConnectExcel’
    read.C2Model: no visible global function definition for ‘sqlTables’
    read.C2Model: no visible global function definition for ‘sqlFetch’
    read.C2Model: no visible global function definition for ‘read.xls’
    sp.plot.default : .sp.plot.panel1: no visible global function
     definition for ‘current.panel.limits’
    sp.plot.default : .sp.plot.panel1: no visible global function
     definition for ‘panel.xyplot’
    sp.plot.default : .sp.plot.panel1: no visible global function
     definition for ‘panel.text’
    sp.plot.default : .sp.plot.panel2: no visible global function
     definition for ‘panel.xyplot’
    sp.plot.default : .sp.plot.panel2: no visible global function
     definition for ‘current.panel.limits’
    sp.plot.default : .sp.plot.panel2: no visible global function
     definition for ‘panel.text’
    sp.plot.default: no visible global function definition for ‘xyplot’
    strat.plot.simple: no visible global function definition for ‘xyplot’
    write.list.Excel: no visible global function definition for
     ‘odbcCloseAll’
    write.list.Excel: no visible global function definition for
     ‘odbcConnectExcel’
    write.list.Excel: no visible global function definition for ‘sqlSave’
Flavors: r-devel-linux-x86_64-debian-clang, r-devel-linux-x86_64-debian-gcc, r-devel-linux-x86_64-fedora-clang, r-devel-linux-x86_64-fedora-gcc, r-devel-osx-x86_64-clang, r-devel-windows-ix86+x86_64

Version: 0.8-7
Check: R code for possible problems
Result: NOTE
    read.C2Model: no visible global function definition for
     ‘odbcConnectExcel’
    write.list.Excel: no visible global function definition for
     ‘odbcConnectExcel’
Flavors: r-patched-linux-x86_64, r-patched-solaris-sparc, r-patched-solaris-x86, r-release-linux-ix86, r-release-linux-x86_64, r-release-osx-x86_64-snowleopard

Version: 0.8-7
Check: package dependencies
Result: NOTE
    Package suggested but not available for checking: ‘RODBC’
Flavor: r-release-osx-x86_64-mavericks

Version: 0.8-7
Check: R code for possible problems
Result: NOTE
    read.C2Model: no visible global function definition for ‘odbcCloseAll’
    read.C2Model: no visible global function definition for
     ‘odbcConnectExcel’
    read.C2Model: no visible global function definition for ‘sqlTables’
    read.C2Model: no visible global function definition for ‘sqlFetch’
    write.list.Excel: no visible global function definition for
     ‘odbcCloseAll’
    write.list.Excel: no visible global function definition for
     ‘odbcConnectExcel’
    write.list.Excel: no visible global function definition for ‘sqlSave’
Flavor: r-release-osx-x86_64-mavericks