Last updated on 2014-10-02 01:48:26.
Flavor | Version | Tinstall | Tcheck | Ttotal | Status | Flags |
---|---|---|---|---|---|---|
r-devel-linux-x86_64-debian-clang | 0.1.2 | 0.70 | 12.36 | 13.06 | NOTE | |
r-devel-linux-x86_64-debian-gcc | 0.1.2 | 0.72 | 11.96 | 12.68 | NOTE | |
r-devel-linux-x86_64-fedora-clang | 0.1.2 | 24.30 | NOTE | |||
r-devel-linux-x86_64-fedora-gcc | 0.1.2 | 22.12 | NOTE | |||
r-devel-osx-x86_64-clang | 0.1.2 | 29.90 | NOTE | |||
r-devel-windows-ix86+x86_64 | 0.1.2 | 3.00 | 19.00 | 22.00 | NOTE | |
r-patched-linux-x86_64 | 0.1.2 | 0.72 | 12.72 | 13.44 | NOTE | |
r-patched-solaris-sparc | 0.1.2 | 175.30 | NOTE | |||
r-patched-solaris-x86 | 0.1.2 | 40.90 | NOTE | |||
r-release-linux-ix86 | 0.1.2 | 1.02 | 18.89 | 19.92 | NOTE | |
r-release-linux-x86_64 | 0.1.2 | 0.77 | 12.20 | 12.98 | NOTE | |
r-release-osx-x86_64-mavericks | 0.1.2 | NOTE | ||||
r-release-osx-x86_64-snowleopard | 0.1.2 | NOTE | ||||
r-release-windows-ix86+x86_64 | 0.1.2 | 5.00 | 27.00 | 32.00 | NOTE | |
r-oldrel-windows-ix86+x86_64 | 0.1.2 | 3.00 | 29.00 | 32.00 | NOTE |
Version: 0.1.2
Check: dependencies in R code
Result: NOTE
'library' or 'require' calls to packages already attached by Depends:
‘FITSio’ ‘tcltk’
Please remove these calls from your code.
See the information on DESCRIPTION files in the chapter ‘Creating R
packages’ of the ‘Writing R Extensions’ manual.
Flavors: r-devel-linux-x86_64-debian-clang, r-devel-linux-x86_64-debian-gcc, r-devel-linux-x86_64-fedora-clang, r-devel-linux-x86_64-fedora-gcc, r-devel-osx-x86_64-clang, r-devel-windows-ix86+x86_64, r-patched-linux-x86_64, r-patched-solaris-sparc, r-patched-solaris-x86, r-release-linux-ix86, r-release-linux-x86_64, r-release-osx-x86_64-mavericks, r-release-osx-x86_64-snowleopard, r-release-windows-ix86+x86_64, r-oldrel-windows-ix86+x86_64
Version: 0.1.2
Check: R code for possible problems
Result: NOTE
NB: .First.lib is obsolete and will not be used in R >= 3.0.0
File ‘ringscale/R/zzz.R’:
.First.lib calls:
cat("The ringscale package has been loaded\nFor some help, try '?ringscale' or visit http://ringscale.haase-zm.de\nFor a quick start, use 'analyze()'\n")
Package startup functions should use ‘packageStartupMessage’ to
generate messages.
See section ‘Good practice’ in '?.onAttach'.
Flavors: r-devel-linux-x86_64-debian-clang, r-devel-linux-x86_64-debian-gcc, r-devel-linux-x86_64-fedora-clang, r-devel-linux-x86_64-fedora-gcc, r-devel-osx-x86_64-clang, r-devel-windows-ix86+x86_64, r-patched-linux-x86_64, r-patched-solaris-sparc, r-patched-solaris-x86, r-release-linux-ix86, r-release-linux-x86_64, r-release-osx-x86_64-mavericks, r-release-osx-x86_64-snowleopard, r-release-windows-ix86+x86_64, r-oldrel-windows-ix86+x86_64