Last updated on 2014-10-02 01:48:25.
Flavor | Version | Tinstall | Tcheck | Ttotal | Status | Flags |
---|---|---|---|---|---|---|
r-devel-linux-x86_64-debian-clang | 0.3-2 | 3.13 | 41.69 | 44.82 | NOTE | |
r-devel-linux-x86_64-debian-gcc | 0.3-2 | 3.11 | 40.30 | 43.41 | NOTE | |
r-devel-linux-x86_64-fedora-clang | 0.3-2 | 106.05 | NOTE | |||
r-devel-linux-x86_64-fedora-gcc | 0.3-2 | 100.12 | NOTE | |||
r-devel-osx-x86_64-clang | 0.3-2 | 80.63 | NOTE | |||
r-devel-windows-ix86+x86_64 | 0.3-2 | 8.00 | 60.00 | 68.00 | NOTE | |
r-patched-linux-x86_64 | 0.3-2 | 3.16 | 43.41 | 46.58 | OK | |
r-patched-solaris-sparc | 0.3-2 | 602.00 | OK | |||
r-patched-solaris-x86 | 0.3-2 | 139.70 | OK | |||
r-release-linux-ix86 | 0.3-2 | 3.99 | 54.40 | 58.39 | OK | |
r-release-linux-x86_64 | 0.3-2 | 3.31 | 44.36 | 47.67 | OK | |
r-release-osx-x86_64-mavericks | 0.3-2 | OK | ||||
r-release-osx-x86_64-snowleopard | 0.3-2 | OK | ||||
r-release-windows-ix86+x86_64 | 0.3-2 | 8.00 | 61.00 | 69.00 | NOTE | |
r-oldrel-windows-ix86+x86_64 | 0.3-2 | 9.00 | 62.00 | 71.00 | NOTE |
Version: 0.3-2
Check: R code for possible problems
Result: NOTE
cv.alpha.relaxnet: no visible global function definition for
‘mc.reset.stream’
cv.alpha.relaxnet: no visible global function definition for ‘mclapply’
cv.relaxnet: no visible global function definition for
‘mc.reset.stream’
cv.relaxnet: no visible global function definition for ‘mclapply’
Flavors: r-devel-linux-x86_64-debian-clang, r-devel-linux-x86_64-debian-gcc, r-devel-linux-x86_64-fedora-clang, r-devel-linux-x86_64-fedora-gcc, r-devel-osx-x86_64-clang, r-devel-windows-ix86+x86_64
Version: 0.3-2
Check: R code for possible problems
Result: NOTE
cv.alpha.relaxnet: no visible global function definition for
'mc.reset.stream'
cv.relaxnet: no visible global function definition for
'mc.reset.stream'
Flavors: r-release-windows-ix86+x86_64, r-oldrel-windows-ix86+x86_64