Last updated on 2014-10-02 01:48:25.
Flavor | Version | Tinstall | Tcheck | Ttotal | Status | Flags |
---|---|---|---|---|---|---|
r-devel-linux-x86_64-debian-clang | 0.0-6 | 1.74 | 17.58 | 19.32 | NOTE | |
r-devel-linux-x86_64-debian-gcc | 0.0-6 | 1.72 | 17.54 | 19.26 | NOTE | |
r-devel-linux-x86_64-fedora-clang | 0.0-6 | 41.94 | NOTE | |||
r-devel-linux-x86_64-fedora-gcc | 0.0-6 | 37.93 | NOTE | |||
r-devel-osx-x86_64-clang | 0.0-6 | 36.62 | NOTE | |||
r-devel-windows-ix86+x86_64 | 0.0-6 | 5.00 | 30.00 | 35.00 | NOTE | |
r-patched-linux-x86_64 | 0.0-6 | 1.83 | 18.08 | 19.91 | OK | |
r-patched-solaris-sparc | 0.0-6 | 235.70 | OK | |||
r-patched-solaris-x86 | 0.0-6 | 59.20 | OK | |||
r-release-linux-ix86 | 0.0-6 | 2.34 | 24.09 | 26.44 | OK | |
r-release-linux-x86_64 | 0.0-6 | 1.74 | 18.03 | 19.77 | OK | |
r-release-osx-x86_64-mavericks | 0.0-6 | OK | ||||
r-release-osx-x86_64-snowleopard | 0.0-6 | OK | ||||
r-release-windows-ix86+x86_64 | 0.0-6 | 6.00 | 31.00 | 37.00 | OK | |
r-oldrel-windows-ix86+x86_64 | 0.0-6 | 6.00 | 32.00 | 38.00 | OK |
Version: 0.0-6
Check: R code for possible problems
Result: NOTE
randomNames : first_names: no visible binding for global variable
‘randomNamesData’
randomNames : last_names: no visible binding for global variable
‘randomNamesData’
Flavors: r-devel-linux-x86_64-debian-clang, r-devel-linux-x86_64-debian-gcc, r-devel-linux-x86_64-fedora-clang, r-devel-linux-x86_64-fedora-gcc, r-devel-osx-x86_64-clang, r-devel-windows-ix86+x86_64