CRAN Package Check Results for Package quantmod

Last updated on 2014-10-02 01:48:24.

Flavor Version Tinstall Tcheck Ttotal Status Flags
r-devel-linux-x86_64-debian-clang 0.4-0 1.93 40.47 42.40 NOTE
r-devel-linux-x86_64-debian-gcc 0.4-0 1.89 40.38 42.28 NOTE
r-devel-linux-x86_64-fedora-clang 0.4-0 83.82 NOTE
r-devel-linux-x86_64-fedora-gcc 0.4-0 81.57 NOTE
r-devel-osx-x86_64-clang 0.4-0 70.67 NOTE
r-devel-windows-ix86+x86_64 0.4-0 7.00 53.00 60.00 NOTE
r-patched-linux-x86_64 0.4-0 3.06 45.50 48.57 NOTE
r-patched-solaris-sparc 0.4-0 501.80 NOTE
r-patched-solaris-x86 0.4-0 110.50 NOTE
r-release-linux-ix86 0.4-0 2.79 57.90 60.69 NOTE
r-release-linux-x86_64 0.4-0 2.23 48.13 50.36 NOTE
r-release-osx-x86_64-mavericks 0.4-0 NOTE
r-release-windows-ix86+x86_64 0.4-0 7.00 65.00 72.00 NOTE
r-oldrel-windows-ix86+x86_64 0.4-0 8.00 65.00 73.00 NOTE

Check Details

Version: 0.4-0
Check: top-level files
Result: NOTE
    Non-standard file/directory found at top level:
     ‘WISHLIST’
Flavors: r-devel-linux-x86_64-debian-clang, r-devel-linux-x86_64-debian-gcc, r-devel-linux-x86_64-fedora-clang, r-devel-linux-x86_64-fedora-gcc, r-patched-linux-x86_64, r-release-linux-x86_64

Version: 0.4-0
Check: dependencies in R code
Result: NOTE
    'library' or 'require' call to ‘TTR’ which was already attached by Depends.
     Please remove these calls from your code.
    Packages in Depends field not imported from:
     ‘Defaults’ ‘TTR’ ‘methods’ ‘xts’
     These packages need to be imported from (in the NAMESPACE file)
     for when this namespace is loaded but not attached.
    ':::' call which should be '::': ‘xts:::timeBased’
     See the note in ?`:::` about the use of this operator.
    Missing object imported by a ':::' call: ‘xts:::axTicksByTime0’
    There are ::: calls to the package's namespace in its code. A package
     almost never needs to use ::: for its own objects:
     ‘chartSeries.chob’ ‘current.chob’ ‘get.current.chob’ ‘shading’
    See the information on DESCRIPTION files in the chapter ‘Creating R
    packages’ of the ‘Writing R Extensions’ manual.
Flavors: r-devel-linux-x86_64-debian-clang, r-devel-linux-x86_64-debian-gcc, r-devel-linux-x86_64-fedora-clang, r-devel-linux-x86_64-fedora-gcc, r-devel-osx-x86_64-clang, r-devel-windows-ix86+x86_64, r-patched-linux-x86_64, r-patched-solaris-sparc, r-patched-solaris-x86, r-release-linux-ix86, r-release-linux-x86_64, r-release-osx-x86_64-mavericks, r-release-windows-ix86+x86_64, r-oldrel-windows-ix86+x86_64

Version: 0.4-0
Check: R code for possible problems
Result: NOTE
    ..getModelData: no visible global function definition for ‘as.xts’
    ..getModelData: no visible global function definition for ‘xts’
    ..getModelData: no visible global function definition for ‘index’
    .Delt: no visible global function definition for ‘try.xts’
    .Delt: no visible global function definition for ‘reclass’
    .getModelData: no visible global function definition for ‘index’
    .getModelData: no visible global function definition for ‘zoo’
    Delt: no visible global function definition for ‘try.xts’
    Delt: no visible global function definition for ‘reclass’
    Delt_: no visible global function definition for ‘try.xts’
    Delt_: no visible global function definition for ‘reclass’
    Lag.quantmod.OHLC : <anonymous>: no visible global function definition
     for ‘coredata’
    Lag.quantmod.OHLC: no visible global function definition for ‘index’
    Lag.quantmod.OHLC: no visible global function definition for ‘xts’
    Lag.quantmod.OHLC: no visible global function definition for ‘zoo’
    Lag.xts : <anonymous>: no visible global function definition for
     ‘coredata’
    Lag.xts: no visible global function definition for ‘index’
    Lag.xts: no visible global function definition for ‘xts’
    Lag.xts: no visible global function definition for ‘zoo’
    Lag.zoo : <anonymous>: no visible global function definition for
     ‘coredata’
    Lag.zoo: no visible global function definition for ‘index’
    Lag.zoo: no visible global function definition for ‘xts’
    Lag.zoo: no visible global function definition for ‘zoo’
    Next.quantmod.OHLC: no visible global function definition for ‘index’
    Next.quantmod.OHLC: no visible global function definition for ‘zoo’
    Next.zoo: no visible global function definition for ‘index’
    Next.zoo: no visible global function definition for ‘zoo’
    addADX: no visible global function definition for ‘ADX’
    addATR: no visible global function definition for ‘ATR’
    addAroon: no visible global function definition for ‘aroon’
    addAroonOsc: no visible global function definition for ‘aroon’
    addBBands: no visible global function definition for ‘BBands’
    addCCI: no visible global function definition for ‘CCI’
    addCLV: no visible global function definition for ‘CLV’
    addCMF: no visible global function definition for ‘CMF’
    addCMO: no visible global function definition for ‘CMO’
    addChAD: no visible global function definition for ‘chaikinAD’
    addChVol: no visible global function definition for ‘chaikinVolatility’
    addDPO: no visible global function definition for ‘DPO’
    addEMA: no visible global function definition for ‘EMA’
    addEMV: no visible global function definition for ‘EMV’
    addKST: no visible global function definition for ‘coredata’
    addKST: no visible global function definition for ‘KST’
    addMACD: no visible global function definition for ‘MACD’
    addMFI: no visible global function definition for ‘MFI’
    addMomentum: no visible global function definition for ‘momentum’
    addOBV: no visible global function definition for ‘OBV’
    addROC: no visible global function definition for ‘ROC’
    addRSI: no visible global function definition for ‘RSI’
    addSAR: no visible global function definition for ‘SAR’
    addSMA: no visible global function definition for ‘SMA’
    addSMI: no visible global function definition for ‘SMI’
    addShading: no visible global function definition for ‘indexClass<-’
    addShading: no visible global function definition for ‘index’
    addTA: no visible global function definition for ‘try.xts’
    addTA: no visible global function definition for ‘is.xts’
    addTA: no visible global function definition for ‘coredata’
    addTDI: no visible global function definition for ‘TDI’
    addTRIX: no visible global function definition for ‘TRIX’
    addVolatility: no visible global function definition for ‘volatility’
    addWPR: no visible global function definition for ‘WPR’
    addZigZag: no visible global function definition for ‘ZigZag’
    add_BBands : <anonymous>: no visible global function definition for
     ‘coredata’
    add_BBands : <anonymous>: no visible global function definition for
     ‘BBands’
    add_BBands: no visible global function definition for ‘BBands’
    add_DEMA : <anonymous>: no visible global function definition for
     ‘DEMA’
    add_DEMA: no visible global function definition for ‘DEMA’
    add_EMA : <anonymous>: no visible global function definition for ‘EMA’
    add_EMA: no visible global function definition for ‘EMA’
    add_EVWMA : <anonymous>: no visible global function definition for
     ‘EVWMA’
    add_EVWMA: no visible global function definition for ‘EVWMA’
    add_GMMA : <anonymous>: no visible global function definition for
     ‘GMMA’
    add_GMMA: no visible global function definition for ‘GMMA’
    add_MACD: no visible global function definition for ‘MACD’
    add_RSI : <anonymous>: no visible global function definition for ‘RSI’
    add_RSI: no visible global function definition for ‘RSI’
    add_SMA : <anonymous>: no visible global function definition for ‘SMA’
    add_SMA: no visible global function definition for ‘SMA’
    add_SMI : <anonymous>: no visible global function definition for ‘SMI’
    add_SMI: no visible global function definition for ‘SMI’
    add_TA : <anonymous>: no visible global function definition for ‘.xts’
    add_TA : <anonymous>: no visible global function definition for
     ‘.index’
    add_TA : <anonymous>: no visible global function definition for
     ‘indexTZ’
    add_TA : <anonymous>: no visible global function definition for
     ‘na.approx’
    add_VMA : <anonymous>: no visible global function definition for ‘VMA’
    add_VMA: no visible global function definition for ‘VMA’
    add_VWAP : <anonymous>: no visible global function definition for
     ‘VWAP’
    add_VWAP: no visible global function definition for ‘VWAP’
    add_Vo : <anonymous>: no visible global function definition for
     ‘axTicksByTime’
    add_WMA : <anonymous>: no visible global function definition for ‘WMA’
    add_WMA: no visible global function definition for ‘WMA’
    adjustOHLC: no visible global function definition for ‘is.xts’
    adjustOHLC: no visible global function definition for ‘adjRatios’
    adjustOHLC: no visible global function definition for ‘index’
    allReturns: no visible global function definition for ‘try.xts’
    allReturns: no visible global function definition for ‘reclass’
    as.zoo.data.frame: no visible global function definition for ‘zoo’
    axTicksByTime2: no visible global function definition for ‘timeBased’
    axTicksByTime2: no visible global function definition for ‘xts’
    axTicksByTime2: no visible global function definition for ‘endpoints’
    axTicksByTime2: no visible global function definition for ‘index’
    bM: no visible global function definition for ‘index’
    buildModel : as.POSIXorDate: no visible global function definition for
     ‘index’
    buildModel: no visible global function definition for ‘index’
    chartBBands: no visible global function definition for ‘last’
    chartCCI: no visible global function definition for ‘last’
    chartCMF: no visible global function definition for ‘last’
    chartCMO: no visible global function definition for ‘last’
    chartDEMA: no visible global function definition for ‘DEMA’
    chartDPO: no visible global function definition for ‘last’
    chartEMA: no visible global function definition for ‘last’
    chartEVWMA: no visible global function definition for ‘EVWMA’
    chartEnvelope: no visible global function definition for ‘last’
    chartMACD: no visible global function definition for ‘last’
    chartMomentum: no visible global function definition for ‘last’
    chartRSI: no visible global function definition for ‘last’
    chartSMA: no visible global function definition for ‘last’
    chartSMI: no visible global function definition for ‘last’
    chartSeries: no visible global function definition for ‘try.xts’
    chartSeries: no visible global function definition for ‘indexClass<-’
    chartSeries: no visible global function definition for ‘index’
    chartSeries: no visible global function definition for ‘periodicity’
    chartSeries: no visible global function definition for ‘axTicksByTime’
    chartSeries.chob: no visible global function definition for ‘last’
    chartSeries0: no visible global function definition for ‘is.xts’
    chartSeries0: no visible global function definition for ‘as.xts’
    chartSeries0: no visible global function definition for ‘indexClass<-’
    chartSeries0: no visible global function definition for ‘index’
    chartSeries0: no visible global function definition for ‘periodicity’
    chartSetUp: no visible global function definition for ‘last’
    chartTA: no visible global function definition for ‘last’
    chartVo: no visible global function definition for ‘last’
    chartWMA: no visible global function definition for ‘WMA’
    chartWPR: no visible global function definition for ‘last’
    chartZLEMA: no visible global function definition for ‘ZLEMA’
    chart_Series : <anonymous>: no visible global function definition for
     ‘last’
    convert.time.series: no visible global function definition for ‘index’
    convert.time.series: no visible global function definition for
     ‘coredata’
    convert.time.series: no visible global function definition for
     ‘timeSeries’
    findPeaks: no visible global function definition for ‘coredata’
    findValleys: no visible global function definition for ‘coredata’
    futures.expiry: no visible global function definition for ‘index’
    getDividends: no visible global function definition for ‘xts’
    getDividends: no visible global function definition for ‘is.xts’
    getDividends: no visible global function definition for
     ‘xtsAttributes<-’
    getFX: no visible global function definition for ‘importDefaults’
    getMetals: no visible global function definition for ‘importDefaults’
    getModelData: no visible global function definition for ‘as.xts’
    getModelData: no visible global function definition for ‘index’
    getModelData: no visible global function definition for ‘xts’
    getOptionChain.yahoo: no visible global function definition for
     ‘as.yearmon’
    getSplits: no visible global function definition for ‘as.xts’
    getSplits: no visible global function definition for ‘is.xts’
    getSplits: no visible global function definition for ‘xtsAttributes<-’
    getSymbols: no visible global function definition for ‘importDefaults’
    getSymbols.FRED: no visible global function definition for
     ‘importDefaults’
    getSymbols.FRED: no visible global function definition for ‘xts’
    getSymbols.IBrokers: no visible global function definition for
     ‘importDefaults’
    getSymbols.MySQL: no visible global function definition for
     ‘importDefaults’
    getSymbols.MySQL: no visible global function definition for ‘dbConnect’
    getSymbols.MySQL: no visible global function definition for
     ‘dbListTables’
    getSymbols.MySQL: no visible global function definition for
     ‘dbSendQuery’
    getSymbols.MySQL: no visible global function definition for ‘fetch’
    getSymbols.MySQL: no visible global function definition for ‘xts’
    getSymbols.MySQL: no visible global function definition for
     ‘dbDisconnect’
    getSymbols.RData: no visible global function definition for
     ‘importDefaults’
    getSymbols.RData: no visible global function definition for ‘is.xts’
    getSymbols.RData: no visible global function definition for ‘xts’
    getSymbols.SQLite: no visible global function definition for
     ‘importDefaults’
    getSymbols.SQLite: no visible global function definition for ‘dbDriver’
    getSymbols.SQLite: no visible global function definition for
     ‘dbConnect’
    getSymbols.SQLite: no visible global function definition for
     ‘dbListTables’
    getSymbols.SQLite: no visible global function definition for
     ‘dbSendQuery’
    getSymbols.SQLite: no visible global function definition for ‘fetch’
    getSymbols.SQLite: no visible global function definition for ‘xts’
    getSymbols.SQLite: no visible global function definition for
     ‘dbDisconnect’
    getSymbols.csv: no visible global function definition for
     ‘importDefaults’
    getSymbols.csv: no visible global function definition for ‘xts’
    getSymbols.google: no visible global function definition for
     ‘importDefaults’
    getSymbols.google: no visible global function definition for ‘xts’
    getSymbols.mysql: no visible global function definition for
     ‘importDefaults’
    getSymbols.mysql: no visible global function definition for ‘dbConnect’
    getSymbols.mysql: no visible global function definition for
     ‘dbListTables’
    getSymbols.mysql: no visible global function definition for
     ‘dbSendQuery’
    getSymbols.mysql: no visible global function definition for ‘fetch’
    getSymbols.mysql: no visible global function definition for ‘xts’
    getSymbols.mysql: no visible global function definition for
     ‘dbDisconnect’
    getSymbols.oanda: no visible global function definition for
     ‘importDefaults’
    getSymbols.oanda: no visible global function definition for ‘xts’
    getSymbols.rda: no visible global function definition for
     ‘importDefaults’
    getSymbols.rda: no visible global function definition for ‘is.xts’
    getSymbols.rda: no visible global function definition for ‘xts’
    getSymbols.rds: no visible global function definition for
     ‘importDefaults’
    getSymbols.rds: no visible global function definition for ‘is.xts’
    getSymbols.rds: no visible global function definition for ‘xts’
    getSymbols.skeleton: no visible global function definition for
     ‘importDefaults’
    getSymbols.skeleton: no visible global function definition for ‘zoo’
    getSymbols.sqlite: no visible global function definition for
     ‘importDefaults’
    getSymbols.sqlite: no visible global function definition for ‘dbDriver’
    getSymbols.sqlite: no visible global function definition for
     ‘dbConnect’
    getSymbols.sqlite: no visible global function definition for
     ‘dbListTables’
    getSymbols.sqlite: no visible global function definition for
     ‘dbSendQuery’
    getSymbols.sqlite: no visible global function definition for ‘fetch’
    getSymbols.sqlite: no visible global function definition for ‘xts’
    getSymbols.sqlite: no visible global function definition for
     ‘dbDisconnect’
    getSymbols.yahoo: no visible global function definition for
     ‘importDefaults’
    getSymbols.yahoo: no visible global function definition for ‘xts’
    getSymbols.yahoo: no visible global function definition for ‘adjRatios’
    getSymbols.yahoo: no visible global function definition for ‘is.xts’
    getSymbols.yahoo: no visible global function definition for
     ‘indexClass<-’
    heikin.ashi.bars: no visible global function definition for ‘as.xts’
    loadSymbols: no visible global function definition for ‘importDefaults’
    modelData: no visible global function definition for ‘index’
    modelReturn: no visible global function definition for ‘index’
    modelReturn: no visible global function definition for ‘zoo’
    months.xts: no visible global function definition for ‘.index’
    ndays: no visible global function definition for ‘endpoints’
    nhours: no visible global function definition for ‘endpoints’
    nmicroseconds: no visible global function definition for ‘endpoints’
    nmilliseconds: no visible global function definition for ‘endpoints’
    nminutes: no visible global function definition for ‘endpoints’
    nmonths: no visible global function definition for ‘endpoints’
    nquarters: no visible global function definition for ‘endpoints’
    nseconds: no visible global function definition for ‘endpoints’
    nweekdays: no visible global function definition for ‘endpoints’
    nweeks: no visible global function definition for ‘endpoints’
    nyears: no visible global function definition for ‘endpoints’
    options.expiry: no visible global function definition for ‘index’
    periodReturn: no visible global function definition for ‘try.xts’
    periodReturn: no visible global function definition for
     ‘xtsAttributes<-’
    periodReturn: no visible global function definition for ‘CLASS<-’
    periodReturn: no visible global function definition for ‘endpoints’
    periodReturn: no visible global function definition for ‘to_period’
    periodReturn: no visible global function definition for ‘reclass’
    periodReturn: no visible global function definition for ‘as.xts’
    periodReturn0: no visible global function definition for ‘as.xts’
    periodReturn0: no visible global function definition for ‘CLASS’
    periodReturn0: no visible global function definition for
     ‘xtsAttributes’
    periodReturn0: no visible global function definition for ‘indexClass’
    periodReturn0: no visible global function definition for ‘CLASS<-’
    periodReturn0: no visible global function definition for
     ‘xtsAttributes<-’
    periodReturn0: no visible global function definition for ‘indexClass<-’
    periodReturn0: no visible global function definition for ‘reclass’
    range.bars: no visible global function definition for ‘as.xts’
    reChart: no visible global function definition for ‘index’
    reChart: no visible global function definition for ‘axTicksByTime’
    returnBy: no visible global function definition for ‘endpoints’
    returnBy: no visible global function definition for ‘period.apply’
    returnBy: no visible global function definition for ‘zoo’
    returnBy: no visible global function definition for ‘index’
    sM: no visible global function definition for ‘as.xts’
    setTA: no visible global function definition for ‘setDefaults’
    stripModelData: no visible global function definition for ‘zoo’
    tradeModel: no visible global function definition for ‘zoo’
    tradeModel: no visible global function definition for ‘index’
    tradeModel: no visible global function definition for ‘index<-’
    unsetTA: no visible global function definition for ‘setDefaults’
    viewFin: no visible global function definition for ‘as.xts’
    viewFinancials: no visible global function definition for ‘as.xts’
    zooom: no visible global function definition for ‘index’
    show,tradeLog: no visible global function definition for ‘zoo’
    
    Found the following calls to attach():
    File ‘quantmod/R/attachSymbols.R’:
     attach(NULL, pos = pos, name = DB$name)
     attach(NULL, pos = pos, name = DB$name)
    See section ‘Good practice’ in ‘?attach’.
Flavors: r-devel-linux-x86_64-debian-clang, r-devel-linux-x86_64-debian-gcc

Version: 0.4-0
Check: R code for possible problems
Result: NOTE
    ..getModelData: no visible global function definition for ‘as.xts’
    ..getModelData: no visible global function definition for ‘xts’
    ..getModelData: no visible global function definition for ‘index’
    .Delt: no visible global function definition for ‘try.xts’
    .Delt: no visible global function definition for ‘reclass’
    .getModelData: no visible global function definition for ‘index’
    .getModelData: no visible global function definition for ‘zoo’
    Delt: no visible global function definition for ‘try.xts’
    Delt: no visible global function definition for ‘reclass’
    Delt_: no visible global function definition for ‘try.xts’
    Delt_: no visible global function definition for ‘reclass’
    Lag.quantmod.OHLC : <anonymous>: no visible global function definition
     for ‘coredata’
    Lag.quantmod.OHLC: no visible global function definition for ‘index’
    Lag.quantmod.OHLC: no visible global function definition for ‘xts’
    Lag.quantmod.OHLC: no visible global function definition for ‘zoo’
    Lag.xts : <anonymous>: no visible global function definition for
     ‘coredata’
    Lag.xts: no visible global function definition for ‘index’
    Lag.xts: no visible global function definition for ‘xts’
    Lag.xts: no visible global function definition for ‘zoo’
    Lag.zoo : <anonymous>: no visible global function definition for
     ‘coredata’
    Lag.zoo: no visible global function definition for ‘index’
    Lag.zoo: no visible global function definition for ‘xts’
    Lag.zoo: no visible global function definition for ‘zoo’
    Next.quantmod.OHLC: no visible global function definition for ‘index’
    Next.quantmod.OHLC: no visible global function definition for ‘zoo’
    Next.zoo: no visible global function definition for ‘index’
    Next.zoo: no visible global function definition for ‘zoo’
    addADX: no visible global function definition for ‘ADX’
    addATR: no visible global function definition for ‘ATR’
    addAroon: no visible global function definition for ‘aroon’
    addAroonOsc: no visible global function definition for ‘aroon’
    addBBands: no visible global function definition for ‘BBands’
    addCCI: no visible global function definition for ‘CCI’
    addCLV: no visible global function definition for ‘CLV’
    addCMF: no visible global function definition for ‘CMF’
    addCMO: no visible global function definition for ‘CMO’
    addChAD: no visible global function definition for ‘chaikinAD’
    addChVol: no visible global function definition for ‘chaikinVolatility’
    addDPO: no visible global function definition for ‘DPO’
    addEMA: no visible global function definition for ‘EMA’
    addEMV: no visible global function definition for ‘EMV’
    addKST: no visible global function definition for ‘coredata’
    addKST: no visible global function definition for ‘KST’
    addMACD: no visible global function definition for ‘MACD’
    addMFI: no visible global function definition for ‘MFI’
    addMomentum: no visible global function definition for ‘momentum’
    addOBV: no visible global function definition for ‘OBV’
    addROC: no visible global function definition for ‘ROC’
    addRSI: no visible global function definition for ‘RSI’
    addSAR: no visible global function definition for ‘SAR’
    addSMA: no visible global function definition for ‘SMA’
    addSMI: no visible global function definition for ‘SMI’
    addShading: no visible global function definition for ‘indexClass<-’
    addShading: no visible global function definition for ‘index’
    addTA: no visible global function definition for ‘try.xts’
    addTA: no visible global function definition for ‘is.xts’
    addTA: no visible global function definition for ‘coredata’
    addTDI: no visible global function definition for ‘TDI’
    addTRIX: no visible global function definition for ‘TRIX’
    addVolatility: no visible global function definition for ‘volatility’
    addWPR: no visible global function definition for ‘WPR’
    addZigZag: no visible global function definition for ‘ZigZag’
    add_BBands : <anonymous>: no visible global function definition for
     ‘coredata’
    add_BBands : <anonymous>: no visible global function definition for
     ‘BBands’
    add_BBands: no visible global function definition for ‘BBands’
    add_DEMA : <anonymous>: no visible global function definition for
     ‘DEMA’
    add_DEMA: no visible global function definition for ‘DEMA’
    add_EMA : <anonymous>: no visible global function definition for ‘EMA’
    add_EMA: no visible global function definition for ‘EMA’
    add_EVWMA : <anonymous>: no visible global function definition for
     ‘EVWMA’
    add_EVWMA: no visible global function definition for ‘EVWMA’
    add_GMMA : <anonymous>: no visible global function definition for
     ‘GMMA’
    add_GMMA: no visible global function definition for ‘GMMA’
    add_MACD: no visible global function definition for ‘MACD’
    add_RSI : <anonymous>: no visible global function definition for ‘RSI’
    add_RSI: no visible global function definition for ‘RSI’
    add_SMA : <anonymous>: no visible global function definition for ‘SMA’
    add_SMA: no visible global function definition for ‘SMA’
    add_SMI : <anonymous>: no visible global function definition for ‘SMI’
    add_SMI: no visible global function definition for ‘SMI’
    add_TA : <anonymous>: no visible global function definition for ‘.xts’
    add_TA : <anonymous>: no visible global function definition for
     ‘.index’
    add_TA : <anonymous>: no visible global function definition for
     ‘indexTZ’
    add_TA : <anonymous>: no visible global function definition for
     ‘na.approx’
    add_VMA : <anonymous>: no visible global function definition for ‘VMA’
    add_VMA: no visible global function definition for ‘VMA’
    add_VWAP : <anonymous>: no visible global function definition for
     ‘VWAP’
    add_VWAP: no visible global function definition for ‘VWAP’
    add_Vo : <anonymous>: no visible global function definition for
     ‘axTicksByTime’
    add_WMA : <anonymous>: no visible global function definition for ‘WMA’
    add_WMA: no visible global function definition for ‘WMA’
    adjustOHLC: no visible global function definition for ‘is.xts’
    adjustOHLC: no visible global function definition for ‘adjRatios’
    adjustOHLC: no visible global function definition for ‘index’
    allReturns: no visible global function definition for ‘try.xts’
    allReturns: no visible global function definition for ‘reclass’
    as.zoo.data.frame: no visible global function definition for ‘zoo’
    axTicksByTime2: no visible global function definition for ‘timeBased’
    axTicksByTime2: no visible global function definition for ‘xts’
    axTicksByTime2: no visible global function definition for ‘endpoints’
    axTicksByTime2: no visible global function definition for ‘index’
    bM: no visible global function definition for ‘index’
    buildModel : as.POSIXorDate: no visible global function definition for
     ‘index’
    buildModel: no visible global function definition for ‘index’
    chartBBands: no visible global function definition for ‘last’
    chartCCI: no visible global function definition for ‘last’
    chartCMF: no visible global function definition for ‘last’
    chartCMO: no visible global function definition for ‘last’
    chartDEMA: no visible global function definition for ‘DEMA’
    chartDPO: no visible global function definition for ‘last’
    chartEMA: no visible global function definition for ‘last’
    chartEVWMA: no visible global function definition for ‘EVWMA’
    chartEnvelope: no visible global function definition for ‘last’
    chartMACD: no visible global function definition for ‘last’
    chartMomentum: no visible global function definition for ‘last’
    chartRSI: no visible global function definition for ‘last’
    chartSMA: no visible global function definition for ‘last’
    chartSMI: no visible global function definition for ‘last’
    chartSeries: no visible global function definition for ‘try.xts’
    chartSeries: no visible global function definition for ‘indexClass<-’
    chartSeries: no visible global function definition for ‘index’
    chartSeries: no visible global function definition for ‘periodicity’
    chartSeries: no visible global function definition for ‘axTicksByTime’
    chartSeries.chob: no visible global function definition for ‘last’
    chartSeries0: no visible global function definition for ‘is.xts’
    chartSeries0: no visible global function definition for ‘as.xts’
    chartSeries0: no visible global function definition for ‘indexClass<-’
    chartSeries0: no visible global function definition for ‘index’
    chartSeries0: no visible global function definition for ‘periodicity’
    chartSetUp: no visible global function definition for ‘last’
    chartTA: no visible global function definition for ‘last’
    chartVo: no visible global function definition for ‘last’
    chartWMA: no visible global function definition for ‘WMA’
    chartWPR: no visible global function definition for ‘last’
    chartZLEMA: no visible global function definition for ‘ZLEMA’
    chart_Series : <anonymous>: no visible global function definition for
     ‘last’
    convert.time.series: no visible global function definition for ‘index’
    convert.time.series: no visible global function definition for
     ‘coredata’
    convert.time.series: no visible global function definition for
     ‘timeSeries’
    findPeaks: no visible global function definition for ‘coredata’
    findValleys: no visible global function definition for ‘coredata’
    futures.expiry: no visible global function definition for ‘index’
    getDividends: no visible global function definition for ‘xts’
    getDividends: no visible global function definition for ‘is.xts’
    getDividends: no visible global function definition for
     ‘xtsAttributes<-’
    getFX: no visible global function definition for ‘importDefaults’
    getMetals: no visible global function definition for ‘importDefaults’
    getModelData: no visible global function definition for ‘as.xts’
    getModelData: no visible global function definition for ‘index’
    getModelData: no visible global function definition for ‘xts’
    getOptionChain.yahoo: no visible global function definition for
     ‘as.yearmon’
    getSplits: no visible global function definition for ‘as.xts’
    getSplits: no visible global function definition for ‘is.xts’
    getSplits: no visible global function definition for ‘xtsAttributes<-’
    getSymbols: no visible global function definition for ‘importDefaults’
    getSymbols.FRED: no visible global function definition for
     ‘importDefaults’
    getSymbols.FRED: no visible global function definition for ‘xts’
    getSymbols.IBrokers: no visible global function definition for
     ‘importDefaults’
    getSymbols.MySQL: no visible global function definition for
     ‘importDefaults’
    getSymbols.MySQL: no visible global function definition for ‘dbConnect’
    getSymbols.MySQL: no visible global function definition for
     ‘dbListTables’
    getSymbols.MySQL: no visible global function definition for
     ‘dbSendQuery’
    getSymbols.MySQL: no visible global function definition for ‘fetch’
    getSymbols.MySQL: no visible global function definition for ‘xts’
    getSymbols.MySQL: no visible global function definition for
     ‘dbDisconnect’
    getSymbols.RData: no visible global function definition for
     ‘importDefaults’
    getSymbols.RData: no visible global function definition for ‘is.xts’
    getSymbols.RData: no visible global function definition for ‘xts’
    getSymbols.SQLite: no visible global function definition for
     ‘importDefaults’
    getSymbols.SQLite: no visible global function definition for ‘dbDriver’
    getSymbols.SQLite: no visible global function definition for
     ‘dbConnect’
    getSymbols.SQLite: no visible global function definition for
     ‘dbListTables’
    getSymbols.SQLite: no visible global function definition for
     ‘dbSendQuery’
    getSymbols.SQLite: no visible global function definition for ‘fetch’
    getSymbols.SQLite: no visible global function definition for ‘xts’
    getSymbols.SQLite: no visible global function definition for
     ‘dbDisconnect’
    getSymbols.csv: no visible global function definition for
     ‘importDefaults’
    getSymbols.csv: no visible global function definition for ‘xts’
    getSymbols.google: no visible global function definition for
     ‘importDefaults’
    getSymbols.google: no visible global function definition for ‘xts’
    getSymbols.mysql: no visible global function definition for
     ‘importDefaults’
    getSymbols.mysql: no visible global function definition for ‘dbConnect’
    getSymbols.mysql: no visible global function definition for
     ‘dbListTables’
    getSymbols.mysql: no visible global function definition for
     ‘dbSendQuery’
    getSymbols.mysql: no visible global function definition for ‘fetch’
    getSymbols.mysql: no visible global function definition for ‘xts’
    getSymbols.mysql: no visible global function definition for
     ‘dbDisconnect’
    getSymbols.oanda: no visible global function definition for
     ‘importDefaults’
    getSymbols.oanda: no visible global function definition for ‘xts’
    getSymbols.rda: no visible global function definition for
     ‘importDefaults’
    getSymbols.rda: no visible global function definition for ‘is.xts’
    getSymbols.rda: no visible global function definition for ‘xts’
    getSymbols.rds: no visible global function definition for
     ‘importDefaults’
    getSymbols.rds: no visible global function definition for ‘is.xts’
    getSymbols.rds: no visible global function definition for ‘xts’
    getSymbols.skeleton: no visible global function definition for
     ‘importDefaults’
    getSymbols.skeleton: no visible global function definition for ‘zoo’
    getSymbols.sqlite: no visible global function definition for
     ‘importDefaults’
    getSymbols.sqlite: no visible global function definition for ‘dbDriver’
    getSymbols.sqlite: no visible global function definition for
     ‘dbConnect’
    getSymbols.sqlite: no visible global function definition for
     ‘dbListTables’
    getSymbols.sqlite: no visible global function definition for
     ‘dbSendQuery’
    getSymbols.sqlite: no visible global function definition for ‘fetch’
    getSymbols.sqlite: no visible global function definition for ‘xts’
    getSymbols.sqlite: no visible global function definition for
     ‘dbDisconnect’
    getSymbols.yahoo: no visible global function definition for
     ‘importDefaults’
    getSymbols.yahoo: no visible global function definition for ‘xts’
    getSymbols.yahoo: no visible global function definition for ‘adjRatios’
    getSymbols.yahoo: no visible global function definition for ‘is.xts’
    getSymbols.yahoo: no visible global function definition for
     ‘indexClass<-’
    heikin.ashi.bars: no visible global function definition for ‘as.xts’
    loadSymbols: no visible global function definition for ‘importDefaults’
    modelData: no visible global function definition for ‘index’
    modelReturn: no visible global function definition for ‘index’
    modelReturn: no visible global function definition for ‘zoo’
    months.xts: no visible global function definition for ‘.index’
    ndays: no visible global function definition for ‘endpoints’
    nhours: no visible global function definition for ‘endpoints’
    nmicroseconds: no visible global function definition for ‘endpoints’
    nmilliseconds: no visible global function definition for ‘endpoints’
    nminutes: no visible global function definition for ‘endpoints’
    nmonths: no visible global function definition for ‘endpoints’
    nquarters: no visible global function definition for ‘endpoints’
    nseconds: no visible global function definition for ‘endpoints’
    nweekdays: no visible global function definition for ‘endpoints’
    nweeks: no visible global function definition for ‘endpoints’
    nyears: no visible global function definition for ‘endpoints’
    options.expiry: no visible global function definition for ‘index’
    periodReturn: no visible global function definition for ‘try.xts’
    periodReturn: no visible global function definition for
     ‘xtsAttributes<-’
    periodReturn: no visible global function definition for ‘CLASS<-’
    periodReturn: no visible global function definition for ‘endpoints’
    periodReturn: no visible global function definition for ‘to_period’
    periodReturn: no visible global function definition for ‘reclass’
    periodReturn: no visible global function definition for ‘as.xts’
    periodReturn0: no visible global function definition for ‘as.xts’
    periodReturn0: no visible global function definition for ‘CLASS’
    periodReturn0: no visible global function definition for
     ‘xtsAttributes’
    periodReturn0: no visible global function definition for ‘indexClass’
    periodReturn0: no visible global function definition for ‘CLASS<-’
    periodReturn0: no visible global function definition for
     ‘xtsAttributes<-’
    periodReturn0: no visible global function definition for ‘indexClass<-’
    periodReturn0: no visible global function definition for ‘reclass’
    range.bars: no visible global function definition for ‘as.xts’
    reChart: no visible global function definition for ‘index’
    reChart: no visible global function definition for ‘axTicksByTime’
    returnBy: no visible global function definition for ‘endpoints’
    returnBy: no visible global function definition for ‘period.apply’
    returnBy: no visible global function definition for ‘zoo’
    returnBy: no visible global function definition for ‘index’
    sM: no visible global function definition for ‘as.xts’
    setTA: no visible global function definition for ‘setDefaults’
    stripModelData: no visible global function definition for ‘zoo’
    tradeModel: no visible global function definition for ‘zoo’
    tradeModel: no visible global function definition for ‘index’
    tradeModel: no visible global function definition for ‘index<-’
    unsetTA: no visible global function definition for ‘setDefaults’
    viewFin: no visible global function definition for ‘as.xts’
    viewFinancials: no visible global function definition for ‘as.xts’
    zooom: no visible global function definition for ‘index’
    show,tradeLog: no visible global function definition for ‘zoo’
Flavors: r-devel-linux-x86_64-fedora-clang, r-devel-linux-x86_64-fedora-gcc, r-devel-osx-x86_64-clang, r-devel-windows-ix86+x86_64

Version: 0.4-0
Check: package dependencies
Result: NOTE
    Package suggested but not available for checking: ‘RMySQL’
Flavors: r-devel-osx-x86_64-clang, r-devel-windows-ix86+x86_64, r-patched-solaris-sparc, r-patched-solaris-x86, r-release-osx-x86_64-mavericks, r-release-windows-ix86+x86_64, r-oldrel-windows-ix86+x86_64

Version: 0.4-0
Check: R code for possible problems
Result: NOTE
    Found the following calls to attach():
    File ‘quantmod/R/attachSymbols.R’:
     attach(NULL, pos = pos, name = DB$name)
     attach(NULL, pos = pos, name = DB$name)
    See section ‘Good practice’ in ‘?attach’.
Flavors: r-patched-linux-x86_64, r-release-linux-x86_64