Last updated on 2014-10-02 01:48:24.
Flavor | Version | Tinstall | Tcheck | Ttotal | Status | Flags |
---|---|---|---|---|---|---|
r-devel-linux-x86_64-debian-clang | 1.5-5 | 1.62 | 10.35 | 11.96 | NOTE | |
r-devel-linux-x86_64-debian-gcc | 1.5-5 | 1.64 | 9.87 | 11.51 | NOTE | |
r-devel-linux-x86_64-fedora-clang | 1.5-5 | 22.81 | NOTE | |||
r-devel-linux-x86_64-fedora-gcc | 1.5-5 | 21.99 | NOTE | |||
r-devel-osx-x86_64-clang | 1.5-5 | 27.26 | OK | |||
r-devel-windows-ix86+x86_64 | 1.5-5 | 10.00 | 21.00 | 31.00 | OK | |
r-patched-linux-x86_64 | 1.5-5 | 1.62 | 10.44 | 12.05 | NOTE | |
r-patched-solaris-sparc | 1.5-5 | 165.90 | OK | |||
r-patched-solaris-x86 | 1.5-5 | 36.70 | OK | |||
r-release-linux-ix86 | 1.5-5 | 2.22 | 16.39 | 18.61 | OK | |
r-release-linux-x86_64 | 1.5-5 | 1.62 | 9.89 | 11.51 | NOTE | |
r-release-osx-x86_64-mavericks | 1.5-5 | OK | ||||
r-release-windows-ix86+x86_64 | 1.5-5 | 12.00 | 27.00 | 39.00 | OK | |
r-oldrel-windows-ix86+x86_64 | 1.5-5 | 10.00 | 31.00 | 41.00 | OK |
Version: 1.5-5
Check: top-level files
Result: NOTE
Non-standard files/directories found at top level:
‘LICENSE.GPL-2’ ‘LICENSE.GPL-3’
Flavors: r-devel-linux-x86_64-debian-clang, r-devel-linux-x86_64-debian-gcc, r-devel-linux-x86_64-fedora-clang, r-devel-linux-x86_64-fedora-gcc, r-patched-linux-x86_64, r-release-linux-x86_64