Last updated on 2014-10-02 01:48:24.
Flavor | Version | Tinstall | Tcheck | Ttotal | Status | Flags |
---|---|---|---|---|---|---|
r-devel-linux-x86_64-debian-clang | 0.9.0 | 1.66 | 47.58 | 49.25 | OK | |
r-devel-linux-x86_64-debian-gcc | 0.9.0 | 1.62 | 48.13 | 49.75 | OK | |
r-devel-linux-x86_64-fedora-clang | 0.9.0 | 103.03 | OK | |||
r-devel-linux-x86_64-fedora-gcc | 0.9.0 | 98.09 | OK | |||
r-devel-osx-x86_64-clang | 0.9.0 | 81.93 | OK | |||
r-devel-windows-ix86+x86_64 | 0.9.0 | 7.00 | 73.00 | 80.00 | OK | |
r-patched-linux-x86_64 | 0.9.0 | 1.68 | 50.18 | 51.85 | OK | |
r-patched-solaris-sparc | 0.9.0 | 602.60 | OK | |||
r-patched-solaris-x86 | 0.9.0 | 126.10 | OK | |||
r-release-linux-ix86 | 0.9.0 | 2.28 | 61.47 | 63.75 | OK | |
r-release-linux-x86_64 | 0.9.0 | 1.66 | 50.59 | 52.24 | OK | |
r-release-osx-x86_64-mavericks | 0.9.0 | NOTE | ||||
r-release-osx-x86_64-snowleopard | 0.9.0 | NOTE | ||||
r-release-windows-ix86+x86_64 | 0.9.0 | 7.00 | 84.00 | 91.00 | OK | |
r-oldrel-windows-ix86+x86_64 | 0.9.0 | 7.00 | 92.00 | 99.00 | OK |
Version: 0.9.0
Check: re-building of vignette outputs
Result: NOTE
Error in re-building vignettes:
...
Loading required package: qtl
Loading required package: parallel
Loading required package: lattice
Loading required package: corpcor
Loading required package: mnormt
Error in texi2dvi(file = file, pdf = TRUE, clean = clean, quiet = quiet, :
Running 'texi2dvi' on 'cmst.tex' failed.
LaTeX errors:
! LaTeX Error: File `epsf.sty' not found.
Type X to quit or <RETURN> to proceed,
or enter new name. (Default extension: sty)
test/qtlhot/vignettes/cmst.tex:7: ==> Fatal error occurred, no output PDF file
produced!
Calls: buildVignettes -> texi2pdf -> texi2dvi
Execution halted
Flavor: r-release-osx-x86_64-mavericks
Version: 0.9.0
Check: re-building of vignette outputs
Result: NOTE
Error in re-building vignettes:
...
Loading required package: qtl
Loading required package: parallel
Loading required package: lattice
Loading required package: corpcor
Loading required package: mnormt
Error in texi2dvi(file = file, pdf = TRUE, clean = clean, quiet = quiet, :
Running 'texi2dvi' on 'cmst.tex' failed.
LaTeX errors:
! LaTeX Error: File `epsf.sty' not found.
Type X to quit or <RETURN> to proceed,
or enter new name. (Default extension: sty)
qtlhot.Rcheck/vign_test/qtlhot/vignettes/cmst.tex:7: ==> Fatal error occurred,
no output PDF file produced!
Calls: buildVignettes -> texi2pdf -> texi2dvi
Execution halted
Flavor: r-release-osx-x86_64-snowleopard