CRAN Package Check Results for Package qlcMatrix

Last updated on 2014-10-02 01:48:24.

Flavor Version Tinstall Tcheck Ttotal Status Flags
r-devel-linux-x86_64-debian-clang 0.9.2 3.78 63.98 67.75 NOTE
r-devel-linux-x86_64-debian-gcc 0.9.2 3.38 63.91 67.29 NOTE
r-devel-linux-x86_64-fedora-clang 0.9.2 152.69 NOTE
r-devel-linux-x86_64-fedora-gcc 0.9.2 147.15 NOTE
r-devel-osx-x86_64-clang 0.9.2 126.02 NOTE
r-devel-windows-ix86+x86_64 0.9.2 8.00 92.00 100.00 NOTE
r-patched-linux-x86_64 0.9.2 3.73 69.15 72.88 NOTE
r-patched-solaris-sparc 0.9.2 966.00 NOTE
r-patched-solaris-x86 0.9.2 233.40 NOTE
r-release-linux-ix86 0.9.2 4.35 91.00 95.35 NOTE
r-release-linux-x86_64 0.9.2 3.69 69.57 73.26 NOTE
r-release-osx-x86_64-mavericks 0.9.2 NOTE
r-release-osx-x86_64-snowleopard 0.9.2 NOTE
r-release-windows-ix86+x86_64 0.9.2 10.00 93.00 103.00 NOTE
r-oldrel-windows-ix86+x86_64 0.9.2 9.00 93.00 102.00 NOTE

Check Details

Version: 0.9.2
Check: data for non-ASCII characters
Result: NOTE
     Note: found 76102 marked UTF-8 strings
Flavors: r-devel-linux-x86_64-debian-clang, r-devel-linux-x86_64-debian-gcc, r-devel-linux-x86_64-fedora-clang, r-devel-linux-x86_64-fedora-gcc, r-devel-osx-x86_64-clang, r-devel-windows-ix86+x86_64, r-patched-linux-x86_64, r-patched-solaris-sparc, r-patched-solaris-x86, r-release-linux-ix86, r-release-linux-x86_64, r-release-osx-x86_64-mavericks, r-release-osx-x86_64-snowleopard, r-release-windows-ix86+x86_64, r-oldrel-windows-ix86+x86_64