Last updated on 2014-10-02 01:48:24.
Flavor | Version | Tinstall | Tcheck | Ttotal | Status | Flags |
---|---|---|---|---|---|---|
r-devel-linux-x86_64-debian-clang | 1.0.2 | 3.93 | 34.14 | 38.07 | OK | |
r-devel-linux-x86_64-debian-gcc | 1.0.2 | 4.75 | 39.24 | 43.99 | OK | |
r-devel-linux-x86_64-fedora-clang | 1.0.2 | 78.48 | OK | |||
r-devel-linux-x86_64-fedora-gcc | 1.0.2 | 74.47 | OK | |||
r-devel-osx-x86_64-clang | 1.0.2 | 68.25 | OK | |||
r-devel-windows-ix86+x86_64 | 1.0.2 | 9.00 | 49.00 | 58.00 | OK | |
r-patched-linux-x86_64 | 1.0.2 | 3.92 | 35.27 | 39.19 | OK | |
r-patched-solaris-sparc | 1.0.2 | 436.60 | OK | |||
r-patched-solaris-x86 | 1.0.2 | 108.90 | OK | |||
r-release-linux-ix86 | 1.0.2 | 5.20 | 45.28 | 50.48 | OK | |
r-release-linux-x86_64 | 1.0.2 | 5.31 | 41.97 | 47.28 | OK | |
r-release-osx-x86_64-mavericks | 1.0.2 | ERROR | ||||
r-release-osx-x86_64-snowleopard | 1.0.2 | ERROR | ||||
r-release-windows-ix86+x86_64 | 1.0.2 | 11.00 | 60.00 | 71.00 | OK | |
r-oldrel-windows-ix86+x86_64 | 1.0.2 | 11.00 | 56.00 | 67.00 | OK |
Version: 1.0.2
Check: package dependencies
Result: ERROR
Package required but not available: ‘SSOAP’
See the information on DESCRIPTION files in the chapter ‘Creating R
packages’ of the ‘Writing R Extensions’ manual.
Flavors: r-release-osx-x86_64-mavericks, r-release-osx-x86_64-snowleopard