Last updated on 2014-10-02 01:48:24.
Flavor | Version | Tinstall | Tcheck | Ttotal | Status | Flags |
---|---|---|---|---|---|---|
r-devel-linux-x86_64-debian-clang | 0.2.9 | 10.51 | 54.34 | 64.85 | OK | |
r-devel-linux-x86_64-debian-gcc | 0.2.9 | 12.66 | 55.28 | 67.93 | OK | |
r-devel-linux-x86_64-fedora-clang | 0.2.9 | 78.16 | OK | |||
r-devel-linux-x86_64-fedora-gcc | 0.2.9 | 127.84 | OK | |||
r-devel-osx-x86_64-clang | 0.2.9 | 77.35 | OK | |||
r-devel-windows-ix86+x86_64 | 0.2.9 | 41.00 | 103.00 | 144.00 | OK | |
r-patched-linux-x86_64 | 0.2.06 | 12.98 | 55.61 | 68.59 | OK | |
r-patched-solaris-sparc | 0.2.9 | 50.90 | ERROR | |||
r-patched-solaris-x86 | 0.2.9 | 119.20 | OK | |||
r-release-linux-ix86 | 0.2.06 | 16.18 | 65.98 | 82.15 | OK | |
r-release-linux-x86_64 | 0.2.9 | 12.79 | 55.94 | 68.73 | OK | |
r-release-osx-x86_64-mavericks | 0.2.9 | OK | ||||
r-release-osx-x86_64-snowleopard | 0.2.9 | OK | ||||
r-release-windows-ix86+x86_64 | 0.2.9 | 35.00 | 110.00 | 145.00 | OK | |
r-oldrel-windows-ix86+x86_64 | 0.2.9 | 35.00 | 112.00 | 147.00 | OK |
Version: 0.2.9
Check: whether package can be installed
Result: ERROR
Installation failed.
Flavor: r-patched-solaris-sparc