Last updated on 2014-10-02 01:48:24.
Flavor | Version | Tinstall | Tcheck | Ttotal | Status | Flags |
---|---|---|---|---|---|---|
r-devel-linux-x86_64-debian-clang | 3.3 | 1.70 | 38.80 | 40.50 | OK | |
r-devel-linux-x86_64-debian-gcc | 3.3 | 1.92 | 37.34 | 39.26 | OK | |
r-devel-linux-x86_64-fedora-clang | 3.3 | 79.15 | OK | |||
r-devel-linux-x86_64-fedora-gcc | 3.3 | 79.64 | OK | |||
r-devel-osx-x86_64-clang | 3.3 | 55.53 | OK | |||
r-devel-windows-ix86+x86_64 | 3.3 | 12.00 | 67.00 | 79.00 | OK | |
r-patched-linux-x86_64 | 3.3 | 1.86 | 38.08 | 39.95 | OK | |
r-patched-solaris-sparc | 3.3 | 535.40 | OK | |||
r-patched-solaris-x86 | 3.3 | 125.80 | OK | |||
r-release-linux-ix86 | 3.3 | 2.72 | 58.16 | 60.88 | OK | |
r-release-linux-x86_64 | 3.3 | 1.87 | 37.58 | 39.45 | OK | |
r-release-osx-x86_64-mavericks | 3.3 | NOTE | ||||
r-release-windows-ix86+x86_64 | 3.3 | 16.00 | 67.00 | 83.00 | OK | |
r-oldrel-windows-ix86+x86_64 | 3.3 | 14.00 | 104.00 | 118.00 | OK |
Version: 3.3
Check: re-building of vignette outputs
Result: NOTE
Error in re-building vignettes:
...
Error in texi2dvi(file = file, pdf = TRUE, clean = clean, quiet = quiet, :
Running 'texi2dvi' on 'profdpm.tex' failed.
LaTeX errors:
! LaTeX Error: File `algorithmic.sty' not found.
Type X to quit or <RETURN> to proceed,
or enter new name. (Default extension: sty)
_test/profdpm/vignettes/profdpm.tex:58: ==> Fatal error occurred, no output PD
F file produced!
Calls: buildVignettes -> texi2pdf -> texi2dvi
Execution halted
Flavor: r-release-osx-x86_64-mavericks