Last updated on 2014-10-02 01:48:24.
Flavor | Version | Tinstall | Tcheck | Ttotal | Status | Flags |
---|---|---|---|---|---|---|
r-devel-linux-x86_64-debian-clang | 0.20.5 | 1.87 | 197.07 | 198.94 | OK | |
r-devel-linux-x86_64-debian-gcc | 0.20.5 | 1.83 | 199.30 | 201.13 | OK | |
r-devel-linux-x86_64-fedora-clang | 0.20.5 | 411.77 | OK | |||
r-devel-linux-x86_64-fedora-gcc | 0.20.5 | 401.78 | OK | |||
r-devel-osx-x86_64-clang | 0.20.5 | 263.21 | OK | |||
r-devel-windows-ix86+x86_64 | 0.20.5 | 6.00 | 286.00 | 292.00 | OK | |
r-patched-linux-x86_64 | 0.20.5 | 1.97 | 214.66 | 216.64 | OK | |
r-patched-solaris-sparc | 0.20.5 | 1573.10 | OK | --no-build-vignettes | ||
r-patched-solaris-x86 | 0.20.5 | 464.10 | OK | |||
r-release-linux-ix86 | 0.20.5 | 2.61 | 313.99 | 316.60 | OK | |
r-release-linux-x86_64 | 0.20.5 | 2.03 | 211.56 | 213.59 | OK | |
r-release-osx-x86_64-mavericks | 0.20.5 | NOTE | ||||
r-release-osx-x86_64-snowleopard | 0.20.5 | OK | ||||
r-release-windows-ix86+x86_64 | 0.20.5 | 6.00 | 293.00 | 299.00 | OK | |
r-oldrel-windows-ix86+x86_64 | 0.20.5 | 6.00 | 305.00 | 311.00 | OK |
Version: 0.20.5
Check: re-building of vignette outputs
Result: NOTE
Error in re-building vignettes:
...
Warning: running command 'kpsewhich framed.sty' had status 1
Warning in test_latex_pkg("framed", system.file("misc", "framed.sty", package = "knitr")) :
unable to find LaTeX package 'framed'; will use a copy from knitr
Error in texi2dvi(file = file, pdf = TRUE, clean = clean, quiet = quiet, :
Running 'texi2dvi' on 'compare_distributions.tex' failed.
LaTeX errors:
! LaTeX Error: File `xcomment.sty' not found.
Type X to quit or <RETURN> to proceed,
or enter new name. (Default extension: sty)
n_test/poweRlaw/vignettes/compare_distributions.tex:63: ==> Fatal error occurr
ed, no output PDF file produced!
Calls: buildVignettes -> texi2pdf -> texi2dvi
Execution halted
Flavor: r-release-osx-x86_64-mavericks