CRAN Package Check Results for Package plsRglm

Last updated on 2014-10-02 01:48:23.

Flavor Version Tinstall Tcheck Ttotal Status Flags
r-devel-linux-x86_64-debian-clang 1.1.0 4.10 116.68 120.79 NOTE
r-devel-linux-x86_64-debian-gcc 1.1.0 4.49 118.52 123.01 NOTE
r-devel-linux-x86_64-fedora-clang 1.1.0 281.74 NOTE
r-devel-linux-x86_64-fedora-gcc 1.1.0 264.95 NOTE
r-devel-osx-x86_64-clang 1.1.0 176.78 NOTE
r-devel-windows-ix86+x86_64 1.1.0 13.00 149.00 162.00 NOTE
r-patched-linux-x86_64 1.1.0 4.23 130.99 135.22 OK
r-patched-solaris-sparc 1.1.0 1346.60 OK
r-patched-solaris-x86 1.1.0 274.00 OK
r-release-linux-ix86 1.1.0 4.99 143.39 148.38 OK
r-release-linux-x86_64 1.1.0 5.98 132.87 138.85 OK
r-release-osx-x86_64-mavericks 1.1.0 OK
r-release-osx-x86_64-snowleopard 1.1.0 OK
r-release-windows-ix86+x86_64 1.1.0 14.00 178.00 192.00 OK
r-oldrel-windows-ix86+x86_64 1.1.0 13.00 167.00 180.00 OK

Check Details

Version: 1.1.0
Check: R code for possible problems
Result: NOTE
    plsR.dof : pls.doftemp: no visible global function definition for
     ‘krylov’
    plsR.dof : pls.doftemp: no visible global function definition for ‘tr’
Flavors: r-devel-linux-x86_64-debian-clang, r-devel-linux-x86_64-debian-gcc, r-devel-linux-x86_64-fedora-clang, r-devel-linux-x86_64-fedora-gcc, r-devel-osx-x86_64-clang, r-devel-windows-ix86+x86_64