Last updated on 2014-10-02 01:48:23.
Flavor | Version | Tinstall | Tcheck | Ttotal | Status | Flags |
---|---|---|---|---|---|---|
r-devel-linux-x86_64-debian-clang | 2.0-0 | 1.33 | 26.26 | 27.59 | OK | |
r-devel-linux-x86_64-debian-gcc | 2.0-0 | 1.19 | 26.31 | 27.50 | OK | |
r-devel-linux-x86_64-fedora-clang | 2.0-0 | 53.62 | OK | |||
r-devel-linux-x86_64-fedora-gcc | 2.0-0 | 52.75 | OK | |||
r-devel-osx-x86_64-clang | 2.0-0 | 47.14 | OK | |||
r-devel-windows-ix86+x86_64 | 2.0-0 | 5.00 | 42.00 | 47.00 | OK | |
r-patched-linux-x86_64 | 2.0-0 | 1.24 | 27.92 | 29.16 | OK | |
r-patched-solaris-sparc | 2.0-0 | 311.00 | OK | |||
r-patched-solaris-x86 | 2.0-0 | 68.30 | OK | |||
r-release-linux-ix86 | 2.0-0 | 1.72 | 37.83 | 39.55 | OK | |
r-release-linux-x86_64 | 2.0-0 | 1.28 | 27.70 | 28.98 | OK | |
r-release-osx-x86_64-mavericks | 2.0-0 | OK | ||||
r-release-osx-x86_64-snowleopard | 2.0-0 | WARN | ||||
r-release-windows-ix86+x86_64 | 2.0-0 | 5.00 | 46.00 | 51.00 | OK | |
r-oldrel-windows-ix86+x86_64 | 2.0-0 | 6.00 | 46.00 | 52.00 | OK |
Version: 2.0-0
Check: Rd cross-references
Result: WARN
Missing link or links in documentation object 'xbio.Rd':
‘[scape]{xmcmc}’
Missing link or links in documentation object 'xpar.Rd':
‘[scape]{xmcmc}’
Missing link or links in documentation object 'xpro.Rd':
‘[scape]{xproj}’
Missing link or links in documentation object 'xrec.Rd':
‘[scape]{xmcmc}’
See the information in section 'Cross-references' of the 'Writing R
Extensions' manual.
Flavor: r-release-osx-x86_64-snowleopard