CRAN Package Check Results for Package plot3Drgl

Last updated on 2014-10-02 01:48:23.

Flavor Version Tinstall Tcheck Ttotal Status Flags
r-devel-linux-x86_64-debian-clang 1.0 0.78 27.91 28.69 OK
r-devel-linux-x86_64-debian-gcc 1.0 0.76 26.89 27.65 OK
r-devel-linux-x86_64-fedora-clang 1.0 54.46 OK
r-devel-linux-x86_64-fedora-gcc 1.0 52.03 OK
r-devel-osx-x86_64-clang 1.0 38.82 NOTE
r-devel-windows-ix86+x86_64 1.0 3.00 41.00 44.00 OK
r-patched-linux-x86_64 1.0 0.84 28.87 29.71 OK
r-patched-solaris-sparc 1.0 218.50 NOTE
r-patched-solaris-x86 1.0 53.80 NOTE
r-release-linux-ix86 1.0 1.22 36.09 37.30 OK
r-release-linux-x86_64 1.0 0.79 26.68 27.46 OK
r-release-osx-x86_64-mavericks 1.0 OK
r-release-osx-x86_64-snowleopard 1.0 OK
r-release-windows-ix86+x86_64 1.0 3.00 43.00 46.00 OK
r-oldrel-windows-ix86+x86_64 1.0 4.00 44.00 48.00 OK

Check Details

Version: 1.0
Check: re-building of vignette outputs
Result: NOTE
    Error in re-building vignettes:
     ...
     snapshot failed
    Warning in rgl.snapshot(filename = paste(name, "png", sep = ".")) :
     snapshot failed
    Warning in rgl.snapshot(filename = paste(name, "png", sep = ".")) :
     snapshot failed
    Error in texi2dvi(file = file, pdf = TRUE, clean = clean, quiet = quiet, :
     Running 'texi2dvi' on 'plot3Drgl.tex' failed.
    LaTeX errors:
    ttes/plot3Drgl.tex:116: LaTeX Error: File `plot3Drgl-004' not found.
    
    See the LaTeX manual or LaTeX Companion for explanation.
    Type H <return> for immediate help.
     ...
    ttes/plot3Drgl.tex:209: LaTeX Error: File `plot3Drgl-011' not found.
    
    See the LaTeX manual or LaTeX Companion for explanation.
    Type H <return> for immediate help.
     ...
    ttes/plot3Drgl.tex:248: LaTeX Error: File `plot3Drgl-015' not found.
    
    See the LaTeX manual or LaTeX Companion for explanation.
    Type H <return> for immediate help.
     ...
    Calls: buildVignettes -> texi2pdf -> texi2dvi
    Execution halted
Flavor: r-devel-osx-x86_64-clang

Version: 1.0
Check: re-building of vignette outputs
Result: NOTE
    Error in re-building vignettes:
     ...
     snapshot failed
    Warning in rgl.snapshot(filename = paste(name, "png", sep = ".")) :
     snapshot failed
    Warning in rgl.snapshot(filename = paste(name, "png", sep = ".")) :
     snapshot failed
    Error in texi2dvi(file = file, pdf = TRUE, clean = clean, quiet = quiet, :
     Running 'texi2dvi' on 'plot3Drgl.tex' failed.
    LaTeX errors:
    ! LaTeX Error: File `plot3Drgl-004' not found.
    
    See the LaTeX manual or LaTeX Companion for explanation.
    Type H <return> for immediate help.
     ...
    ! LaTeX Error: File `plot3Drgl-011' not found.
    
    See the LaTeX manual or LaTeX Companion for explanation.
    Type H <return> for immediate help.
     ...
    ! LaTeX Error: File `plot3Drgl-015' not found.
    
    See the LaTeX manual or LaTeX Companion for explanation.
    Type H <return> for immediate help.
     ...
    Calls: buildVignettes -> texi2pdf -> texi2dvi
    Execution halted
Flavors: r-patched-solaris-sparc, r-patched-solaris-x86