Last updated on 2014-10-02 01:48:23.
Flavor | Version | Tinstall | Tcheck | Ttotal | Status | Flags |
---|---|---|---|---|---|---|
r-devel-linux-x86_64-debian-clang | 1.0-1 | 1.93 | 83.90 | 85.83 | NOTE | |
r-devel-linux-x86_64-debian-gcc | 1.0-1 | 1.62 | 80.74 | 82.36 | NOTE | |
r-devel-linux-x86_64-fedora-clang | 1.0-1 | 159.79 | NOTE | |||
r-devel-linux-x86_64-fedora-gcc | 1.0-1 | 153.80 | NOTE | |||
r-devel-osx-x86_64-clang | 1.0-1 | 182.85 | NOTE | |||
r-devel-windows-ix86+x86_64 | 1.0-1 | 4.00 | 127.00 | 131.00 | NOTE | |
r-patched-linux-x86_64 | 1.0-1 | 1.70 | 89.28 | 90.97 | OK | |
r-patched-solaris-sparc | 1.0-1 | 991.60 | OK | |||
r-patched-solaris-x86 | 1.0-1 | 204.10 | OK | |||
r-release-linux-ix86 | 1.0-1 | 2.54 | 114.06 | 116.61 | OK | |
r-release-linux-x86_64 | 1.0-1 | 1.68 | 83.48 | 85.16 | OK | |
r-release-osx-x86_64-mavericks | 1.0-1 | OK | ||||
r-release-osx-x86_64-snowleopard | 1.0-1 | OK | ||||
r-release-windows-ix86+x86_64 | 1.0-1 | 4.00 | 135.00 | 139.00 | OK | |
r-oldrel-windows-ix86+x86_64 | 1.0-1 | 5.00 | 147.00 | 152.00 | OK |
Version: 1.0-1
Check: R code for possible problems
Result: NOTE
ImageOcean: no visible binding for global variable ‘Hypsometry’
Flavors: r-devel-linux-x86_64-debian-clang, r-devel-linux-x86_64-debian-gcc, r-devel-linux-x86_64-fedora-clang, r-devel-linux-x86_64-fedora-gcc, r-devel-osx-x86_64-clang, r-devel-windows-ix86+x86_64