Last updated on 2014-10-02 01:48:23.
Flavor | Version | Tinstall | Tcheck | Ttotal | Status | Flags |
---|---|---|---|---|---|---|
r-devel-linux-x86_64-debian-clang | 0.4-11 | 0.75 | 13.78 | 14.53 | NOTE | |
r-devel-linux-x86_64-debian-gcc | 0.4-11 | 0.69 | 13.38 | 14.07 | NOTE | |
r-devel-linux-x86_64-fedora-clang | 0.4-11 | 28.94 | NOTE | |||
r-devel-linux-x86_64-fedora-gcc | 0.4-11 | 26.91 | NOTE | |||
r-devel-osx-x86_64-clang | 0.4-11 | 31.70 | NOTE | |||
r-devel-windows-ix86+x86_64 | 0.4-11 | 3.00 | 23.00 | 26.00 | NOTE | |
r-patched-linux-x86_64 | 0.4-11 | 0.72 | 14.89 | 15.61 | NOTE | |
r-patched-solaris-sparc | 0.4-11 | 180.70 | NOTE | |||
r-patched-solaris-x86 | 0.4-11 | 43.90 | NOTE | |||
r-release-linux-ix86 | 0.4-11 | 1.11 | 20.98 | 22.09 | NOTE | |
r-release-linux-x86_64 | 0.4-11 | 0.74 | 14.20 | 14.95 | NOTE | |
r-release-osx-x86_64-mavericks | 0.4-11 | NOTE | ||||
r-release-windows-ix86+x86_64 | 0.4-11 | 3.00 | 23.00 | 26.00 | NOTE | |
r-oldrel-windows-ix86+x86_64 | 0.4-11 | 2.00 | 35.00 | 37.00 | NOTE |
Version: 0.4-11
Check: dependencies in R code
Result: NOTE
Package in Depends field not imported from: ‘methods’
These packages need to be imported from (in the NAMESPACE file)
for when this namespace is loaded but not attached.
See the information on DESCRIPTION files in the chapter ‘Creating R
packages’ of the ‘Writing R Extensions’ manual.
Flavors: r-devel-linux-x86_64-debian-clang, r-devel-linux-x86_64-debian-gcc, r-devel-linux-x86_64-fedora-clang, r-devel-linux-x86_64-fedora-gcc, r-devel-osx-x86_64-clang, r-devel-windows-ix86+x86_64, r-patched-linux-x86_64, r-patched-solaris-sparc, r-patched-solaris-x86, r-release-linux-ix86, r-release-linux-x86_64, r-release-osx-x86_64-mavericks, r-release-windows-ix86+x86_64, r-oldrel-windows-ix86+x86_64