Last updated on 2014-10-02 01:48:23.
Flavor | Version | Tinstall | Tcheck | Ttotal | Status | Flags |
---|---|---|---|---|---|---|
r-devel-linux-x86_64-debian-clang | 1.2.1 | 1.94 | 61.07 | 63.01 | NOTE | |
r-devel-linux-x86_64-debian-gcc | 1.2.1 | 1.96 | 57.81 | 59.76 | NOTE | |
r-devel-linux-x86_64-fedora-clang | 1.2.1 | 125.90 | NOTE | |||
r-devel-linux-x86_64-fedora-gcc | 1.2.1 | 119.15 | NOTE | |||
r-devel-osx-x86_64-clang | 1.2.1 | 100.91 | NOTE | |||
r-devel-windows-ix86+x86_64 | 1.2.1 | 7.00 | 94.00 | 101.00 | NOTE | |
r-patched-linux-x86_64 | 1.2.1 | 2.93 | 62.53 | 65.46 | OK | |
r-patched-solaris-sparc | 1.2.1 | 794.50 | OK | |||
r-patched-solaris-x86 | 1.2.1 | 161.70 | OK | |||
r-release-linux-ix86 | 1.2.1 | 2.65 | 81.42 | 84.08 | OK | |
r-release-linux-x86_64 | 1.2.1 | 2.06 | 61.71 | 63.77 | OK | |
r-release-osx-x86_64-mavericks | 1.2.1 | NOTE | ||||
r-release-osx-x86_64-snowleopard | 1.2.1 | NOTE | ||||
r-release-windows-ix86+x86_64 | 1.2.1 | 7.00 | 94.00 | 101.00 | OK | |
r-oldrel-windows-ix86+x86_64 | 1.2.1 | 8.00 | 94.00 | 102.00 | OK |
Version: 1.2.1
Check: R code for possible problems
Result: NOTE
find.diff.expressed: no visible global function definition for ‘RP’
Flavors: r-devel-linux-x86_64-debian-clang, r-devel-linux-x86_64-debian-gcc, r-devel-linux-x86_64-fedora-clang, r-devel-linux-x86_64-fedora-gcc, r-devel-osx-x86_64-clang, r-devel-windows-ix86+x86_64, r-release-osx-x86_64-mavericks, r-release-osx-x86_64-snowleopard
Version: 1.2.1
Check: package dependencies
Result: NOTE
Package suggested but not available for checking: ‘RankProd’
Flavors: r-release-osx-x86_64-mavericks, r-release-osx-x86_64-snowleopard
Version: 1.2.1
Check: Rd cross-references
Result: NOTE
Package unavailable to check Rd xrefs: ‘RankProd’
Flavors: r-release-osx-x86_64-mavericks, r-release-osx-x86_64-snowleopard