Last updated on 2014-10-02 01:48:23.
Flavor | Version | Tinstall | Tcheck | Ttotal | Status | Flags |
---|---|---|---|---|---|---|
r-devel-linux-x86_64-debian-clang | 1.2-3 | 3.36 | 40.24 | 43.60 | OK | |
r-devel-linux-x86_64-debian-gcc | 1.2-3 | 3.50 | 38.66 | 42.17 | OK | |
r-devel-linux-x86_64-fedora-clang | 1.2-3 | 92.69 | OK | |||
r-devel-linux-x86_64-fedora-gcc | 1.2-3 | 87.09 | OK | |||
r-devel-osx-x86_64-clang | 1.2-3 | 77.89 | OK | |||
r-devel-windows-ix86+x86_64 | 1.2-3 | 12.00 | 76.00 | 88.00 | OK | |
r-patched-linux-x86_64 | 1.2-3 | 3.57 | 41.17 | 44.74 | OK | |
r-patched-solaris-sparc | 1.2-3 | 482.70 | OK | |||
r-patched-solaris-x86 | 1.2-3 | 120.60 | OK | |||
r-release-linux-ix86 | 1.2-3 | 4.52 | 51.41 | 55.93 | OK | |
r-release-linux-x86_64 | 1.2-3 | 3.62 | 41.06 | 44.68 | OK | |
r-release-osx-x86_64-mavericks | 1.2-3 | ERROR | ||||
r-release-osx-x86_64-snowleopard | 1.2-3 | ERROR | ||||
r-release-windows-ix86+x86_64 | 1.2-3 | 12.00 | 84.00 | 96.00 | OK | |
r-oldrel-windows-ix86+x86_64 | 1.2-3 | 14.00 | 85.00 | 99.00 | OK |
Version: 1.2-3
Check: package dependencies
Result: ERROR
Package required but not available: ‘gstat’
See the information on DESCRIPTION files in the chapter ‘Creating R
packages’ of the ‘Writing R Extensions’ manual.
Flavor: r-release-osx-x86_64-mavericks
Version: 1.2-3
Check: whether package can be installed
Result: ERROR
Installation failed.
Flavor: r-release-osx-x86_64-snowleopard