Last updated on 2014-10-02 01:48:23.
Flavor | Version | Tinstall | Tcheck | Ttotal | Status | Flags |
---|---|---|---|---|---|---|
r-devel-linux-x86_64-debian-clang | 0.8-3 | 2.02 | 31.85 | 33.87 | OK | |
r-devel-linux-x86_64-debian-gcc | 0.8-3 | 1.89 | 31.12 | 33.00 | OK | |
r-devel-linux-x86_64-fedora-clang | 0.8-3 | 68.36 | OK | |||
r-devel-linux-x86_64-fedora-gcc | 0.8-3 | 63.98 | OK | |||
r-devel-osx-x86_64-clang | 0.8-3 | 63.89 | OK | |||
r-devel-windows-ix86+x86_64 | 0.8-3 | 4.00 | 44.00 | 48.00 | OK | |
r-patched-linux-x86_64 | 0.8-3 | 2.29 | 34.57 | 36.86 | OK | |
r-patched-solaris-sparc | 0.8-3 | 423.70 | OK | |||
r-patched-solaris-x86 | 0.8-3 | 90.20 | OK | |||
r-release-linux-ix86 | 0.8-3 | 2.84 | 44.56 | 47.41 | OK | |
r-release-linux-x86_64 | 0.8-3 | 2.10 | 33.86 | 35.96 | OK | |
r-release-osx-x86_64-mavericks | 0.8-3 | NOTE | ||||
r-release-osx-x86_64-snowleopard | 0.8-3 | OK | ||||
r-release-windows-ix86+x86_64 | 0.8-3 | 6.00 | 52.00 | 58.00 | OK | |
r-oldrel-windows-ix86+x86_64 | 0.8-3 | 5.00 | 46.00 | 51.00 | OK |
Version: 0.8-3
Check: re-building of vignette outputs
Result: NOTE
Error in re-building vignettes:
...
Loading required package: permute
Set of permutations < 'minperm'. Generating entire set.
Loading required package: parallel
Error in texi2dvi(file = file, pdf = TRUE, clean = clean, quiet = quiet, :
Running 'texi2dvi' on 'permutations.tex' failed.
LaTeX errors:
! LaTeX Error: File `a4wide.sty' not found.
Type X to quit or <RETURN> to proceed,
or enter new name. (Default extension: sty)
./Z.cls:26: ==> Fatal error occurred, no output PDF file produced!
Calls: buildVignettes -> texi2pdf -> texi2dvi
Execution halted
Flavor: r-release-osx-x86_64-mavericks