Last updated on 2014-10-02 01:48:23.
Flavor | Version | Tinstall | Tcheck | Ttotal | Status | Flags |
---|---|---|---|---|---|---|
r-devel-linux-x86_64-debian-clang | 2.3.7 | 2.18 | 36.95 | 39.13 | OK | |
r-devel-linux-x86_64-debian-gcc | 2.3.7 | 2.20 | 35.74 | 37.93 | OK | |
r-devel-linux-x86_64-fedora-clang | 2.3.7 | 77.13 | OK | |||
r-devel-linux-x86_64-fedora-gcc | 2.3.7 | 74.00 | OK | |||
r-devel-osx-x86_64-clang | 2.3.7 | 67.07 | OK | |||
r-devel-windows-ix86+x86_64 | 2.3.7 | 12.00 | 68.00 | 80.00 | NOTE | |
r-patched-linux-x86_64 | 2.3.7 | 2.21 | 42.42 | 44.63 | OK | |
r-patched-solaris-sparc | 2.3.7 | 431.70 | OK | |||
r-patched-solaris-x86 | 2.3.7 | 110.80 | OK | |||
r-release-linux-ix86 | 2.3.7 | 3.10 | 53.85 | 56.96 | OK | |
r-release-linux-x86_64 | 2.3.7 | 2.15 | 41.47 | 43.62 | OK | |
r-release-osx-x86_64-mavericks | 2.3.7 | OK | ||||
r-release-osx-x86_64-snowleopard | 2.3.7 | OK | ||||
r-release-windows-ix86+x86_64 | 2.3.7 | 11.00 | 81.00 | 92.00 | NOTE | |
r-oldrel-windows-ix86+x86_64 | 2.3.7 | 13.00 | 86.00 | 99.00 | NOTE |
Version: 2.3.7
Check: package dependencies
Result: NOTE
Package suggested but not available for checking: 'doMC'
Flavors: r-devel-windows-ix86+x86_64, r-release-windows-ix86+x86_64, r-oldrel-windows-ix86+x86_64