Last updated on 2014-10-02 01:48:23.
Flavor | Version | Tinstall | Tcheck | Ttotal | Status | Flags |
---|---|---|---|---|---|---|
r-devel-linux-x86_64-debian-clang | 1.2 | 1.01 | 20.60 | 21.60 | NOTE | |
r-devel-linux-x86_64-debian-gcc | 1.2 | 1.20 | 20.33 | 21.53 | NOTE | |
r-devel-linux-x86_64-fedora-clang | 1.2 | 44.71 | NOTE | |||
r-devel-linux-x86_64-fedora-gcc | 1.2 | 41.83 | NOTE | |||
r-devel-osx-x86_64-clang | 1.2 | 40.50 | NOTE | |||
r-devel-windows-ix86+x86_64 | 1.2 | 4.00 | 33.00 | 37.00 | NOTE | |
r-patched-linux-x86_64 | 1.2 | 1.02 | 21.15 | 22.17 | OK | |
r-patched-solaris-sparc | 1.2 | 260.80 | OK | |||
r-patched-solaris-x86 | 1.2 | 68.30 | OK | |||
r-release-linux-ix86 | 1.2 | 1.52 | 29.44 | 30.96 | OK | |
r-release-linux-x86_64 | 1.2 | 1.33 | 21.72 | 23.05 | OK | |
r-release-osx-x86_64-mavericks | 1.2 | OK | ||||
r-release-osx-x86_64-snowleopard | 1.2 | OK | ||||
r-release-windows-ix86+x86_64 | 1.2 | 6.00 | 36.00 | 42.00 | OK | |
r-oldrel-windows-ix86+x86_64 | 1.2 | 6.00 | 42.00 | 48.00 | OK |
Version: 1.2
Check: R code for possible problems
Result: NOTE
nma.ab: no visible global function definition for ‘as.mcmc’
nma.ab: no visible global function definition for ‘densityplot’
Flavors: r-devel-linux-x86_64-debian-clang, r-devel-linux-x86_64-debian-gcc, r-devel-linux-x86_64-fedora-clang, r-devel-linux-x86_64-fedora-gcc, r-devel-osx-x86_64-clang, r-devel-windows-ix86+x86_64