Last updated on 2014-10-02 01:48:23.
Flavor | Version | Tinstall | Tcheck | Ttotal | Status | Flags |
---|---|---|---|---|---|---|
r-devel-linux-x86_64-debian-clang | 1.2 | 4.84 | 69.21 | 74.05 | NOTE | |
r-devel-linux-x86_64-debian-gcc | 1.2 | 4.63 | 71.83 | 76.46 | NOTE | |
r-devel-linux-x86_64-fedora-clang | 1.2 | 174.11 | NOTE | |||
r-devel-linux-x86_64-fedora-gcc | 1.2 | 169.44 | NOTE | |||
r-devel-osx-x86_64-clang | 1.2 | 121.67 | NOTE | |||
r-devel-windows-ix86+x86_64 | 1.2 | 20.00 | 169.00 | 189.00 | NOTE | |
r-patched-linux-x86_64 | 1.2 | 5.02 | 75.24 | 80.26 | OK | |
r-patched-solaris-sparc | 1.2 | 1067.60 | OK | |||
r-patched-solaris-x86 | 1.2 | 233.70 | OK | |||
r-release-linux-ix86 | 1.2 | 6.36 | 113.09 | 119.45 | OK | |
r-release-linux-x86_64 | 1.2 | 5.09 | 75.44 | 80.53 | OK | |
r-release-osx-x86_64-mavericks | 1.2 | ERROR | ||||
r-release-osx-x86_64-snowleopard | 1.2 | OK | ||||
r-release-windows-ix86+x86_64 | 1.2 | 19.00 | 184.00 | 203.00 | OK | |
r-oldrel-windows-ix86+x86_64 | 1.2 | 19.00 | 189.00 | 208.00 | OK |
Version: 1.2
Check: R code for possible problems
Result: NOTE
CalculatePABinary: no visible binding for global variable ‘nearcor’
CalculatePAOrdered: no visible binding for global variable ‘nearcor’
Flavors: r-devel-linux-x86_64-debian-clang, r-devel-linux-x86_64-debian-gcc, r-devel-linux-x86_64-fedora-clang, r-devel-linux-x86_64-fedora-gcc, r-devel-osx-x86_64-clang, r-devel-windows-ix86+x86_64
Version: 1.2
Check: whether package can be installed
Result: ERROR
Installation failed.
Flavor: r-release-osx-x86_64-mavericks