Last updated on 2014-10-02 01:48:23.
Flavor | Version | Tinstall | Tcheck | Ttotal | Status | Flags |
---|---|---|---|---|---|---|
r-devel-linux-x86_64-debian-clang | 0.1-2 | 1.73 | 19.88 | 21.61 | NOTE | |
r-devel-linux-x86_64-debian-gcc | 0.1-2 | 1.74 | 19.38 | 21.12 | NOTE | |
r-devel-linux-x86_64-fedora-clang | 0.1-2 | 45.29 | NOTE | |||
r-devel-linux-x86_64-fedora-gcc | 0.1-2 | 43.14 | NOTE | |||
r-devel-osx-x86_64-clang | 0.1-2 | 48.46 | NOTE | |||
r-devel-windows-ix86+x86_64 | 0.1-2 | 6.00 | 38.00 | 44.00 | NOTE | |
r-patched-linux-x86_64 | 0.1-2 | 1.72 | 20.32 | 22.05 | NOTE | |
r-patched-solaris-sparc | 0.1-2 | 240.50 | NOTE | |||
r-patched-solaris-x86 | 0.1-2 | 63.40 | NOTE | |||
r-release-linux-ix86 | 0.1-2 | 2.30 | 28.66 | 30.96 | NOTE | |
r-release-linux-x86_64 | 0.1-2 | 1.71 | 20.69 | 22.40 | NOTE | |
r-release-osx-x86_64-mavericks | 0.1-2 | NOTE | ||||
r-release-osx-x86_64-snowleopard | 0.1-2 | WARN | ||||
r-release-windows-ix86+x86_64 | 0.1-2 | 6.00 | 38.00 | 44.00 | NOTE | |
r-oldrel-windows-ix86+x86_64 | 0.1-2 | 8.00 | 39.00 | 47.00 | NOTE |
Version: 0.1-2
Check: dependencies in R code
Result: NOTE
Packages in Depends field not imported from:
‘ape’ ‘caper’
These packages need to be imported from (in the NAMESPACE file)
for when this namespace is loaded but not attached.
See the information on DESCRIPTION files in the chapter ‘Creating R
packages’ of the ‘Writing R Extensions’ manual.
Flavors: r-devel-linux-x86_64-debian-clang, r-devel-linux-x86_64-debian-gcc, r-devel-linux-x86_64-fedora-clang, r-devel-linux-x86_64-fedora-gcc, r-devel-osx-x86_64-clang, r-devel-windows-ix86+x86_64, r-patched-linux-x86_64, r-patched-solaris-sparc, r-patched-solaris-x86, r-release-linux-ix86, r-release-linux-x86_64, r-release-osx-x86_64-mavericks, r-release-windows-ix86+x86_64, r-oldrel-windows-ix86+x86_64
Version: 0.1-2
Check: R code for possible problems
Result: NOTE
conch: no visible global function definition for ‘read.tree’
conch: no visible global function definition for ‘read.nexus’
conch: no visible global function definition for ‘.compressTipLabel’
conch: no visible global function definition for ‘drop.tip’
conch: no visible global function definition for ‘extract.clade’
conch: no visible global function definition for ‘which.edge’
conch: no visible global function definition for ‘write.tree’
read_input: no visible global function definition for ‘read.tree’
read_input: no visible global function definition for ‘read.dna’
Flavors: r-devel-linux-x86_64-debian-clang, r-devel-linux-x86_64-debian-gcc, r-devel-linux-x86_64-fedora-clang, r-devel-linux-x86_64-fedora-gcc, r-devel-osx-x86_64-clang, r-devel-windows-ix86+x86_64
Version: 0.1-2
Check: examples
Result: WARN
checking a package with encoding 'UTF-8' in an ASCII locale
OK
Flavor: r-release-osx-x86_64-snowleopard