Last updated on 2014-10-02 01:48:23.
Flavor | Version | Tinstall | Tcheck | Ttotal | Status | Flags |
---|---|---|---|---|---|---|
r-devel-linux-x86_64-debian-clang | 0.3.8 | 1.19 | 21.58 | 22.77 | OK | |
r-devel-linux-x86_64-debian-gcc | 0.3.8 | 1.15 | 21.21 | 22.36 | OK | |
r-devel-linux-x86_64-fedora-clang | 0.3.8 | 46.03 | OK | |||
r-devel-linux-x86_64-fedora-gcc | 0.3.8 | 43.62 | OK | |||
r-devel-osx-x86_64-clang | 0.3.8 | 45.01 | OK | |||
r-devel-windows-ix86+x86_64 | 0.3.8 | 4.00 | 34.00 | 38.00 | OK | |
r-patched-linux-x86_64 | 0.3.8 | 1.20 | 23.41 | 24.61 | OK | |
r-patched-solaris-sparc | 0.3.8 | 287.10 | OK | |||
r-patched-solaris-x86 | 0.3.8 | 64.60 | OK | |||
r-release-linux-ix86 | 0.3.8 | 1.67 | 30.59 | 32.26 | OK | |
r-release-linux-x86_64 | 0.3.8 | 1.22 | 22.80 | 24.02 | OK | |
r-release-osx-x86_64-mavericks | 0.3.8 | OK | ||||
r-release-osx-x86_64-snowleopard | 0.3.8 | WARN | ||||
r-release-windows-ix86+x86_64 | 0.3.8 | 4.00 | 38.00 | 42.00 | OK | |
r-oldrel-windows-ix86+x86_64 | 0.3.8 | 4.00 | 38.00 | 42.00 | OK |
Version: 0.3.8
Check: examples
Result: WARN
checking a package with encoding 'UTF-8' in an ASCII locale
OK
Flavor: r-release-osx-x86_64-snowleopard