Last updated on 2014-10-02 01:48:22.
Flavor | Version | Tinstall | Tcheck | Ttotal | Status | Flags |
---|---|---|---|---|---|---|
r-devel-linux-x86_64-debian-clang | 0.2.3 | 1.61 | 21.24 | 22.85 | OK | |
r-devel-linux-x86_64-debian-gcc | 0.2.3 | 1.50 | 21.12 | 22.62 | OK | |
r-devel-linux-x86_64-fedora-clang | 0.2.3 | 25.98 | OK | |||
r-devel-linux-x86_64-fedora-gcc | 0.2.3 | 47.18 | OK | |||
r-devel-osx-x86_64-clang | 0.2.3 | 44.42 | OK | |||
r-devel-windows-ix86+x86_64 | 0.2.3 | 5.00 | 31.00 | 36.00 | OK | |
r-patched-linux-x86_64 | 0.2.3 | 1.56 | 24.29 | 25.85 | OK | |
r-patched-solaris-sparc | 0.2.3 | 287.20 | OK | |||
r-patched-solaris-x86 | 0.2.3 | 69.00 | OK | |||
r-release-linux-ix86 | 0.2.1 | 1.94 | 29.66 | 31.60 | NOTE | |
r-release-linux-x86_64 | 0.2.3 | 1.61 | 24.32 | 25.92 | OK | |
r-release-osx-x86_64-mavericks | 0.2.3 | OK | ||||
r-release-osx-x86_64-snowleopard | 0.2.3 | OK | ||||
r-release-windows-ix86+x86_64 | 0.2.3 | 5.00 | 39.00 | 44.00 | OK | |
r-oldrel-windows-ix86+x86_64 | 0.2.3 | 5.00 | 38.00 | 43.00 | OK |
Version: 0.2.1
Check: DESCRIPTION meta-information
Result: NOTE
Deprecated license: BSD
Flavor: r-release-linux-ix86