Last updated on 2014-10-02 01:48:22.
Flavor | Version | Tinstall | Tcheck | Ttotal | Status | Flags |
---|---|---|---|---|---|---|
r-devel-linux-x86_64-debian-clang | 0.4.1 | 1.89 | 36.93 | 38.82 | NOTE | |
r-devel-linux-x86_64-debian-gcc | 0.4.1 | 1.73 | 36.88 | 38.62 | NOTE | |
r-devel-linux-x86_64-fedora-clang | 0.4.1 | 84.07 | NOTE | |||
r-devel-linux-x86_64-fedora-gcc | 0.4.1 | 82.29 | NOTE | |||
r-devel-osx-x86_64-clang | 0.4.1 | 150.60 | NOTE | |||
r-devel-windows-ix86+x86_64 | 0.4.1 | 6.00 | 54.00 | 60.00 | NOTE | |
r-patched-linux-x86_64 | 0.4.1 | 1.81 | 38.46 | 40.27 | OK | |
r-patched-solaris-sparc | 0.4.1 | 610.30 | OK | |||
r-patched-solaris-x86 | 0.4.1 | 124.60 | OK | |||
r-release-linux-ix86 | 0.4.1 | 2.42 | 53.39 | 55.81 | OK | |
r-release-linux-x86_64 | 0.4.1 | 1.85 | 38.96 | 40.80 | OK | |
r-release-osx-x86_64-mavericks | 0.4.1 | OK | ||||
r-release-osx-x86_64-snowleopard | 0.4.1 | OK | ||||
r-release-windows-ix86+x86_64 | 0.4.1 | 6.00 | 60.00 | 66.00 | OK | |
r-oldrel-windows-ix86+x86_64 | 0.4.1 | 7.00 | 56.00 | 63.00 | OK |
Version: 0.4.1
Check: R code for possible problems
Result: NOTE
nextHeader: no visible global function definition for ‘hwrite’
parseDICOMHeader: no visible binding for global variable ‘dicom.dic’
parseDICOMHeader: no visible binding for global variable ‘dicom.VR’
Flavors: r-devel-linux-x86_64-debian-clang, r-devel-linux-x86_64-debian-gcc, r-devel-linux-x86_64-fedora-clang, r-devel-linux-x86_64-fedora-gcc, r-devel-osx-x86_64-clang, r-devel-windows-ix86+x86_64