Last updated on 2014-10-02 01:48:22.
Flavor | Version | Tinstall | Tcheck | Ttotal | Status | Flags |
---|---|---|---|---|---|---|
r-devel-linux-x86_64-debian-clang | 1.2.0 | 0.65 | 16.11 | 16.76 | OK | |
r-devel-linux-x86_64-debian-gcc | 1.2.0 | 0.68 | 16.19 | 16.86 | OK | |
r-devel-linux-x86_64-fedora-clang | 1.2.0 | 35.61 | OK | |||
r-devel-linux-x86_64-fedora-gcc | 1.2.0 | 33.21 | OK | |||
r-devel-osx-x86_64-clang | 1.2.0 | 40.66 | NOTE | |||
r-devel-windows-ix86+x86_64 | 1.2.0 | 3.00 | 32.00 | 35.00 | NOTE | |
r-patched-linux-x86_64 | 1.2.0 | 0.72 | 16.94 | 17.66 | OK | |
r-patched-solaris-sparc | 1.2.0 | 213.60 | NOTE | |||
r-patched-solaris-x86 | 1.2.0 | 51.30 | NOTE | |||
r-release-linux-ix86 | 1.2.0 | 0.98 | 26.40 | 27.38 | OK | |
r-release-linux-x86_64 | 1.2.0 | 0.68 | 16.60 | 17.28 | OK | |
r-release-osx-x86_64-mavericks | 1.2.0 | NOTE | ||||
r-release-osx-x86_64-snowleopard | 1.2.0 | NOTE | ||||
r-release-windows-ix86+x86_64 | 1.2.0 | 3.00 | 32.00 | 35.00 | NOTE | |
r-oldrel-windows-ix86+x86_64 | 1.2.0 | 3.00 | 33.00 | 36.00 | NOTE |
Version: 1.2.0
Check: re-building of vignette outputs
Result: NOTE
Error in re-building vignettes:
...
sh: rst2pdf: command not found
Error: processing vignette 'optparse.Rrst' failed with diagnostics:
conversion by rst2pdf failed!
Execution halted
Flavors: r-devel-osx-x86_64-clang, r-release-osx-x86_64-mavericks, r-release-osx-x86_64-snowleopard
Version: 1.2.0
Check: re-building of vignette outputs
Result: NOTE
Error in re-building vignettes:
...
Warning: running command '"rst2pdf" "optparse.rst" -o "optparse.pdf" ' had status 127
Error: processing vignette 'optparse.Rrst' failed with diagnostics:
conversion by rst2pdf failed!
Execution halted
Flavors: r-devel-windows-ix86+x86_64, r-release-windows-ix86+x86_64, r-oldrel-windows-ix86+x86_64
Version: 1.2.0
Check: re-building of vignette outputs
Result: NOTE
Error in re-building vignettes:
...
sh: rst2pdf: not found
Error: processing vignette 'optparse.Rrst' failed with diagnostics:
conversion by rst2pdf failed!
Execution halted
Flavors: r-patched-solaris-sparc, r-patched-solaris-x86