Last updated on 2014-10-02 01:48:22.
Flavor | Version | Tinstall | Tcheck | Ttotal | Status | Flags |
---|---|---|---|---|---|---|
r-devel-linux-x86_64-debian-clang | 1.2-4 | 1.28 | 37.15 | 38.42 | OK | |
r-devel-linux-x86_64-debian-gcc | 1.2-4 | 1.24 | 38.08 | 39.32 | OK | |
r-devel-linux-x86_64-fedora-clang | 1.2-4 | 71.82 | OK | |||
r-devel-linux-x86_64-fedora-gcc | 1.2-4 | 69.27 | OK | |||
r-devel-osx-x86_64-clang | 1.2-4 | 41.93 | OK | |||
r-devel-windows-ix86+x86_64 | 1.2-4 | 6.00 | 44.00 | 50.00 | OK | |
r-patched-linux-x86_64 | 1.2-4 | 1.29 | 37.60 | 38.88 | OK | |
r-patched-solaris-sparc | 1.2-4 | 246.70 | OK | |||
r-patched-solaris-x86 | 1.2-4 | 63.30 | OK | |||
r-release-linux-ix86 | 1.2-4 | 1.77 | 31.14 | 32.90 | OK | |
r-release-linux-x86_64 | 1.2-4 | 1.33 | 37.28 | 38.61 | OK | |
r-release-osx-x86_64-mavericks | 1.2-4 | NOTE | ||||
r-release-windows-ix86+x86_64 | 1.2-4 | 7.00 | 43.00 | 50.00 | OK | |
r-oldrel-windows-ix86+x86_64 | 1.2-4 | 6.00 | 45.00 | 51.00 | OK |
Version: 1.2-4
Check: re-building of vignette outputs
Result: NOTE
Error in re-building vignettes:
...
"r" is not a graphical parameter
Warning in plot.xy(xy.coords(x, y), type = type, ...) :
"theta" is not a graphical parameter
Warning in plot.xy(xy.coords(x, y), type = type, ...) :
"phi" is not a graphical parameter
Warning in plot.xy(xy.coords(x, y), type = type, ...) :
"box" is not a graphical parameter
Warning in plot.xy(xy.coords(x, y), type = type, ...) :
"r" is not a graphical parameter
Warning in plot.xy(xy.coords(x, y), type = type, ...) :
"theta" is not a graphical parameter
Warning in plot.xy(xy.coords(x, y), type = type, ...) :
"phi" is not a graphical parameter
Error in texi2dvi(file = file, pdf = TRUE, clean = clean, quiet = quiet, :
Running 'texi2dvi' on 'onionpaper.tex' failed.
LaTeX errors:
! LaTeX Error: File `dsfont.sty' not found.
Type X to quit or <RETURN> to proceed,
or enter new name. (Default extension: sty)
est/onion/vignettes/onionpaper.tex:5: ==> Fatal error occurred, no output PDF
file produced!
Calls: buildVignettes -> texi2pdf -> texi2dvi
Execution halted
Flavor: r-release-osx-x86_64-mavericks