Last updated on 2014-10-02 01:48:22.
Flavor | Version | Tinstall | Tcheck | Ttotal | Status | Flags |
---|---|---|---|---|---|---|
r-devel-linux-x86_64-debian-clang | 2.0 | 0.82 | 8.70 | 9.52 | NOTE | |
r-devel-linux-x86_64-debian-gcc | 2.0 | 0.86 | 9.11 | 9.97 | NOTE | |
r-devel-linux-x86_64-fedora-clang | 2.0 | 18.59 | NOTE | |||
r-devel-linux-x86_64-fedora-gcc | 2.0 | 17.96 | NOTE | |||
r-devel-osx-x86_64-clang | 2.0 | 21.08 | NOTE | |||
r-devel-windows-ix86+x86_64 | 2.0 | 5.00 | 19.00 | 24.00 | NOTE | |
r-patched-linux-x86_64 | 2.0 | 0.88 | 8.45 | 9.33 | OK | |
r-patched-solaris-sparc | 2.0 | 110.00 | OK | |||
r-patched-solaris-x86 | 2.0 | 29.20 | OK | |||
r-release-linux-ix86 | 2.0 | 1.19 | 14.04 | 15.24 | OK | |
r-release-linux-x86_64 | 2.0 | 0.78 | 8.53 | 9.31 | OK | |
r-release-osx-x86_64-mavericks | 2.0 | OK | ||||
r-release-osx-x86_64-snowleopard | 2.0 | OK | ||||
r-release-windows-ix86+x86_64 | 2.0 | 8.00 | 20.00 | 28.00 | OK | |
r-oldrel-windows-ix86+x86_64 | 2.0 | 5.00 | 20.00 | 25.00 | OK |
Version: 2.0
Check: R code for possible problems
Result: NOTE
npst: no visible global function definition for ‘mclapply’
Flavors: r-devel-linux-x86_64-debian-clang, r-devel-linux-x86_64-debian-gcc, r-devel-linux-x86_64-fedora-clang, r-devel-linux-x86_64-fedora-gcc, r-devel-osx-x86_64-clang, r-devel-windows-ix86+x86_64