CRAN Package Check Results for Package nonrandom

Last updated on 2014-10-02 01:48:22.

Flavor Version Tinstall Tcheck Ttotal Status Flags
r-devel-linux-x86_64-debian-clang 1.42 4.74 72.02 76.76 NOTE
r-devel-linux-x86_64-debian-gcc 1.42 4.82 71.08 75.90 NOTE
r-devel-linux-x86_64-fedora-clang 1.42 178.60 NOTE
r-devel-linux-x86_64-fedora-gcc 1.42 167.83 NOTE
r-devel-osx-x86_64-clang 1.42 135.73 NOTE
r-devel-windows-ix86+x86_64 1.42 13.00 94.00 107.00 NOTE
r-patched-linux-x86_64 1.42 4.96 74.62 79.58 OK
r-patched-solaris-sparc 1.42 946.80 OK
r-patched-solaris-x86 1.42 222.30 OK
r-release-linux-ix86 1.42 6.07 93.08 99.14 OK
r-release-linux-x86_64 1.42 5.20 74.36 79.56 OK
r-release-osx-x86_64-mavericks 1.42 NOTE
r-release-osx-x86_64-snowleopard 1.42 OK
r-release-windows-ix86+x86_64 1.42 14.00 95.00 109.00 NOTE
r-oldrel-windows-ix86+x86_64 1.42 14.00 95.00 109.00 NOTE

Check Details

Version: 1.42
Check: R code for possible problems
Result: NOTE
    dist.plot.bar.plot: no visible global function definition for
     ‘rainbow_hcl’
    dist.plot.hist.plot: no visible global function definition for
     ‘rainbow_hcl’
    plot.stdf: no visible global function definition for ‘rainbow_hcl’
Flavors: r-devel-linux-x86_64-debian-clang, r-devel-linux-x86_64-debian-gcc, r-devel-linux-x86_64-fedora-clang, r-devel-linux-x86_64-fedora-gcc, r-devel-osx-x86_64-clang, r-devel-windows-ix86+x86_64

Version: 1.42
Check: re-building of vignette outputs
Result: NOTE
    Error in re-building vignettes:
     ...
    Warning: running command '"D:\compiler\texmf\miktex\bin\texi2dvi.exe" --quiet --pdf "nonrandom.tex" --max-iterations=20 -I "D:/RCompile/recent/R/share/texmf/tex/latex" -I "D:/RCompile/recent/R/share/texmf/bibtex/bst"' had status 1
    Error: running 'texi2dvi' on 'nonrandom.tex' failed
    
    LaTeX errors:
    ! LaTeX Error: File `sfmath.sty' not found.
    
    Type X to quit or <RETURN> to proceed,
    or enter new name. (Default extension: sty)
    
    Execution halted
Flavor: r-devel-windows-ix86+x86_64

Version: 1.42
Check: re-building of vignette outputs
Result: NOTE
    Error in re-building vignettes:
     ...
    Error in texi2dvi(file = file, pdf = TRUE, clean = clean, quiet = quiet, :
     Running 'texi2dvi' on 'nonrandom.tex' failed.
    LaTeX errors:
    ! LaTeX Error: File `sfmath.sty' not found.
    
    Type X to quit or <RETURN> to proceed,
    or enter new name. (Default extension: sty)
    
    gn_test/nonrandom/vignettes/nonrandom.tex:16: ==> Fatal error occurred, no out
    put PDF file produced!
    Calls: buildVignettes -> texi2pdf -> texi2dvi
    Execution halted
Flavor: r-release-osx-x86_64-mavericks

Version: 1.42
Check: re-building of vignette outputs
Result: NOTE
    Error in re-building vignettes:
     ...
    Warning: running command '"D:\compiler\texmf\miktex\bin\texi2dvi.exe" --quiet --pdf "nonrandom.tex" --max-iterations=20 -I "D:/RCompile/recent/R-3.1.1/share/texmf/tex/latex" -I "D:/RCompile/recent/R-3.1.1/share/texmf/bibtex/bst"' had status 1
    Error: running 'texi2dvi' on 'nonrandom.tex' failed
    
    LaTeX errors:
    ! LaTeX Error: File `sfmath.sty' not found.
    
    Type X to quit or <RETURN> to proceed,
    or enter new name. (Default extension: sty)
    
    Execution halted
Flavor: r-release-windows-ix86+x86_64

Version: 1.42
Check: re-building of vignette outputs
Result: NOTE
    Error in re-building vignettes:
     ...
    Warning: running command '"D:\compiler\texmf\miktex\bin\texi2dvi.exe" --quiet --pdf "nonrandom.tex" -I "D:/Rcompile/recent/R-3.0.3/share/texmf/tex/latex" -I "D:/Rcompile/recent/R-3.0.3/share/texmf/bibtex/bst"' had status 1
    Error: running 'texi2dvi' on 'nonrandom.tex' failed
    
    LaTeX errors:
    ! LaTeX Error: File `sfmath.sty' not found.
    
    Type X to quit or <RETURN> to proceed,
    or enter new name. (Default extension: sty)
    
    Execution halted
Flavor: r-oldrel-windows-ix86+x86_64