Last updated on 2014-10-02 01:48:22.
Flavor | Version | Tinstall | Tcheck | Ttotal | Status | Flags |
---|---|---|---|---|---|---|
r-devel-linux-x86_64-debian-clang | 1.10.2 | 2.11 | 56.75 | 58.86 | NOTE | |
r-devel-linux-x86_64-debian-gcc | 1.10.2 | 2.53 | 53.44 | 55.97 | NOTE | |
r-devel-linux-x86_64-fedora-clang | 1.10.2 | 133.76 | NOTE | |||
r-devel-linux-x86_64-fedora-gcc | 1.10.2 | 129.85 | NOTE | |||
r-devel-osx-x86_64-clang | 1.10.2 | 106.90 | NOTE | |||
r-devel-windows-ix86+x86_64 | 1.10.2 | 11.00 | 102.00 | 113.00 | NOTE | |
r-patched-linux-x86_64 | 1.10.2 | 2.74 | 54.04 | 56.78 | OK | |
r-patched-solaris-sparc | 1.10.2 | 700.00 | OK | |||
r-patched-solaris-x86 | 1.10.2 | 187.10 | OK | |||
r-release-linux-ix86 | 1.10.2 | 3.58 | 62.73 | 66.31 | OK | |
r-release-linux-x86_64 | 1.10.2 | 2.67 | 52.77 | 55.44 | OK | |
r-release-osx-x86_64-mavericks | 1.10.2 | OK | ||||
r-release-osx-x86_64-snowleopard | 1.10.2 | OK | ||||
r-release-windows-ix86+x86_64 | 1.10.2 | 11.00 | 101.00 | 112.00 | OK | |
r-oldrel-windows-ix86+x86_64 | 1.10.2 | 12.00 | 118.00 | 130.00 | OK |
Memtest notes: UBSAN
Version: 1.10.2
Check: R code for possible problems
Result: NOTE
network.layout.kamadakawai: no visible global function definition for
‘geodist’
network.layout.kamadakawai: no visible global function definition for
‘symmetrize’
Flavors: r-devel-linux-x86_64-debian-clang, r-devel-linux-x86_64-debian-gcc, r-devel-linux-x86_64-fedora-clang, r-devel-linux-x86_64-fedora-gcc, r-devel-osx-x86_64-clang, r-devel-windows-ix86+x86_64