Last updated on 2014-10-02 01:48:22.
Flavor | Version | Tinstall | Tcheck | Ttotal | Status | Flags |
---|---|---|---|---|---|---|
r-devel-linux-x86_64-debian-clang | 1.1 | 2.47 | 99.68 | 102.15 | OK | |
r-devel-linux-x86_64-debian-gcc | 1.1 | 2.72 | 96.33 | 99.05 | OK | |
r-devel-linux-x86_64-fedora-clang | 1.1 | 217.22 | OK | |||
r-devel-linux-x86_64-fedora-gcc | 1.1 | 208.03 | OK | |||
r-devel-osx-x86_64-clang | 1.1 | 169.26 | OK | |||
r-devel-windows-ix86+x86_64 | 1.1 | 7.00 | 148.00 | 155.00 | OK | |
r-patched-linux-x86_64 | 1.1 | 2.85 | 108.00 | 110.85 | OK | |
r-patched-solaris-sparc | 1.1 | 431.30 | OK | --no-vignettes | ||
r-patched-solaris-x86 | 1.1 | 271.60 | OK | |||
r-release-linux-ix86 | 1.1 | 3.14 | 128.17 | 131.32 | OK | |
r-release-linux-x86_64 | 1.1 | 2.68 | 108.15 | 110.83 | OK | |
r-release-osx-x86_64-mavericks | 1.1 | OK | ||||
r-release-osx-x86_64-snowleopard | 1.1 | OK | ||||
r-release-windows-ix86+x86_64 | 1.1 | 7.00 | 151.00 | 158.00 | OK | |
r-oldrel-windows-ix86+x86_64 | 1.0 | 9.00 | 313.00 | 322.00 | NOTE |
Version: 1.0
Check: dependencies in R code
Result: NOTE
Packages in Depends field not imported from:
'Biobase' 'BiocGenerics' 'igraph' 'limma'
These packages need to be imported from (in the NAMESPACE file)
for when this namespace is loaded but not attached.
See the information on DESCRIPTION files in the chapter 'Creating R
packages' of the 'Writing R Extensions' manual.
Flavor: r-oldrel-windows-ix86+x86_64
Version: 1.0
Check: for old-style vignette sources
Result: NOTE
Vignette sources only in 'inst/doc':
'netweavers.Rnw'
A 'vignettes' directory will be required as from R 3.1.0
Flavor: r-oldrel-windows-ix86+x86_64