Last updated on 2014-10-02 01:48:22.
Flavor | Version | Tinstall | Tcheck | Ttotal | Status | Flags |
---|---|---|---|---|---|---|
r-devel-linux-x86_64-debian-clang | 0.4.1 | 1.18 | 18.56 | 19.74 | OK | |
r-devel-linux-x86_64-debian-gcc | 0.4.1 | 1.17 | 18.08 | 19.24 | OK | |
r-devel-linux-x86_64-fedora-clang | 0.4.1 | 40.73 | OK | |||
r-devel-linux-x86_64-fedora-gcc | 0.4.1 | 38.01 | OK | |||
r-devel-osx-x86_64-clang | 0.4.1 | 37.57 | OK | |||
r-devel-windows-ix86+x86_64 | 0.4.1 | 4.00 | 29.00 | 33.00 | OK | |
r-patched-linux-x86_64 | 0.4.1 | 1.20 | 19.36 | 20.55 | OK | |
r-patched-solaris-sparc | 0.4.1 | 208.10 | OK | |||
r-patched-solaris-x86 | 0.4.1 | 60.40 | OK | |||
r-release-linux-ix86 | 0.4.1 | 1.73 | 27.58 | 29.31 | OK | |
r-release-linux-x86_64 | 0.4.1 | 1.31 | 18.78 | 20.09 | OK | |
r-release-osx-x86_64-mavericks | 0.4.1 | OK | ||||
r-release-osx-x86_64-snowleopard | 0.4.1 | ERROR | ||||
r-release-windows-ix86+x86_64 | 0.4.1 | 6.00 | 32.00 | 38.00 | OK | |
r-oldrel-windows-ix86+x86_64 | 0.4.1 | 5.00 | 31.00 | 36.00 | OK |
Version: 0.4.1
Check: package dependencies
Result: ERROR
Package required and available but unsuitable version: ‘nat’
See the information on DESCRIPTION files in the chapter ‘Creating R
packages’ of the ‘Writing R Extensions’ manual.
Flavor: r-release-osx-x86_64-snowleopard