Last updated on 2014-10-02 01:48:22.
Flavor | Version | Tinstall | Tcheck | Ttotal | Status | Flags |
---|---|---|---|---|---|---|
r-devel-linux-x86_64-debian-clang | 1.5 | 3.66 | 49.15 | 52.80 | OK | |
r-devel-linux-x86_64-debian-gcc | 1.5 | 3.94 | 47.10 | 51.04 | OK | |
r-devel-linux-x86_64-fedora-clang | 1.5 | 113.99 | OK | |||
r-devel-linux-x86_64-fedora-gcc | 1.5 | 108.41 | OK | |||
r-devel-osx-x86_64-clang | 1.5 | 88.86 | OK | |||
r-devel-windows-ix86+x86_64 | 1.5 | 12.00 | 69.00 | 81.00 | OK | |
r-patched-linux-x86_64 | 1.5 | 3.78 | 51.19 | 54.97 | OK | |
r-patched-solaris-sparc | 1.5 | 636.60 | OK | |||
r-patched-solaris-x86 | 1.5 | 153.20 | OK | |||
r-release-linux-ix86 | 1.5 | 4.81 | 65.70 | 70.51 | OK | |
r-release-linux-x86_64 | 1.5 | 3.85 | 50.98 | 54.82 | OK | |
r-release-osx-x86_64-mavericks | 1.5 | OK | ||||
r-release-osx-x86_64-snowleopard | 1.5 | ERROR | ||||
r-release-windows-ix86+x86_64 | 1.5 | 12.00 | 79.00 | 91.00 | NOTE | |
r-oldrel-windows-ix86+x86_64 | 1.5 | 11.00 | 78.00 | 89.00 | NOTE |
Version: 1.5
Check: package dependencies
Result: ERROR
Package required and available but unsuitable version: ‘nat’
See the information on DESCRIPTION files in the chapter ‘Creating R
packages’ of the ‘Writing R Extensions’ manual.
Flavor: r-release-osx-x86_64-snowleopard
Version: 1.5
Check: package dependencies
Result: NOTE
Package suggested but not available for checking: 'bigmemory'
Flavors: r-release-windows-ix86+x86_64, r-oldrel-windows-ix86+x86_64