Last updated on 2014-10-02 01:48:21.
Flavor | Version | Tinstall | Tcheck | Ttotal | Status | Flags |
---|---|---|---|---|---|---|
r-devel-linux-x86_64-debian-clang | 0.4.3 | 24.08 | 18.50 | 42.58 | NOTE | |
r-devel-linux-x86_64-debian-gcc | 0.4.3 | 26.22 | 17.92 | 44.14 | NOTE | |
r-devel-linux-x86_64-fedora-clang | 0.4.3 | 94.02 | NOTE | |||
r-devel-linux-x86_64-fedora-gcc | 0.4.3 | 84.48 | NOTE | |||
r-devel-osx-x86_64-clang | 0.4.3 | 69.36 | OK | |||
r-devel-windows-ix86+x86_64 | 0.4.3 | 82.00 | 46.00 | 128.00 | OK | |
r-patched-linux-x86_64 | 0.4.3 | 26.07 | 19.34 | 45.40 | NOTE | |
r-patched-solaris-sparc | 0.4.3 | 510.60 | NOTE | |||
r-patched-solaris-x86 | 0.4.3 | 118.80 | NOTE | |||
r-release-linux-ix86 | 0.4.3 | 32.73 | 26.46 | 59.19 | NOTE | |
r-release-linux-x86_64 | 0.4.3 | 26.52 | 19.32 | 45.84 | NOTE | |
r-release-osx-x86_64-mavericks | 0.4.3 | NOTE | ||||
r-release-osx-x86_64-snowleopard | 0.4.3 | NOTE | ||||
r-release-windows-ix86+x86_64 | 0.4.3 | 71.00 | 45.00 | 116.00 | OK | |
r-oldrel-windows-ix86+x86_64 | 0.4.3 | 80.00 | 49.00 | 129.00 | OK |
Version: 0.4.3
Check: installed package size
Result: NOTE
installed size is 7.9Mb
sub-directories of 1Mb or more:
libs 7.8Mb
Flavors: r-devel-linux-x86_64-debian-clang, r-devel-linux-x86_64-debian-gcc, r-devel-linux-x86_64-fedora-clang, r-devel-linux-x86_64-fedora-gcc, r-patched-linux-x86_64, r-patched-solaris-sparc, r-patched-solaris-x86, r-release-linux-ix86, r-release-linux-x86_64, r-release-osx-x86_64-mavericks, r-release-osx-x86_64-snowleopard