Last updated on 2014-10-02 01:48:21.
Flavor | Version | Tinstall | Tcheck | Ttotal | Status | Flags |
---|---|---|---|---|---|---|
r-devel-linux-x86_64-debian-clang | 1.0.1 | 11.19 | 22.99 | 34.18 | NOTE | |
r-devel-linux-x86_64-debian-gcc | 1.0.1 | 13.39 | 22.53 | 35.92 | NOTE | |
r-devel-linux-x86_64-fedora-clang | 1.0.1 | 71.03 | NOTE | |||
r-devel-linux-x86_64-fedora-gcc | 1.0.1 | 65.79 | NOTE | |||
r-devel-osx-x86_64-clang | 1.0.1 | 58.69 | NOTE | |||
r-devel-windows-ix86+x86_64 | 1.0.1 | 34.00 | 57.00 | 91.00 | NOTE | |
r-patched-linux-x86_64 | 1.0.1 | 14.10 | 24.99 | 39.08 | OK | |
r-patched-solaris-sparc | 1.0.1 | 403.90 | OK | |||
r-patched-solaris-x86 | 1.0.1 | 101.30 | OK | |||
r-release-linux-ix86 | 1.0.1 | 18.54 | 33.22 | 51.76 | OK | |
r-release-linux-x86_64 | 1.0.1 | 13.69 | 24.14 | 37.83 | OK | |
r-release-osx-x86_64-mavericks | 1.0.1 | ERROR | ||||
r-release-osx-x86_64-snowleopard | 1.0.1 | OK | ||||
r-release-windows-ix86+x86_64 | 1.0.1 | 38.00 | 65.00 | 103.00 | OK | |
r-oldrel-windows-ix86+x86_64 | 1.0.1 | 33.00 | 67.00 | 100.00 | OK |
Version: 1.0.1
Check: R code for possible problems
Result: NOTE
multiNoise : <anonymous>: no visible global function definition for
‘fracdiff.sim’
plot.mWaveD: no visible global function definition for ‘aes_string’
plot.mWaveD: no visible global function definition for ‘geom_line’
plot.mWaveD: no visible global function definition for ‘ggtitle’
plot.mWaveD: no visible global function definition for ‘labs’
plot.mWaveD: no visible global function definition for ‘geom_point’
plot.mWaveD: no visible global function definition for
‘coord_cartesian’
plot.mWaveD: no visible global function definition for
‘scale_color_discrete’
plot.mWaveD: no visible global function definition for ‘guide_legend’
plot.mWaveD: no visible global function definition for ‘element_text’
plot.mWaveD: no visible global function definition for ‘scale_size’
plot.mWaveD: no visible global function definition for ‘guides’
plot.mWaveD: no visible global function definition for ‘theme’
plot.mWaveD: no visible global function definition for ‘element_rect’
plot.mWaveD: no visible global function definition for
‘scale_linetype_manual’
plot.mWaveD: no visible global function definition for
‘scale_x_continuous’
plot.mWaveD: no visible binding for global variable ‘grid.arrange’
plot.waveletCoef: no visible global function definition for
‘geom_segment’
plot.waveletCoef: no visible global function definition for ‘aes’
plot.waveletCoef: no visible global function definition for ‘labs’
plot.waveletCoef: no visible global function definition for
‘scale_size_discrete’
plot.waveletCoef: no visible global function definition for ‘theme’
plot.waveletCoef: no visible global function definition for
‘element_text’
plot.waveletCoef: no visible global function definition for ‘guides’
plot.waveletCoef: no visible global function definition for
‘guide_legend’
plot.waveletCoef: no visible global function definition for ‘ggtitle’
plot.waveletCoef: no visible global function definition for
‘scale_y_continuous’
Flavors: r-devel-linux-x86_64-debian-clang, r-devel-linux-x86_64-debian-gcc, r-devel-linux-x86_64-fedora-clang, r-devel-linux-x86_64-fedora-gcc, r-devel-osx-x86_64-clang, r-devel-windows-ix86+x86_64
Version: 1.0.1
Check: whether package can be installed
Result: ERROR
Installation failed.
Flavor: r-release-osx-x86_64-mavericks