CRAN Package Check Results for Package mwa

Last updated on 2014-10-02 01:48:21.

Flavor Version Tinstall Tcheck Ttotal Status Flags
r-devel-linux-x86_64-debian-clang 0.3.2 1.98 29.55 31.53 NOTE
r-devel-linux-x86_64-debian-gcc 0.3.2 2.00 27.81 29.81 NOTE
r-devel-linux-x86_64-fedora-clang 0.3.2 62.60 NOTE
r-devel-linux-x86_64-fedora-gcc 0.3.2 58.30 NOTE
r-devel-osx-x86_64-clang 0.3.2 53.42 NOTE
r-devel-windows-ix86+x86_64 0.3.2 8.00 45.00 53.00 NOTE
r-patched-linux-x86_64 0.3.2 2.18 29.18 31.37 OK
r-patched-solaris-sparc 0.3.2 366.60 OK
r-patched-solaris-x86 0.3.2 92.90 OK
r-release-linux-ix86 0.3.2 2.59 37.18 39.76 OK
r-release-linux-x86_64 0.3.2 2.15 29.39 31.54 OK
r-release-osx-x86_64-mavericks 0.3.2 OK
r-release-osx-x86_64-snowleopard 0.3.2 OK
r-release-windows-ix86+x86_64 0.3.2 8.00 45.00 53.00 OK
r-oldrel-windows-ix86+x86_64 0.3.2 9.00 42.00 51.00 OK

Check Details

Version: 0.3.2
Check: package namespace information
Result: NOTE
     Namespaces with empty importFrom:
     ‘MASS’ ‘cem’
Flavors: r-devel-linux-x86_64-debian-clang, r-devel-linux-x86_64-debian-gcc, r-devel-linux-x86_64-fedora-clang, r-devel-linux-x86_64-fedora-gcc, r-devel-osx-x86_64-clang, r-devel-windows-ix86+x86_64

Version: 0.3.2
Check: R code for possible problems
Result: NOTE
    slideWakeMatch: no visible global function definition for ‘imbalance’
    slideWakeMatch: no visible binding for global variable ‘cem’
    slideWakeMatch: no visible binding for global variable ‘att’
    slideWakeMatch: no visible binding for global variable ‘glm.nb’
    slidingWake: no visible global function definition for ‘.jcall’
    slidingWake: no visible global function definition for ‘.jcast’
    slidingWake: no visible global function definition for ‘.jarray’
Flavors: r-devel-linux-x86_64-debian-clang, r-devel-linux-x86_64-debian-gcc, r-devel-linux-x86_64-fedora-clang, r-devel-linux-x86_64-fedora-gcc, r-devel-osx-x86_64-clang, r-devel-windows-ix86+x86_64