Last updated on 2014-10-02 01:48:21.
Flavor | Version | Tinstall | Tcheck | Ttotal | Status | Flags |
---|---|---|---|---|---|---|
r-devel-linux-x86_64-debian-clang | 1.2-3 | 1.00 | 15.00 | 15.99 | NOTE | |
r-devel-linux-x86_64-debian-gcc | 1.2-3 | 1.00 | 13.88 | 14.88 | NOTE | |
r-devel-linux-x86_64-fedora-clang | 1.2-3 | 29.15 | NOTE | |||
r-devel-linux-x86_64-fedora-gcc | 1.2-3 | 27.05 | NOTE | |||
r-devel-osx-x86_64-clang | 1.2-3 | 29.99 | NOTE | |||
r-devel-windows-ix86+x86_64 | 1.2-3 | 5.00 | 28.00 | 33.00 | NOTE | |
r-patched-linux-x86_64 | 1.2-3 | 1.09 | 15.05 | 16.14 | OK | |
r-patched-solaris-sparc | 1.2-3 | 171.00 | OK | |||
r-patched-solaris-x86 | 1.2-3 | 44.50 | OK | |||
r-release-linux-ix86 | 1.2-3 | 1.46 | 22.91 | 24.37 | OK | |
r-release-linux-x86_64 | 1.2-3 | 1.09 | 14.95 | 16.04 | OK | |
r-release-osx-x86_64-mavericks | 1.2-3 | NOTE | ||||
r-release-osx-x86_64-snowleopard | 1.2-3 | NOTE | ||||
r-release-windows-ix86+x86_64 | 1.2-3 | 5.00 | 30.00 | 35.00 | OK | |
r-oldrel-windows-ix86+x86_64 | 1.2-3 | 5.00 | 29.00 | 34.00 | OK |
Version: 1.2-3
Check: R code for possible problems
Result: NOTE
msmplot.mvna: no visible global function definition for ‘ftM2graphNEL’
msmplot.mvna: no visible global function definition for ‘baseViewports’
msmplot.mvna: no visible global function definition for ‘pushViewport’
msmplot.mvna: no visible global function definition for ‘grid.locator’
msmplot.mvna: no visible global function definition for ‘viewport’
msmplot.mvna: no visible global function definition for ‘gridPLT’
msmplot.mvna: no visible global function definition for ‘popViewport’
Flavors: r-devel-linux-x86_64-debian-clang, r-devel-linux-x86_64-debian-gcc, r-devel-linux-x86_64-fedora-clang, r-devel-linux-x86_64-fedora-gcc, r-devel-osx-x86_64-clang, r-devel-windows-ix86+x86_64
Version: 1.2-3
Check: package dependencies
Result: NOTE
Package suggested but not available for checking: ‘Rgraphviz’
Flavors: r-release-osx-x86_64-mavericks, r-release-osx-x86_64-snowleopard
Version: 1.2-3
Check: R code for possible problems
Result: NOTE
msmplot.mvna: no visible global function definition for ‘ftM2graphNEL’
msmplot.mvna: no visible global function definition for ‘pushViewport’
msmplot.mvna: no visible global function definition for ‘grid.locator’
msmplot.mvna: no visible global function definition for ‘viewport’
msmplot.mvna: no visible global function definition for ‘popViewport’
Flavor: r-release-osx-x86_64-mavericks
Version: 1.2-3
Check: Rd cross-references
Result: NOTE
Package unavailable to check Rd xrefs: ‘Rgraphviz’
Flavors: r-release-osx-x86_64-mavericks, r-release-osx-x86_64-snowleopard
Version: 1.2-3
Check: R code for possible problems
Result: NOTE
msmplot.mvna: no visible global function definition for 'ftM2graphNEL'
Flavor: r-release-osx-x86_64-snowleopard