Last updated on 2014-10-02 01:48:21.
Flavor | Version | Tinstall | Tcheck | Ttotal | Status | Flags |
---|---|---|---|---|---|---|
r-devel-linux-x86_64-debian-clang | 1.4 | 6.34 | 200.68 | 207.02 | NOTE | |
r-devel-linux-x86_64-debian-gcc | 1.4 | 7.03 | 190.07 | 197.10 | NOTE | |
r-devel-linux-x86_64-fedora-clang | 1.4 | 463.33 | NOTE | |||
r-devel-linux-x86_64-fedora-gcc | 1.4 | 432.09 | NOTE | |||
r-devel-osx-x86_64-clang | 1.4 | 325.13 | NOTE | |||
r-devel-windows-ix86+x86_64 | 1.4 | 22.00 | 468.00 | 490.00 | NOTE | |
r-patched-linux-x86_64 | 1.4 | 7.60 | 204.28 | 211.88 | OK | |
r-patched-solaris-sparc | 1.4 | 2981.80 | OK | |||
r-patched-solaris-x86 | 1.4 | 554.40 | OK | |||
r-release-linux-ix86 | 1.4 | 9.04 | 247.15 | 256.20 | OK | |
r-release-linux-x86_64 | 1.4 | 7.47 | 209.41 | 216.88 | OK | |
r-release-osx-x86_64-mavericks | 1.4 | OK | ||||
r-release-osx-x86_64-snowleopard | 1.4 | OK | ||||
r-release-windows-ix86+x86_64 | 1.4 | 21.00 | 493.00 | 514.00 | OK | |
r-oldrel-windows-ix86+x86_64 | 1.4 | 23.00 | 556.00 | 579.00 | OK |
Memtest notes: valgrind
Version: 1.4
Check: R code for possible problems
Result: NOTE
boot.msm: no visible global function definition for ‘makeCluster’
boot.msm: no visible global function definition for
‘registerDoParallel’
boot.msm: no visible global function definition for ‘%dopar%’
boot.msm: no visible global function definition for ‘foreach’
boot.msm: no visible global function definition for ‘stopCluster’
deriv.test: no visible global function definition for ‘grad’
drlcv.msm: no visible global function definition for ‘makeCluster’
drlcv.msm: no visible global function definition for
‘registerDoParallel’
drlcv.msm: no visible global function definition for ‘%dopar%’
drlcv.msm: no visible global function definition for ‘foreach’
Flavors: r-devel-linux-x86_64-debian-clang, r-devel-linux-x86_64-debian-gcc, r-devel-linux-x86_64-fedora-clang, r-devel-linux-x86_64-fedora-gcc, r-devel-osx-x86_64-clang, r-devel-windows-ix86+x86_64