Last updated on 2014-10-02 01:48:21.
Flavor | Version | Tinstall | Tcheck | Ttotal | Status | Flags |
---|---|---|---|---|---|---|
r-devel-linux-x86_64-debian-clang | 0.9.1 | 2.18 | 15.06 | 17.24 | NOTE | |
r-devel-linux-x86_64-debian-gcc | 0.9.1 | 2.14 | 14.63 | 16.77 | NOTE | |
r-devel-linux-x86_64-fedora-clang | 0.9.1 | 36.57 | NOTE | |||
r-devel-linux-x86_64-fedora-gcc | 0.9.1 | 33.89 | NOTE | |||
r-devel-osx-x86_64-clang | 0.9.1 | 37.04 | NOTE | |||
r-devel-windows-ix86+x86_64 | 0.9.1 | 5.00 | 24.00 | 29.00 | NOTE | |
r-patched-linux-x86_64 | 0.9.1 | 2.21 | 16.61 | 18.82 | NOTE | |
r-patched-solaris-sparc | 0.9.1 | 214.50 | NOTE | |||
r-patched-solaris-x86 | 0.9.1 | 56.40 | NOTE | |||
r-release-linux-ix86 | 0.9.1 | 3.36 | 23.82 | 27.18 | NOTE | |
r-release-linux-x86_64 | 0.9.1 | 2.11 | 16.54 | 18.65 | NOTE | |
r-release-osx-x86_64-mavericks | 0.9.1 | NOTE | ||||
r-release-osx-x86_64-snowleopard | 0.9.1 | NOTE | ||||
r-release-windows-ix86+x86_64 | 0.9.1 | 5.00 | 27.00 | 32.00 | NOTE | |
r-oldrel-windows-ix86+x86_64 | 0.9.1 | 6.00 | 30.00 | 36.00 | NOTE |
Version: 0.9.1
Check: data for non-ASCII characters
Result: NOTE
Note: found 7 marked UTF-8 strings
Flavors: r-devel-linux-x86_64-debian-clang, r-devel-linux-x86_64-debian-gcc, r-devel-linux-x86_64-fedora-clang, r-devel-linux-x86_64-fedora-gcc, r-devel-osx-x86_64-clang, r-devel-windows-ix86+x86_64, r-patched-linux-x86_64, r-patched-solaris-sparc, r-patched-solaris-x86, r-release-linux-ix86, r-release-linux-x86_64, r-release-osx-x86_64-mavericks, r-release-osx-x86_64-snowleopard, r-release-windows-ix86+x86_64, r-oldrel-windows-ix86+x86_64