Last updated on 2014-10-02 01:48:21.
Flavor | Version | Tinstall | Tcheck | Ttotal | Status | Flags |
---|---|---|---|---|---|---|
r-devel-linux-x86_64-debian-clang | 1.0-6 | 2.99 | 36.55 | 39.54 | NOTE | |
r-devel-linux-x86_64-debian-gcc | 1.0-6 | 2.94 | 35.67 | 38.61 | NOTE | |
r-devel-linux-x86_64-fedora-clang | 1.0-6 | 85.70 | NOTE | |||
r-devel-linux-x86_64-fedora-gcc | 1.0-6 | 80.56 | NOTE | |||
r-devel-osx-x86_64-clang | 1.0-6 | 68.69 | NOTE | |||
r-devel-windows-ix86+x86_64 | 1.0-6 | 9.00 | 54.00 | 63.00 | NOTE | |
r-patched-linux-x86_64 | 1.0-6 | 3.57 | 37.64 | 41.21 | OK | |
r-patched-solaris-sparc | 1.0-6 | 498.30 | OK | |||
r-patched-solaris-x86 | 1.0-6 | 108.10 | OK | |||
r-release-linux-ix86 | 1.0-6 | 3.92 | 48.85 | 52.77 | OK | |
r-release-linux-x86_64 | 1.0-6 | 3.21 | 38.37 | 41.58 | OK | |
r-release-osx-x86_64-mavericks | 1.0-6 | OK | ||||
r-release-osx-x86_64-snowleopard | 1.0-6 | ERROR | ||||
r-release-windows-ix86+x86_64 | 1.0-6 | 10.00 | 58.00 | 68.00 | OK | |
r-oldrel-windows-ix86+x86_64 | 1.0-6 | 10.00 | 53.00 | 63.00 | OK |
Version: 1.0-6
Check: R code for possible problems
Result: NOTE
mleurDiag: no visible global function definition for ‘shapiroTest’
Flavors: r-devel-linux-x86_64-debian-clang, r-devel-linux-x86_64-debian-gcc, r-devel-linux-x86_64-fedora-clang, r-devel-linux-x86_64-fedora-gcc, r-devel-osx-x86_64-clang, r-devel-windows-ix86+x86_64
Version: 1.0-6
Check: whether package can be installed
Result: ERROR
Installation failed.
Flavor: r-release-osx-x86_64-snowleopard