Last updated on 2014-10-02 01:48:21.
Flavor | Version | Tinstall | Tcheck | Ttotal | Status | Flags |
---|---|---|---|---|---|---|
r-devel-linux-x86_64-debian-clang | 3.1.4 | 2.22 | 13.30 | 15.52 | NOTE | |
r-devel-linux-x86_64-debian-gcc | 3.1.4 | 2.51 | 13.33 | 15.84 | NOTE | |
r-devel-linux-x86_64-fedora-clang | 3.1.4 | 31.24 | NOTE | |||
r-devel-linux-x86_64-fedora-gcc | 3.1.4 | 29.54 | NOTE | |||
r-devel-osx-x86_64-clang | 3.1.4 | 28.46 | NOTE | |||
r-devel-windows-ix86+x86_64 | 3.1.4 | 12.00 | 24.00 | 36.00 | NOTE | |
r-patched-linux-x86_64 | 3.1.4 | 2.52 | 13.57 | 16.09 | OK | |
r-patched-solaris-sparc | 3.1.4 | 188.50 | OK | |||
r-patched-solaris-x86 | 3.1.4 | 42.90 | OK | |||
r-release-linux-ix86 | 3.1.4 | 3.21 | 19.86 | 23.07 | OK | |
r-release-linux-x86_64 | 3.1.4 | 2.44 | 13.56 | 16.00 | OK | |
r-release-osx-x86_64-mavericks | 3.1.4 | OK | ||||
r-release-osx-x86_64-snowleopard | 3.1.4 | OK | ||||
r-release-windows-ix86+x86_64 | 3.1.4 | 17.00 | 25.00 | 42.00 | OK | |
r-oldrel-windows-ix86+x86_64 | 3.1.4 | 12.00 | 25.00 | 37.00 | OK |
Version: 3.1.4
Check: R code for possible problems
Result: NOTE
mlegp: no visible global function definition for ‘sfLapply’
Flavors: r-devel-linux-x86_64-debian-clang, r-devel-linux-x86_64-debian-gcc, r-devel-linux-x86_64-fedora-clang, r-devel-linux-x86_64-fedora-gcc, r-devel-osx-x86_64-clang, r-devel-windows-ix86+x86_64