Last updated on 2014-10-02 01:48:20.
Flavor | Version | Tinstall | Tcheck | Ttotal | Status | Flags |
---|---|---|---|---|---|---|
r-devel-linux-x86_64-debian-clang | 0.6-16 | 0.68 | 11.98 | 12.66 | NOTE | |
r-devel-linux-x86_64-debian-gcc | 0.6-16 | 0.65 | 11.50 | 12.15 | NOTE | |
r-devel-linux-x86_64-fedora-clang | 0.6-16 | 24.87 | NOTE | |||
r-devel-linux-x86_64-fedora-gcc | 0.6-16 | 23.68 | NOTE | |||
r-devel-osx-x86_64-clang | 0.6-16 | 27.02 | OK | |||
r-devel-windows-ix86+x86_64 | 0.6-16 | 3.00 | 19.00 | 22.00 | OK | |
r-patched-linux-x86_64 | 0.6-16 | 0.95 | 12.07 | 13.02 | NOTE | |
r-patched-solaris-sparc | 0.6-16 | 156.10 | OK | |||
r-patched-solaris-x86 | 0.6-16 | 38.60 | OK | |||
r-release-linux-ix86 | 0.6-16 | 0.99 | 18.73 | 19.72 | OK | |
r-release-linux-x86_64 | 0.6-16 | 0.68 | 11.74 | 12.42 | NOTE | |
r-release-osx-x86_64-mavericks | 0.6-16 | OK | ||||
r-release-windows-ix86+x86_64 | 0.6-16 | 3.00 | 20.00 | 23.00 | OK | |
r-oldrel-windows-ix86+x86_64 | 0.6-16 | 2.00 | 20.00 | 22.00 | OK |
Version: 0.6-16
Check: top-level files
Result: NOTE
Non-standard file/directory found at top level:
‘miscTools.Rproj’
Flavors: r-devel-linux-x86_64-debian-clang, r-devel-linux-x86_64-debian-gcc, r-devel-linux-x86_64-fedora-clang, r-devel-linux-x86_64-fedora-gcc, r-patched-linux-x86_64, r-release-linux-x86_64