CRAN Package Check Results for Package migui

Last updated on 2014-10-02 01:48:20.

Flavor Version Tinstall Tcheck Ttotal Status Flags
r-devel-linux-x86_64-debian-clang 0.00-09 5.83 55.79 61.62 NOTE
r-devel-linux-x86_64-debian-gcc 0.00-09 5.65 54.89 60.54 NOTE
r-devel-linux-x86_64-fedora-clang 0.00-09 142.41 NOTE
r-devel-linux-x86_64-fedora-gcc 0.00-09 134.83 NOTE
r-devel-osx-x86_64-clang 0.00-09 119.80 NOTE
r-devel-windows-ix86+x86_64 0.00-09 13.00 77.00 90.00 NOTE
r-patched-linux-x86_64 0.00-09 5.90 61.47 67.36 NOTE
r-patched-solaris-sparc 0.00-09 880.80 NOTE
r-patched-solaris-x86 0.00-09 213.80 NOTE
r-release-linux-ix86 0.00-09 7.14 77.81 84.96 NOTE
r-release-linux-x86_64 0.00-09 5.95 61.59 67.54 NOTE
r-release-osx-x86_64-mavericks 0.00-09 NOTE
r-release-osx-x86_64-snowleopard 0.00-09 NOTE
r-release-windows-ix86+x86_64 0.00-09 15.00 85.00 100.00 NOTE
r-oldrel-windows-ix86+x86_64 0.00-09 14.00 80.00 94.00 NOTE

Check Details

Version: 0.00-09
Check: top-level files
Result: NOTE
    File
     LICENSE
    is not mentioned in the DESCRIPTION file.
Flavors: r-devel-linux-x86_64-debian-clang, r-devel-linux-x86_64-debian-gcc, r-devel-linux-x86_64-fedora-clang, r-devel-linux-x86_64-fedora-gcc, r-devel-osx-x86_64-clang, r-devel-windows-ix86+x86_64, r-patched-linux-x86_64, r-patched-solaris-sparc, r-patched-solaris-x86, r-release-linux-ix86, r-release-linux-x86_64, r-release-osx-x86_64-mavericks, r-release-osx-x86_64-snowleopard, r-release-windows-ix86+x86_64, r-oldrel-windows-ix86+x86_64

Version: 0.00-09
Check: dependencies in R code
Result: NOTE
    Packages in Depends field not imported from:
     ‘foreign’ ‘mi’ ‘tcltk’ ‘tkrplot’
     These packages need to be imported from (in the NAMESPACE file)
     for when this namespace is loaded but not attached.
    See the information on DESCRIPTION files in the chapter ‘Creating R
    packages’ of the ‘Writing R Extensions’ manual.
Flavors: r-devel-linux-x86_64-debian-clang, r-devel-linux-x86_64-debian-gcc, r-devel-linux-x86_64-fedora-clang, r-devel-linux-x86_64-fedora-gcc, r-devel-osx-x86_64-clang, r-devel-windows-ix86+x86_64, r-patched-linux-x86_64, r-patched-solaris-sparc, r-patched-solaris-x86

Version: 0.00-09
Check: R code for possible problems
Result: NOTE
    .onAttach: warning in packageDescription("migui", lib = mylib): partial
     argument match of ‘lib’ to ‘lib.loc’
    lsMi: warning in ls(envir = miEnv(), all = TRUE): partial argument
     match of ‘all’ to ‘all.names’
    saveWorkspace : onSaveFile: warning in ls(envir = local.env, all =
     TRUE): partial argument match of ‘all’ to ‘all.names’
    .about: no visible global function definition for ‘tkmessageBox’
    checkModelFit : onSettingChange: no visible global function definition
     for ‘tclvalue’
    checkModelFit : onSettingChange: no visible global function definition
     for ‘imp’
    checkModelFit : onSettingChange: no visible global function definition
     for ‘sigma.hat’
    checkModelFit : onSettingChange: no visible global function definition
     for ‘imputed’
    checkModelFit : onSettingChange: no visible global function definition
     for ‘tkrplot’
    checkModelFit : onSettingChange : <anonymous>: no visible global
     function definition for ‘mi.hist’
    checkModelFit : onSettingChange : <anonymous>: no visible global
     function definition for ‘binnedplot’
    checkModelFit : onSettingChange : <anonymous>: no visible global
     function definition for ‘mi.scatterplot’
    checkModelFit : onSettingChange : <anonymous>: no visible global
     function definition for ‘residual.plot’
    checkModelFit : onSettingChange: no visible global function definition
     for ‘tkgrid’
    checkModelFit: no visible global function definition for ‘tktoplevel’
    checkModelFit: no visible global function definition for ‘tktitle<-’
    checkModelFit: no visible global function definition for ‘tkframe’
    checkModelFit: no visible global function definition for ‘tkgrid’
    checkModelFit: no visible global function definition for ‘imp’
    checkModelFit: no visible global function definition for ‘tclVar’
    checkModelFit: no visible global function definition for ‘ttkcombobox’
    checkModelFit: no visible global function definition for ‘tklabel’
    checkModelFit: no visible global function definition for ‘tkbind’
    checkModelFit: no visible global function definition for ‘m’
    checkModelFit: no visible global function definition for
     ‘tkradiobutton’
    checkModelFit: no visible global function definition for ‘tkconfigure’
    checkModelFit: no visible global function definition for ‘tkbutton’
    checkModelFit : <anonymous>: no visible global function definition for
     ‘tkdestroy’
    checkModelFit: no visible global function definition for ‘tkfocus’
    displayMissingDataPattern: no visible global function definition for
     ‘tktoplevel’
    displayMissingDataPattern: no visible global function definition for
     ‘tktitle<-’
    displayMissingDataPattern: no visible global function definition for
     ‘tkframe’
    displayMissingDataPattern: no visible global function definition for
     ‘tkgrid’
    displayMissingDataPattern: no visible global function definition for
     ‘tclVar’
    displayMissingDataPattern: no visible global function definition for
     ‘tkradiobutton’
    displayMissingDataPattern: no visible global function definition for
     ‘tkconfigure’
    displayMissingDataPattern: no visible global function definition for
     ‘tklabel’
    displayMissingDataPattern: no visible global function definition for
     ‘tkentry’
    displayMissingDataPattern: no visible global function definition for
     ‘tclvalue<-’
    displayMissingDataPattern: no visible global function definition for
     ‘ttkcombobox’
    displayMissingDataPattern : onPlotButton: no visible global function
     definition for ‘tclvalue’
    displayMissingDataPattern : onPlotButton: no visible global function
     definition for ‘tkrplot’
    displayMissingDataPattern : onPlotButton: no visible global function
     definition for ‘tkgrid’
    displayMissingDataPattern : onPlotButton: no visible global function
     definition for ‘tkfocus’
    displayMissingDataPattern: no visible global function definition for
     ‘tkbutton’
    displayMissingDataPattern : <anonymous>: no visible global function
     definition for ‘tkdestroy’
    displayMissingDataPattern: no visible global function definition for
     ‘tkfocus’
    importDataFrom : <anonymous>: no visible global function definition for
     ‘read.dta’
    importDataFrom : <anonymous>: no visible global function definition for
     ‘read.spss’
    importDataFrom : onChange: no visible global function definition for
     ‘tkbutton’
    importDataFrom : onChange: no visible global function definition for
     ‘tclvalue’
    importDataFrom : onChange: no visible global function definition for
     ‘tkgrid’
    importDataFrom : generateReadCommand : <anonymous>: no visible global
     function definition for ‘tclvalue’
    importDataFrom : generateReadCommand : <anonymous>: no visible global
     function definition for ‘tkgetOpenFile’
    importDataFrom : generateReadCommand : <anonymous>: no visible global
     function definition for ‘mi.info’
    importDataFrom : generateReadCommand : <anonymous>: no visible global
     function definition for ‘tkdestroy’
    importDataFrom: no visible global function definition for ‘tktoplevel’
    importDataFrom: no visible global function definition for ‘tktitle<-’
    importDataFrom: no visible global function definition for ‘tclVar’
    importDataFrom: no visible global function definition for ‘ttkcombobox’
    importDataFrom: no visible global function definition for ‘tkgrid’
    importDataFrom: no visible global function definition for ‘tklabel’
    importDataFrom: no visible global function definition for ‘tkbind’
    importDataFrom: no visible global function definition for ‘tkbutton’
    importDataFrom : <anonymous>: no visible global function definition for
     ‘tkdestroy’
    importDataFrom: no visible global function definition for ‘tkfocus’
    loadSession : onOkButton: no visible global function definition for
     ‘tclvalue’
    loadSession : onOkButton: no visible global function definition for
     ‘mi.info’
    loadSession : onOkButton: no visible global function definition for
     ‘tkdestroy’
    loadSession : loadFile: no visible global function definition for
     ‘tclvalue’
    loadSession : loadFile: no visible global function definition for
     ‘tkgetOpenFile’
    loadSession : redrawComboBoxes: no visible global function definition
     for ‘ttkcombobox’
    loadSession : redrawComboBoxes: no visible global function definition
     for ‘tkgrid’
    loadSession: no visible global function definition for ‘tktoplevel’
    loadSession: no visible global function definition for ‘tktitle<-’
    loadSession: no visible global function definition for ‘tkframe’
    loadSession: no visible global function definition for ‘tkgrid’
    loadSession: no visible global function definition for ‘tkbutton’
    loadSession : <anonymous>: no visible global function definition for
     ‘tkdestroy’
    loadSession: no visible global function definition for ‘tclVar’
    loadSession: no visible global function definition for ‘tklabel’
    loadSession: no visible global function definition for ‘tkfocus’
    miTclSet: no visible global function definition for ‘tcl’
    migui : .setWd: no visible global function definition for ‘tclvalue’
    migui : .setWd: no visible global function definition for
     ‘tkchooseDirectory’
    migui : .exit: no visible global function definition for ‘tkmessageBox’
    migui : .exit: no visible global function definition for ‘tclvalue’
    migui : .exit: no visible global function definition for ‘tkdestroy’
    migui: no visible global function definition for ‘tktoplevel’
    migui: no visible global function definition for ‘tktitle<-’
    migui: no visible global function definition for ‘tkmenu’
    migui: no visible global function definition for ‘tkadd’
    migui: no visible global function definition for ‘tkconfigure’
    migui: no visible global function definition for ‘tkfocus’
    plotFunctionCreator : <anonymous>: no visible global function
     definition for ‘missing.pattern.plot’
    poolRegressionEstimates: no visible global function definition for
     ‘mi.info’
    poolRegressionEstimates: no visible global function definition for
     ‘mi.data.frame’
    poolRegressionEstimates: no visible binding for global variable ‘IMP’
    poolRegressionEstimates : onOutcomeVarChange: no visible global
     function definition for ‘tclvalue’
    poolRegressionEstimates : onOutcomeVarChange: no visible global
     function definition for ‘tclvalue<-’
    poolRegressionEstimates : onSubmitButton: no visible global function
     definition for ‘tclvalue’
    poolRegressionEstimates : onSubmitButton: no visible global function
     definition for ‘lm.mi’
    poolRegressionEstimates : onSubmitButton: no visible binding for global
     variable ‘IMP’
    poolRegressionEstimates : onSubmitButton: no visible global function
     definition for ‘glm.mi’
    poolRegressionEstimates : onSubmitButton: no visible global function
     definition for ‘polr.mi’
    poolRegressionEstimates : onSubmitButton: no visible global function
     definition for ‘bayesglm.mi’
    poolRegressionEstimates : onSubmitButton: no visible global function
     definition for ‘bayespolr.mi’
    poolRegressionEstimates : onSubmitButton: no visible global function
     definition for ‘display’
    poolRegressionEstimates: no visible global function definition for
     ‘tktoplevel’
    poolRegressionEstimates: no visible global function definition for
     ‘tktitle<-’
    poolRegressionEstimates: no visible global function definition for
     ‘tkframe’
    poolRegressionEstimates: no visible global function definition for
     ‘tkgrid’
    poolRegressionEstimates: no visible global function definition for
     ‘tclVar’
    poolRegressionEstimates: no visible global function definition for
     ‘ttkcombobox’
    poolRegressionEstimates: no visible global function definition for
     ‘tklabel’
    poolRegressionEstimates: no visible global function definition for
     ‘tkbind’
    poolRegressionEstimates: no visible global function definition for
     ‘tkentry’
    poolRegressionEstimates: no visible global function definition for
     ‘tkradiobutton’
    poolRegressionEstimates: no visible global function definition for
     ‘tkconfigure’
    poolRegressionEstimates: no visible global function definition for
     ‘tkbutton’
    poolRegressionEstimates : <anonymous>: no visible global function
     definition for ‘tkdestroy’
    poolRegressionEstimates: no visible global function definition for
     ‘tkfocus’
    preprocessData : onVarChange: no visible global function definition for
     ‘tclvalue’
    preprocessData : onVarChange: no visible global function definition for
     ‘tclvalue<-’
    preprocessData : onVarChange: no visible binding for global variable
     ‘info’
    preprocessData : onApplyButton: no visible global function definition
     for ‘tclvalue’
    preprocessData : runPreprocessData: no visible binding for global
     variable ‘preprocess.flg’
    preprocessData : runPreprocessData: no visible global function
     definition for ‘tclvalue’
    preprocessData : runPreprocessData: no visible global function
     definition for ‘mi.preprocess’
    preprocessData : runPreprocessData: no visible binding for global
     variable ‘info’
    preprocessData : runPreprocessData: no visible global function
     definition for ‘tkdestroy’
    preprocessData: no visible global function definition for ‘tktoplevel’
    preprocessData: no visible global function definition for ‘tktitle<-’
    preprocessData: no visible global function definition for ‘tkframe’
    preprocessData: no visible global function definition for ‘tkgrid’
    preprocessData: no visible global function definition for ‘tclVar’
    preprocessData: no visible global function definition for
     ‘tkradiobutton’
    preprocessData: no visible global function definition for ‘tkconfigure’
    preprocessData: no visible global function definition for ‘tklabel’
    preprocessData: no visible binding for global variable ‘info’
    preprocessData: no visible global function definition for ‘ttkcombobox’
    preprocessData: no visible global function definition for ‘tkbind’
    preprocessData: no visible global function definition for ‘tkbutton’
    preprocessData : <anonymous>: no visible global function definition for
     ‘tkdestroy’
    preprocessData: no visible global function definition for ‘tkfocus’
    requireData: no visible global function definition for ‘tkmessageBox’
    requireDataOrImp: no visible global function definition for
     ‘tkmessageBox’
    requireIMP: no visible global function definition for ‘tkmessageBox’
    runImputation : render: no visible binding for global variable ‘IMP’
    runImputation : render: no visible global function definition for
     ‘tclvalue<-’
    runImputation : render: no visible global function definition for
     ‘tkconfigure’
    runImputation : renderNoise: no visible binding for global variable
     ‘IMP’
    runImputation : renderNoise: no visible global function definition for
     ‘tclvalue’
    runImputation : renderNoise: no visible global function definition for
     ‘tkconfigure’
    runImputation : renderNoiseMethod: no visible binding for global
     variable ‘IMP’
    runImputation : renderNoiseMethod: no visible global function
     definition for ‘tclvalue’
    runImputation : renderNoiseMethod: no visible global function
     definition for ‘tkconfigure’
    runImputation : onClearButton: no visible binding for global variable
     ‘IMP’
    runImputation : onContinueButton: no visible global function definition
     for ‘mi’
    runImputation : onContinueButton: no visible global function definition
     for ‘tclvalue’
    runImputation : onContinueButton: no visible binding for global
     variable ‘rand.imp.method’
    runImputation : onRunButton: no visible global function definition for
     ‘tclvalue’
    runImputation : onRunButton: no visible global function definition for
     ‘noise.control’
    runImputation : onRunButton: no visible global function definition for
     ‘mi’
    runImputation : onRunButton: no visible binding for global variable
     ‘info’
    runImputation : onRunButton: no visible binding for global variable
     ‘rand.imp.method’
    runImputation: no visible global function definition for ‘tktoplevel’
    runImputation: no visible global function definition for ‘tktitle<-’
    runImputation: no visible global function definition for ‘tkframe’
    runImputation: no visible global function definition for ‘tkgrid’
    runImputation: no visible global function definition for ‘tklabel’
    runImputation: no visible global function definition for ‘tclVar’
    runImputation: no visible global function definition for ‘tkentry’
    runImputation: no visible global function definition for
     ‘tkcheckbutton’
    runImputation: no visible global function definition for ‘tkconfigure’
    runImputation: no visible global function definition for
     ‘tkradiobutton’
    runImputation: no visible global function definition for ‘tkbutton’
    runImputation : <anonymous>: no visible global function definition for
     ‘tkdestroy’
    runImputation: no visible global function definition for ‘tkfocus’
    saveImputedData : onSaveButton: no visible global function definition
     for ‘write.mi’
    saveImputedData : onSaveButton: no visible global function definition
     for ‘tclvalue’
    saveImputedData : onSaveButton: no visible global function definition
     for ‘tkmessageBox’
    saveImputedData : onSaveButton: no visible global function definition
     for ‘tkdestroy’
    saveImputedData: no visible global function definition for ‘tktoplevel’
    saveImputedData: no visible global function definition for ‘tktitle<-’
    saveImputedData: no visible global function definition for ‘tclVar’
    saveImputedData: no visible global function definition for
     ‘ttkcombobox’
    saveImputedData: no visible global function definition for ‘tkgrid’
    saveImputedData: no visible global function definition for ‘tklabel’
    saveImputedData: no visible global function definition for ‘tkbutton’
    saveImputedData : <anonymous>: no visible global function definition
     for ‘tkdestroy’
    saveImputedData: no visible global function definition for ‘tkfocus’
    saveWorkspace : onSaveFile: no visible binding for global variable
     ‘info’
    saveWorkspace : onSaveFile: no visible binding for global variable
     ‘IMP’
    saveWorkspace : onSaveFile: no visible global function definition for
     ‘tkdestroy’
    saveWorkspace : onSaveGlobalEnvironment: no visible binding for global
     variable ‘info’
    saveWorkspace : onSaveGlobalEnvironment: no visible binding for global
     variable ‘IMP’
    saveWorkspace : onSaveGlobalEnvironment: no visible global function
     definition for ‘tkdestroy’
    saveWorkspace: no visible global function definition for ‘tktoplevel’
    saveWorkspace: no visible global function definition for ‘tktitle<-’
    saveWorkspace: no visible global function definition for ‘tkframe’
    saveWorkspace: no visible global function definition for ‘tkgrid’
    saveWorkspace: no visible global function definition for ‘tklabel’
    saveWorkspace: no visible global function definition for ‘tclVar’
    saveWorkspace: no visible global function definition for ‘tclvalue<-’
    saveWorkspace: no visible global function definition for ‘tkentry’
    saveWorkspace: no visible binding for global variable ‘info’
    saveWorkspace: no visible binding for global variable ‘IMP’
    saveWorkspace: no visible global function definition for ‘tkbutton’
    saveWorkspace : <anonymous>: no visible global function definition for
     ‘tkdestroy’
    saveWorkspace: no visible global function definition for ‘tkfocus’
    specifyImputationInformation : onVarChange: no visible global function
     definition for ‘tclvalue’
    specifyImputationInformation : onVarChange: no visible global function
     definition for ‘tclvalue<-’
    specifyImputationInformation : onVarChange: no visible binding for
     global variable ‘info’
    specifyImputationInformation : onVarChange: no visible global function
     definition for ‘tkconfigure’
    specifyImputationInformation : onApplyButton: no visible global
     function definition for ‘tclvalue’
    specifyImputationInformation: no visible global function definition for
     ‘tktoplevel’
    specifyImputationInformation: no visible global function definition for
     ‘tktitle<-’
    specifyImputationInformation: no visible binding for global variable
     ‘info’
    specifyImputationInformation: no visible global function definition for
     ‘tclVar’
    specifyImputationInformation: no visible global function definition for
     ‘ttkcombobox’
    specifyImputationInformation: no visible global function definition for
     ‘tkgrid’
    specifyImputationInformation: no visible global function definition for
     ‘tklabel’
    specifyImputationInformation: no visible global function definition for
     ‘tkbind’
    specifyImputationInformation: no visible global function definition for
     ‘tkradiobutton’
    specifyImputationInformation: no visible global function definition for
     ‘tkconfigure’
    specifyImputationInformation: no visible global function definition for
     ‘tkentry’
    specifyImputationInformation: no visible global function definition for
     ‘tkbutton’
    specifyImputationInformation : <anonymous>: no visible global function
     definition for ‘tkdestroy’
    specifyImputationInformation: no visible global function definition for
     ‘tkfocus’
    
    Found the following assignments to the global environment:
    File ‘migui/R/file.saveWorkspace.R’:
     assign(tclvalue(data.name), getMi(data), envir = .GlobalEnv)
     assign(tclvalue(info.name), getMi(info), envir = .GlobalEnv)
     assign(tclvalue(imp.name), getMi(IMP), envir = .GlobalEnv)
    
    Found the following calls to attach():
    File ‘migui/R/utils.R’:
     attach(miEnv, pos = length(search()) - 1)
    See section ‘Good practice’ in ‘?attach’.
Flavors: r-devel-linux-x86_64-debian-clang, r-devel-linux-x86_64-debian-gcc

Version: 0.00-09
Check: R code for possible problems
Result: NOTE
    .onAttach: warning in packageDescription("migui", lib = mylib): partial
     argument match of 'lib' to 'lib.loc'
    lsMi: warning in ls(envir = miEnv(), all = TRUE): partial argument
     match of 'all' to 'all.names'
    saveWorkspace : onSaveFile: warning in ls(envir = local.env, all =
     TRUE): partial argument match of 'all' to 'all.names'
    .about: no visible global function definition for ‘tkmessageBox’
    checkModelFit : onSettingChange: no visible global function definition
     for ‘tclvalue’
    checkModelFit : onSettingChange: no visible global function definition
     for ‘imp’
    checkModelFit : onSettingChange: no visible global function definition
     for ‘sigma.hat’
    checkModelFit : onSettingChange: no visible global function definition
     for ‘imputed’
    checkModelFit : onSettingChange: no visible global function definition
     for ‘tkrplot’
    checkModelFit : onSettingChange : <anonymous>: no visible global
     function definition for ‘mi.hist’
    checkModelFit : onSettingChange : <anonymous>: no visible global
     function definition for ‘binnedplot’
    checkModelFit : onSettingChange : <anonymous>: no visible global
     function definition for ‘mi.scatterplot’
    checkModelFit : onSettingChange : <anonymous>: no visible global
     function definition for ‘residual.plot’
    checkModelFit : onSettingChange: no visible global function definition
     for ‘tkgrid’
    checkModelFit: no visible global function definition for ‘tktoplevel’
    checkModelFit: no visible global function definition for ‘tktitle<-’
    checkModelFit: no visible global function definition for ‘tkframe’
    checkModelFit: no visible global function definition for ‘tkgrid’
    checkModelFit: no visible global function definition for ‘imp’
    checkModelFit: no visible global function definition for ‘tclVar’
    checkModelFit: no visible global function definition for ‘ttkcombobox’
    checkModelFit: no visible global function definition for ‘tklabel’
    checkModelFit: no visible global function definition for ‘tkbind’
    checkModelFit: no visible global function definition for ‘m’
    checkModelFit: no visible global function definition for
     ‘tkradiobutton’
    checkModelFit: no visible global function definition for ‘tkconfigure’
    checkModelFit: no visible global function definition for ‘tkbutton’
    checkModelFit : <anonymous>: no visible global function definition for
     ‘tkdestroy’
    checkModelFit: no visible global function definition for ‘tkfocus’
    displayMissingDataPattern: no visible global function definition for
     ‘tktoplevel’
    displayMissingDataPattern: no visible global function definition for
     ‘tktitle<-’
    displayMissingDataPattern: no visible global function definition for
     ‘tkframe’
    displayMissingDataPattern: no visible global function definition for
     ‘tkgrid’
    displayMissingDataPattern: no visible global function definition for
     ‘tclVar’
    displayMissingDataPattern: no visible global function definition for
     ‘tkradiobutton’
    displayMissingDataPattern: no visible global function definition for
     ‘tkconfigure’
    displayMissingDataPattern: no visible global function definition for
     ‘tklabel’
    displayMissingDataPattern: no visible global function definition for
     ‘tkentry’
    displayMissingDataPattern: no visible global function definition for
     ‘tclvalue<-’
    displayMissingDataPattern: no visible global function definition for
     ‘ttkcombobox’
    displayMissingDataPattern : onPlotButton: no visible global function
     definition for ‘tclvalue’
    displayMissingDataPattern : onPlotButton: no visible global function
     definition for ‘tkrplot’
    displayMissingDataPattern : onPlotButton: no visible global function
     definition for ‘tkgrid’
    displayMissingDataPattern : onPlotButton: no visible global function
     definition for ‘tkfocus’
    displayMissingDataPattern: no visible global function definition for
     ‘tkbutton’
    displayMissingDataPattern : <anonymous>: no visible global function
     definition for ‘tkdestroy’
    displayMissingDataPattern: no visible global function definition for
     ‘tkfocus’
    importDataFrom : <anonymous>: no visible global function definition for
     ‘read.dta’
    importDataFrom : <anonymous>: no visible global function definition for
     ‘read.spss’
    importDataFrom : onChange: no visible global function definition for
     ‘tkbutton’
    importDataFrom : onChange: no visible global function definition for
     ‘tclvalue’
    importDataFrom : onChange: no visible global function definition for
     ‘tkgrid’
    importDataFrom : generateReadCommand : <anonymous>: no visible global
     function definition for ‘tclvalue’
    importDataFrom : generateReadCommand : <anonymous>: no visible global
     function definition for ‘tkgetOpenFile’
    importDataFrom : generateReadCommand : <anonymous>: no visible global
     function definition for ‘mi.info’
    importDataFrom : generateReadCommand : <anonymous>: no visible global
     function definition for ‘tkdestroy’
    importDataFrom: no visible global function definition for ‘tktoplevel’
    importDataFrom: no visible global function definition for ‘tktitle<-’
    importDataFrom: no visible global function definition for ‘tclVar’
    importDataFrom: no visible global function definition for ‘ttkcombobox’
    importDataFrom: no visible global function definition for ‘tkgrid’
    importDataFrom: no visible global function definition for ‘tklabel’
    importDataFrom: no visible global function definition for ‘tkbind’
    importDataFrom: no visible global function definition for ‘tkbutton’
    importDataFrom : <anonymous>: no visible global function definition for
     ‘tkdestroy’
    importDataFrom: no visible global function definition for ‘tkfocus’
    loadSession : onOkButton: no visible global function definition for
     ‘tclvalue’
    loadSession : onOkButton: no visible global function definition for
     ‘mi.info’
    loadSession : onOkButton: no visible global function definition for
     ‘tkdestroy’
    loadSession : loadFile: no visible global function definition for
     ‘tclvalue’
    loadSession : loadFile: no visible global function definition for
     ‘tkgetOpenFile’
    loadSession : redrawComboBoxes: no visible global function definition
     for ‘ttkcombobox’
    loadSession : redrawComboBoxes: no visible global function definition
     for ‘tkgrid’
    loadSession: no visible global function definition for ‘tktoplevel’
    loadSession: no visible global function definition for ‘tktitle<-’
    loadSession: no visible global function definition for ‘tkframe’
    loadSession: no visible global function definition for ‘tkgrid’
    loadSession: no visible global function definition for ‘tkbutton’
    loadSession : <anonymous>: no visible global function definition for
     ‘tkdestroy’
    loadSession: no visible global function definition for ‘tclVar’
    loadSession: no visible global function definition for ‘tklabel’
    loadSession: no visible global function definition for ‘tkfocus’
    miTclSet: no visible global function definition for ‘tcl’
    migui : .setWd: no visible global function definition for ‘tclvalue’
    migui : .setWd: no visible global function definition for
     ‘tkchooseDirectory’
    migui : .exit: no visible global function definition for ‘tkmessageBox’
    migui : .exit: no visible global function definition for ‘tclvalue’
    migui : .exit: no visible global function definition for ‘tkdestroy’
    migui: no visible global function definition for ‘tktoplevel’
    migui: no visible global function definition for ‘tktitle<-’
    migui: no visible global function definition for ‘tkmenu’
    migui: no visible global function definition for ‘tkadd’
    migui: no visible global function definition for ‘tkconfigure’
    migui: no visible global function definition for ‘tkfocus’
    plotFunctionCreator : <anonymous>: no visible global function
     definition for ‘missing.pattern.plot’
    poolRegressionEstimates: no visible global function definition for
     ‘mi.info’
    poolRegressionEstimates: no visible global function definition for
     ‘mi.data.frame’
    poolRegressionEstimates: no visible binding for global variable ‘IMP’
    poolRegressionEstimates : onOutcomeVarChange: no visible global
     function definition for ‘tclvalue’
    poolRegressionEstimates : onOutcomeVarChange: no visible global
     function definition for ‘tclvalue<-’
    poolRegressionEstimates : onSubmitButton: no visible global function
     definition for ‘tclvalue’
    poolRegressionEstimates : onSubmitButton: no visible global function
     definition for ‘lm.mi’
    poolRegressionEstimates : onSubmitButton: no visible binding for global
     variable ‘IMP’
    poolRegressionEstimates : onSubmitButton: no visible global function
     definition for ‘glm.mi’
    poolRegressionEstimates : onSubmitButton: no visible global function
     definition for ‘polr.mi’
    poolRegressionEstimates : onSubmitButton: no visible global function
     definition for ‘bayesglm.mi’
    poolRegressionEstimates : onSubmitButton: no visible global function
     definition for ‘bayespolr.mi’
    poolRegressionEstimates : onSubmitButton: no visible global function
     definition for ‘display’
    poolRegressionEstimates: no visible global function definition for
     ‘tktoplevel’
    poolRegressionEstimates: no visible global function definition for
     ‘tktitle<-’
    poolRegressionEstimates: no visible global function definition for
     ‘tkframe’
    poolRegressionEstimates: no visible global function definition for
     ‘tkgrid’
    poolRegressionEstimates: no visible global function definition for
     ‘tclVar’
    poolRegressionEstimates: no visible global function definition for
     ‘ttkcombobox’
    poolRegressionEstimates: no visible global function definition for
     ‘tklabel’
    poolRegressionEstimates: no visible global function definition for
     ‘tkbind’
    poolRegressionEstimates: no visible global function definition for
     ‘tkentry’
    poolRegressionEstimates: no visible global function definition for
     ‘tkradiobutton’
    poolRegressionEstimates: no visible global function definition for
     ‘tkconfigure’
    poolRegressionEstimates: no visible global function definition for
     ‘tkbutton’
    poolRegressionEstimates : <anonymous>: no visible global function
     definition for ‘tkdestroy’
    poolRegressionEstimates: no visible global function definition for
     ‘tkfocus’
    preprocessData : onVarChange: no visible global function definition for
     ‘tclvalue’
    preprocessData : onVarChange: no visible global function definition for
     ‘tclvalue<-’
    preprocessData : onVarChange: no visible binding for global variable
     ‘info’
    preprocessData : onApplyButton: no visible global function definition
     for ‘tclvalue’
    preprocessData : runPreprocessData: no visible binding for global
     variable ‘preprocess.flg’
    preprocessData : runPreprocessData: no visible global function
     definition for ‘tclvalue’
    preprocessData : runPreprocessData: no visible global function
     definition for ‘mi.preprocess’
    preprocessData : runPreprocessData: no visible binding for global
     variable ‘info’
    preprocessData : runPreprocessData: no visible global function
     definition for ‘tkdestroy’
    preprocessData: no visible global function definition for ‘tktoplevel’
    preprocessData: no visible global function definition for ‘tktitle<-’
    preprocessData: no visible global function definition for ‘tkframe’
    preprocessData: no visible global function definition for ‘tkgrid’
    preprocessData: no visible global function definition for ‘tclVar’
    preprocessData: no visible global function definition for
     ‘tkradiobutton’
    preprocessData: no visible global function definition for ‘tkconfigure’
    preprocessData: no visible global function definition for ‘tklabel’
    preprocessData: no visible binding for global variable ‘info’
    preprocessData: no visible global function definition for ‘ttkcombobox’
    preprocessData: no visible global function definition for ‘tkbind’
    preprocessData: no visible global function definition for ‘tkbutton’
    preprocessData : <anonymous>: no visible global function definition for
     ‘tkdestroy’
    preprocessData: no visible global function definition for ‘tkfocus’
    requireData: no visible global function definition for ‘tkmessageBox’
    requireDataOrImp: no visible global function definition for
     ‘tkmessageBox’
    requireIMP: no visible global function definition for ‘tkmessageBox’
    runImputation : render: no visible binding for global variable ‘IMP’
    runImputation : render: no visible global function definition for
     ‘tclvalue<-’
    runImputation : render: no visible global function definition for
     ‘tkconfigure’
    runImputation : renderNoise: no visible binding for global variable
     ‘IMP’
    runImputation : renderNoise: no visible global function definition for
     ‘tclvalue’
    runImputation : renderNoise: no visible global function definition for
     ‘tkconfigure’
    runImputation : renderNoiseMethod: no visible binding for global
     variable ‘IMP’
    runImputation : renderNoiseMethod: no visible global function
     definition for ‘tclvalue’
    runImputation : renderNoiseMethod: no visible global function
     definition for ‘tkconfigure’
    runImputation : onClearButton: no visible binding for global variable
     ‘IMP’
    runImputation : onContinueButton: no visible global function definition
     for ‘mi’
    runImputation : onContinueButton: no visible global function definition
     for ‘tclvalue’
    runImputation : onContinueButton: no visible binding for global
     variable ‘rand.imp.method’
    runImputation : onRunButton: no visible global function definition for
     ‘tclvalue’
    runImputation : onRunButton: no visible global function definition for
     ‘noise.control’
    runImputation : onRunButton: no visible global function definition for
     ‘mi’
    runImputation : onRunButton: no visible binding for global variable
     ‘info’
    runImputation : onRunButton: no visible binding for global variable
     ‘rand.imp.method’
    runImputation: no visible global function definition for ‘tktoplevel’
    runImputation: no visible global function definition for ‘tktitle<-’
    runImputation: no visible global function definition for ‘tkframe’
    runImputation: no visible global function definition for ‘tkgrid’
    runImputation: no visible global function definition for ‘tklabel’
    runImputation: no visible global function definition for ‘tclVar’
    runImputation: no visible global function definition for ‘tkentry’
    runImputation: no visible global function definition for
     ‘tkcheckbutton’
    runImputation: no visible global function definition for ‘tkconfigure’
    runImputation: no visible global function definition for
     ‘tkradiobutton’
    runImputation: no visible global function definition for ‘tkbutton’
    runImputation : <anonymous>: no visible global function definition for
     ‘tkdestroy’
    runImputation: no visible global function definition for ‘tkfocus’
    saveImputedData : onSaveButton: no visible global function definition
     for ‘write.mi’
    saveImputedData : onSaveButton: no visible global function definition
     for ‘tclvalue’
    saveImputedData : onSaveButton: no visible global function definition
     for ‘tkmessageBox’
    saveImputedData : onSaveButton: no visible global function definition
     for ‘tkdestroy’
    saveImputedData: no visible global function definition for ‘tktoplevel’
    saveImputedData: no visible global function definition for ‘tktitle<-’
    saveImputedData: no visible global function definition for ‘tclVar’
    saveImputedData: no visible global function definition for
     ‘ttkcombobox’
    saveImputedData: no visible global function definition for ‘tkgrid’
    saveImputedData: no visible global function definition for ‘tklabel’
    saveImputedData: no visible global function definition for ‘tkbutton’
    saveImputedData : <anonymous>: no visible global function definition
     for ‘tkdestroy’
    saveImputedData: no visible global function definition for ‘tkfocus’
    saveWorkspace : onSaveFile: no visible binding for global variable
     ‘info’
    saveWorkspace : onSaveFile: no visible binding for global variable
     ‘IMP’
    saveWorkspace : onSaveFile: no visible global function definition for
     ‘tkdestroy’
    saveWorkspace : onSaveGlobalEnvironment: no visible binding for global
     variable ‘info’
    saveWorkspace : onSaveGlobalEnvironment: no visible binding for global
     variable ‘IMP’
    saveWorkspace : onSaveGlobalEnvironment: no visible global function
     definition for ‘tkdestroy’
    saveWorkspace: no visible global function definition for ‘tktoplevel’
    saveWorkspace: no visible global function definition for ‘tktitle<-’
    saveWorkspace: no visible global function definition for ‘tkframe’
    saveWorkspace: no visible global function definition for ‘tkgrid’
    saveWorkspace: no visible global function definition for ‘tklabel’
    saveWorkspace: no visible global function definition for ‘tclVar’
    saveWorkspace: no visible global function definition for ‘tclvalue<-’
    saveWorkspace: no visible global function definition for ‘tkentry’
    saveWorkspace: no visible binding for global variable ‘info’
    saveWorkspace: no visible binding for global variable ‘IMP’
    saveWorkspace: no visible global function definition for ‘tkbutton’
    saveWorkspace : <anonymous>: no visible global function definition for
     ‘tkdestroy’
    saveWorkspace: no visible global function definition for ‘tkfocus’
    specifyImputationInformation : onVarChange: no visible global function
     definition for ‘tclvalue’
    specifyImputationInformation : onVarChange: no visible global function
     definition for ‘tclvalue<-’
    specifyImputationInformation : onVarChange: no visible binding for
     global variable ‘info’
    specifyImputationInformation : onVarChange: no visible global function
     definition for ‘tkconfigure’
    specifyImputationInformation : onApplyButton: no visible global
     function definition for ‘tclvalue’
    specifyImputationInformation: no visible global function definition for
     ‘tktoplevel’
    specifyImputationInformation: no visible global function definition for
     ‘tktitle<-’
    specifyImputationInformation: no visible binding for global variable
     ‘info’
    specifyImputationInformation: no visible global function definition for
     ‘tclVar’
    specifyImputationInformation: no visible global function definition for
     ‘ttkcombobox’
    specifyImputationInformation: no visible global function definition for
     ‘tkgrid’
    specifyImputationInformation: no visible global function definition for
     ‘tklabel’
    specifyImputationInformation: no visible global function definition for
     ‘tkbind’
    specifyImputationInformation: no visible global function definition for
     ‘tkradiobutton’
    specifyImputationInformation: no visible global function definition for
     ‘tkconfigure’
    specifyImputationInformation: no visible global function definition for
     ‘tkentry’
    specifyImputationInformation: no visible global function definition for
     ‘tkbutton’
    specifyImputationInformation : <anonymous>: no visible global function
     definition for ‘tkdestroy’
    specifyImputationInformation: no visible global function definition for
     ‘tkfocus’
    
    Found the following assignments to the global environment:
    File ‘migui/R/file.saveWorkspace.R’:
     assign(tclvalue(data.name), getMi(data), envir = .GlobalEnv)
     assign(tclvalue(info.name), getMi(info), envir = .GlobalEnv)
     assign(tclvalue(imp.name), getMi(IMP), envir = .GlobalEnv)
Flavors: r-devel-linux-x86_64-fedora-clang, r-devel-osx-x86_64-clang

Version: 0.00-09
Check: R code for possible problems
Result: NOTE
    .onAttach: warning in packageDescription("migui", lib = mylib): partial
     argument match of 'lib' to 'lib.loc'
    lsMi: warning in ls(envir = miEnv(), all = TRUE): partial argument
     match of 'all' to 'all.names'
    saveWorkspace : onSaveFile: warning in ls(envir = local.env, all =
     TRUE): partial argument match of 'all' to 'all.names'
    .about: no visible global function definition for ‘tkmessageBox’
    checkModelFit : onSettingChange: no visible global function definition
     for ‘tclvalue’
    checkModelFit : onSettingChange: no visible global function definition
     for ‘imp’
    checkModelFit : onSettingChange: no visible global function definition
     for ‘sigma.hat’
    checkModelFit : onSettingChange: no visible global function definition
     for ‘imputed’
    checkModelFit : onSettingChange: no visible global function definition
     for ‘tkrplot’
    checkModelFit : onSettingChange : <anonymous>: no visible global
     function definition for ‘mi.hist’
    checkModelFit : onSettingChange : <anonymous>: no visible global
     function definition for ‘binnedplot’
    checkModelFit : onSettingChange : <anonymous>: no visible global
     function definition for ‘mi.scatterplot’
    checkModelFit : onSettingChange : <anonymous>: no visible global
     function definition for ‘residual.plot’
    checkModelFit : onSettingChange: no visible global function definition
     for ‘tkgrid’
    checkModelFit: no visible global function definition for ‘tktoplevel’
    checkModelFit: no visible global function definition for ‘tktitle<-’
    checkModelFit: no visible global function definition for ‘tkframe’
    checkModelFit: no visible global function definition for ‘tkgrid’
    checkModelFit: no visible global function definition for ‘imp’
    checkModelFit: no visible global function definition for ‘tclVar’
    checkModelFit: no visible global function definition for ‘ttkcombobox’
    checkModelFit: no visible global function definition for ‘tklabel’
    checkModelFit: no visible global function definition for ‘tkbind’
    checkModelFit: no visible global function definition for ‘m’
    checkModelFit: no visible global function definition for
     ‘tkradiobutton’
    checkModelFit: no visible global function definition for ‘tkconfigure’
    checkModelFit: no visible global function definition for ‘tkbutton’
    checkModelFit : <anonymous>: no visible global function definition for
     ‘tkdestroy’
    checkModelFit: no visible global function definition for ‘tkfocus’
    displayMissingDataPattern: no visible global function definition for
     ‘tktoplevel’
    displayMissingDataPattern: no visible global function definition for
     ‘tktitle<-’
    displayMissingDataPattern: no visible global function definition for
     ‘tkframe’
    displayMissingDataPattern: no visible global function definition for
     ‘tkgrid’
    displayMissingDataPattern: no visible global function definition for
     ‘tclVar’
    displayMissingDataPattern: no visible global function definition for
     ‘tkradiobutton’
    displayMissingDataPattern: no visible global function definition for
     ‘tkconfigure’
    displayMissingDataPattern: no visible global function definition for
     ‘tklabel’
    displayMissingDataPattern: no visible global function definition for
     ‘tkentry’
    displayMissingDataPattern: no visible global function definition for
     ‘tclvalue<-’
    displayMissingDataPattern: no visible global function definition for
     ‘ttkcombobox’
    displayMissingDataPattern : onPlotButton: no visible global function
     definition for ‘tclvalue’
    displayMissingDataPattern : onPlotButton: no visible global function
     definition for ‘tkrplot’
    displayMissingDataPattern : onPlotButton: no visible global function
     definition for ‘tkgrid’
    displayMissingDataPattern : onPlotButton: no visible global function
     definition for ‘tkfocus’
    displayMissingDataPattern: no visible global function definition for
     ‘tkbutton’
    displayMissingDataPattern : <anonymous>: no visible global function
     definition for ‘tkdestroy’
    displayMissingDataPattern: no visible global function definition for
     ‘tkfocus’
    importDataFrom : <anonymous>: no visible global function definition for
     ‘read.dta’
    importDataFrom : <anonymous>: no visible global function definition for
     ‘read.spss’
    importDataFrom : onChange: no visible global function definition for
     ‘tkbutton’
    importDataFrom : onChange: no visible global function definition for
     ‘tclvalue’
    importDataFrom : onChange: no visible global function definition for
     ‘tkgrid’
    importDataFrom : generateReadCommand : <anonymous>: no visible global
     function definition for ‘tclvalue’
    importDataFrom : generateReadCommand : <anonymous>: no visible global
     function definition for ‘tkgetOpenFile’
    importDataFrom : generateReadCommand : <anonymous>: no visible global
     function definition for ‘mi.info’
    importDataFrom : generateReadCommand : <anonymous>: no visible global
     function definition for ‘tkdestroy’
    importDataFrom: no visible global function definition for ‘tktoplevel’
    importDataFrom: no visible global function definition for ‘tktitle<-’
    importDataFrom: no visible global function definition for ‘tclVar’
    importDataFrom: no visible global function definition for ‘ttkcombobox’
    importDataFrom: no visible global function definition for ‘tkgrid’
    importDataFrom: no visible global function definition for ‘tklabel’
    importDataFrom: no visible global function definition for ‘tkbind’
    importDataFrom: no visible global function definition for ‘tkbutton’
    importDataFrom : <anonymous>: no visible global function definition for
     ‘tkdestroy’
    importDataFrom: no visible global function definition for ‘tkfocus’
    loadSession : onOkButton: no visible global function definition for
     ‘tclvalue’
    loadSession : onOkButton: no visible global function definition for
     ‘mi.info’
    loadSession : onOkButton: no visible global function definition for
     ‘tkdestroy’
    loadSession : loadFile: no visible global function definition for
     ‘tclvalue’
    loadSession : loadFile: no visible global function definition for
     ‘tkgetOpenFile’
    loadSession : redrawComboBoxes: no visible global function definition
     for ‘ttkcombobox’
    loadSession : redrawComboBoxes: no visible global function definition
     for ‘tkgrid’
    loadSession: no visible global function definition for ‘tktoplevel’
    loadSession: no visible global function definition for ‘tktitle<-’
    loadSession: no visible global function definition for ‘tkframe’
    loadSession: no visible global function definition for ‘tkgrid’
    loadSession: no visible global function definition for ‘tkbutton’
    loadSession : <anonymous>: no visible global function definition for
     ‘tkdestroy’
    loadSession: no visible global function definition for ‘tclVar’
    loadSession: no visible global function definition for ‘tklabel’
    loadSession: no visible global function definition for ‘tkfocus’
    miTclSet: no visible global function definition for ‘tcl’
    migui : .setWd: no visible global function definition for ‘tclvalue’
    migui : .setWd: no visible global function definition for
     ‘tkchooseDirectory’
    migui : .exit: no visible global function definition for ‘tkmessageBox’
    migui : .exit: no visible global function definition for ‘tclvalue’
    migui : .exit: no visible global function definition for ‘tkdestroy’
    migui: no visible global function definition for ‘tktoplevel’
    migui: no visible global function definition for ‘tktitle<-’
    migui: no visible global function definition for ‘tkmenu’
    migui: no visible global function definition for ‘tkadd’
    migui: no visible global function definition for ‘tkconfigure’
    migui: no visible global function definition for ‘tkfocus’
    plotFunctionCreator : <anonymous>: no visible global function
     definition for ‘missing.pattern.plot’
    poolRegressionEstimates: no visible global function definition for
     ‘mi.info’
    poolRegressionEstimates: no visible global function definition for
     ‘mi.data.frame’
    poolRegressionEstimates: no visible binding for global variable ‘IMP’
    poolRegressionEstimates : onOutcomeVarChange: no visible global
     function definition for ‘tclvalue’
    poolRegressionEstimates : onOutcomeVarChange: no visible global
     function definition for ‘tclvalue<-’
    poolRegressionEstimates : onSubmitButton: no visible global function
     definition for ‘tclvalue’
    poolRegressionEstimates : onSubmitButton: no visible global function
     definition for ‘lm.mi’
    poolRegressionEstimates : onSubmitButton: no visible binding for global
     variable ‘IMP’
    poolRegressionEstimates : onSubmitButton: no visible global function
     definition for ‘glm.mi’
    poolRegressionEstimates : onSubmitButton: no visible global function
     definition for ‘polr.mi’
    poolRegressionEstimates : onSubmitButton: no visible global function
     definition for ‘bayesglm.mi’
    poolRegressionEstimates : onSubmitButton: no visible global function
     definition for ‘bayespolr.mi’
    poolRegressionEstimates : onSubmitButton: no visible global function
     definition for ‘display’
    poolRegressionEstimates: no visible global function definition for
     ‘tktoplevel’
    poolRegressionEstimates: no visible global function definition for
     ‘tktitle<-’
    poolRegressionEstimates: no visible global function definition for
     ‘tkframe’
    poolRegressionEstimates: no visible global function definition for
     ‘tkgrid’
    poolRegressionEstimates: no visible global function definition for
     ‘tclVar’
    poolRegressionEstimates: no visible global function definition for
     ‘ttkcombobox’
    poolRegressionEstimates: no visible global function definition for
     ‘tklabel’
    poolRegressionEstimates: no visible global function definition for
     ‘tkbind’
    poolRegressionEstimates: no visible global function definition for
     ‘tkentry’
    poolRegressionEstimates: no visible global function definition for
     ‘tkradiobutton’
    poolRegressionEstimates: no visible global function definition for
     ‘tkconfigure’
    poolRegressionEstimates: no visible global function definition for
     ‘tkbutton’
    poolRegressionEstimates : <anonymous>: no visible global function
     definition for ‘tkdestroy’
    poolRegressionEstimates: no visible global function definition for
     ‘tkfocus’
    preprocessData : onVarChange: no visible global function definition for
     ‘tclvalue’
    preprocessData : onVarChange: no visible global function definition for
     ‘tclvalue<-’
    preprocessData : onVarChange: no visible binding for global variable
     ‘info’
    preprocessData : onApplyButton: no visible global function definition
     for ‘tclvalue’
    preprocessData : runPreprocessData: no visible binding for global
     variable ‘preprocess.flg’
    preprocessData : runPreprocessData: no visible global function
     definition for ‘tclvalue’
    preprocessData : runPreprocessData: no visible global function
     definition for ‘mi.preprocess’
    preprocessData : runPreprocessData: no visible binding for global
     variable ‘info’
    preprocessData : runPreprocessData: no visible global function
     definition for ‘tkdestroy’
    preprocessData: no visible global function definition for ‘tktoplevel’
    preprocessData: no visible global function definition for ‘tktitle<-’
    preprocessData: no visible global function definition for ‘tkframe’
    preprocessData: no visible global function definition for ‘tkgrid’
    preprocessData: no visible global function definition for ‘tclVar’
    preprocessData: no visible global function definition for
     ‘tkradiobutton’
    preprocessData: no visible global function definition for ‘tkconfigure’
    preprocessData: no visible global function definition for ‘tklabel’
    preprocessData: no visible binding for global variable ‘info’
    preprocessData: no visible global function definition for ‘ttkcombobox’
    preprocessData: no visible global function definition for ‘tkbind’
    preprocessData: no visible global function definition for ‘tkbutton’
    preprocessData : <anonymous>: no visible global function definition for
     ‘tkdestroy’
    preprocessData: no visible global function definition for ‘tkfocus’
    requireData: no visible global function definition for ‘tkmessageBox’
    requireDataOrImp: no visible global function definition for
     ‘tkmessageBox’
    requireIMP: no visible global function definition for ‘tkmessageBox’
    runImputation : render: no visible binding for global variable ‘IMP’
    runImputation : render: no visible global function definition for
     ‘tclvalue<-’
    runImputation : render: no visible global function definition for
     ‘tkconfigure’
    runImputation : renderNoise: no visible binding for global variable
     ‘IMP’
    runImputation : renderNoise: no visible global function definition for
     ‘tclvalue’
    runImputation : renderNoise: no visible global function definition for
     ‘tkconfigure’
    runImputation : renderNoiseMethod: no visible binding for global
     variable ‘IMP’
    runImputation : renderNoiseMethod: no visible global function
     definition for ‘tclvalue’
    runImputation : renderNoiseMethod: no visible global function
     definition for ‘tkconfigure’
    runImputation : onClearButton: no visible binding for global variable
     ‘IMP’
    runImputation : onContinueButton: no visible global function definition
     for ‘mi’
    runImputation : onContinueButton: no visible global function definition
     for ‘tclvalue’
    runImputation : onContinueButton: no visible binding for global
     variable ‘rand.imp.method’
    runImputation : onRunButton: no visible global function definition for
     ‘tclvalue’
    runImputation : onRunButton: no visible global function definition for
     ‘noise.control’
    runImputation : onRunButton: no visible global function definition for
     ‘mi’
    runImputation : onRunButton: no visible binding for global variable
     ‘info’
    runImputation : onRunButton: no visible binding for global variable
     ‘rand.imp.method’
    runImputation: no visible global function definition for ‘tktoplevel’
    runImputation: no visible global function definition for ‘tktitle<-’
    runImputation: no visible global function definition for ‘tkframe’
    runImputation: no visible global function definition for ‘tkgrid’
    runImputation: no visible global function definition for ‘tklabel’
    runImputation: no visible global function definition for ‘tclVar’
    runImputation: no visible global function definition for ‘tkentry’
    runImputation: no visible global function definition for
     ‘tkcheckbutton’
    runImputation: no visible global function definition for ‘tkconfigure’
    runImputation: no visible global function definition for
     ‘tkradiobutton’
    runImputation: no visible global function definition for ‘tkbutton’
    runImputation : <anonymous>: no visible global function definition for
     ‘tkdestroy’
    runImputation: no visible global function definition for ‘tkfocus’
    saveImputedData : onSaveButton: no visible global function definition
     for ‘write.mi’
    saveImputedData : onSaveButton: no visible global function definition
     for ‘tclvalue’
    saveImputedData : onSaveButton: no visible global function definition
     for ‘tkmessageBox’
    saveImputedData : onSaveButton: no visible global function definition
     for ‘tkdestroy’
    saveImputedData: no visible global function definition for ‘tktoplevel’
    saveImputedData: no visible global function definition for ‘tktitle<-’
    saveImputedData: no visible global function definition for ‘tclVar’
    saveImputedData: no visible global function definition for
     ‘ttkcombobox’
    saveImputedData: no visible global function definition for ‘tkgrid’
    saveImputedData: no visible global function definition for ‘tklabel’
    saveImputedData: no visible global function definition for ‘tkbutton’
    saveImputedData : <anonymous>: no visible global function definition
     for ‘tkdestroy’
    saveImputedData: no visible global function definition for ‘tkfocus’
    saveWorkspace : onSaveFile: no visible binding for global variable
     ‘info’
    saveWorkspace : onSaveFile: no visible binding for global variable
     ‘IMP’
    saveWorkspace : onSaveFile: no visible global function definition for
     ‘tkdestroy’
    saveWorkspace : onSaveGlobalEnvironment: no visible binding for global
     variable ‘info’
    saveWorkspace : onSaveGlobalEnvironment: no visible binding for global
     variable ‘IMP’
    saveWorkspace : onSaveGlobalEnvironment: no visible global function
     definition for ‘tkdestroy’
    saveWorkspace: no visible global function definition for ‘tktoplevel’
    saveWorkspace: no visible global function definition for ‘tktitle<-’
    saveWorkspace: no visible global function definition for ‘tkframe’
    saveWorkspace: no visible global function definition for ‘tkgrid’
    saveWorkspace: no visible global function definition for ‘tklabel’
    saveWorkspace: no visible global function definition for ‘tclVar’
    saveWorkspace: no visible global function definition for ‘tclvalue<-’
    saveWorkspace: no visible global function definition for ‘tkentry’
    saveWorkspace: no visible binding for global variable ‘info’
    saveWorkspace: no visible binding for global variable ‘IMP’
    saveWorkspace: no visible global function definition for ‘tkbutton’
    saveWorkspace : <anonymous>: no visible global function definition for
     ‘tkdestroy’
    saveWorkspace: no visible global function definition for ‘tkfocus’
    specifyImputationInformation : onVarChange: no visible global function
     definition for ‘tclvalue’
    specifyImputationInformation : onVarChange: no visible global function
     definition for ‘tclvalue<-’
    specifyImputationInformation : onVarChange: no visible binding for
     global variable ‘info’
    specifyImputationInformation : onVarChange: no visible global function
     definition for ‘tkconfigure’
    specifyImputationInformation : onApplyButton: no visible global
     function definition for ‘tclvalue’
    specifyImputationInformation: no visible global function definition for
     ‘tktoplevel’
    specifyImputationInformation: no visible global function definition for
     ‘tktitle<-’
    specifyImputationInformation: no visible binding for global variable
     ‘info’
    specifyImputationInformation: no visible global function definition for
     ‘tclVar’
    specifyImputationInformation: no visible global function definition for
     ‘ttkcombobox’
    specifyImputationInformation: no visible global function definition for
     ‘tkgrid’
    specifyImputationInformation: no visible global function definition for
     ‘tklabel’
    specifyImputationInformation: no visible global function definition for
     ‘tkbind’
    specifyImputationInformation: no visible global function definition for
     ‘tkradiobutton’
    specifyImputationInformation: no visible global function definition for
     ‘tkconfigure’
    specifyImputationInformation: no visible global function definition for
     ‘tkentry’
    specifyImputationInformation: no visible global function definition for
     ‘tkbutton’
    specifyImputationInformation : <anonymous>: no visible global function
     definition for ‘tkdestroy’
    specifyImputationInformation: no visible global function definition for
     ‘tkfocus’
Flavors: r-devel-linux-x86_64-fedora-gcc, r-devel-windows-ix86+x86_64

Version: 0.00-09
Check: R code for possible problems
Result: NOTE
    .onAttach: warning in packageDescription("migui", lib = mylib): partial
     argument match of ‘lib’ to ‘lib.loc’
    importDataFrom : <anonymous>: warning in read.spss(dataFile,
     use.value.label = TRUE, to.data.frame = TRUE): partial argument match
     of ‘use.value.label’ to ‘use.value.labels’
    lsMi: warning in ls(envir = miEnv(), all = TRUE): partial argument
     match of ‘all’ to ‘all.names’
    saveWorkspace : onSaveFile: warning in ls(envir = local.env, all =
     TRUE): partial argument match of ‘all’ to ‘all.names’
    poolRegressionEstimates: no visible binding for global variable ‘IMP’
    poolRegressionEstimates : onSubmitButton: no visible binding for global
     variable ‘IMP’
    preprocessData : onVarChange: no visible binding for global variable
     ‘info’
    preprocessData : runPreprocessData: no visible binding for global
     variable ‘preprocess.flg’
    preprocessData : runPreprocessData: no visible binding for global
     variable ‘info’
    preprocessData: no visible binding for global variable ‘info’
    runImputation : render: no visible binding for global variable ‘IMP’
    runImputation : renderNoise: no visible binding for global variable
     ‘IMP’
    runImputation : renderNoiseMethod: no visible binding for global
     variable ‘IMP’
    runImputation : onClearButton: no visible binding for global variable
     ‘IMP’
    runImputation : onContinueButton: no visible binding for global
     variable ‘rand.imp.method’
    runImputation : onRunButton: no visible binding for global variable
     ‘info’
    runImputation : onRunButton: no visible binding for global variable
     ‘rand.imp.method’
    saveWorkspace : onSaveFile: no visible binding for global variable
     ‘info’
    saveWorkspace : onSaveFile: no visible binding for global variable
     ‘IMP’
    saveWorkspace : onSaveGlobalEnvironment: no visible binding for global
     variable ‘info’
    saveWorkspace : onSaveGlobalEnvironment: no visible binding for global
     variable ‘IMP’
    saveWorkspace: no visible binding for global variable ‘info’
    saveWorkspace: no visible binding for global variable ‘IMP’
    specifyImputationInformation : onVarChange: no visible binding for
     global variable ‘info’
    specifyImputationInformation: no visible binding for global variable
     ‘info’
    
    Found the following assignments to the global environment:
    File ‘migui/R/file.saveWorkspace.R’:
     assign(tclvalue(data.name), getMi(data), envir = .GlobalEnv)
     assign(tclvalue(info.name), getMi(info), envir = .GlobalEnv)
     assign(tclvalue(imp.name), getMi(IMP), envir = .GlobalEnv)
    
    Found the following calls to attach():
    File ‘migui/R/utils.R’:
     attach(miEnv, pos = length(search()) - 1)
    See section ‘Good practice’ in ‘?attach’.
Flavors: r-patched-linux-x86_64, r-release-linux-x86_64

Version: 0.00-09
Check: R code for possible problems
Result: NOTE
    .onAttach: warning in packageDescription("migui", lib = mylib): partial
     argument match of 'lib' to 'lib.loc'
    importDataFrom : <anonymous>: warning in read.spss(dataFile,
     use.value.label = TRUE, to.data.frame = TRUE): partial argument match
     of 'use.value.label' to 'use.value.labels'
    lsMi: warning in ls(envir = miEnv(), all = TRUE): partial argument
     match of 'all' to 'all.names'
    saveWorkspace : onSaveFile: warning in ls(envir = local.env, all =
     TRUE): partial argument match of 'all' to 'all.names'
    poolRegressionEstimates: no visible binding for global variable ‘IMP’
    poolRegressionEstimates : onSubmitButton: no visible binding for global
     variable ‘IMP’
    preprocessData : onVarChange: no visible binding for global variable
     ‘info’
    preprocessData : runPreprocessData: no visible binding for global
     variable ‘preprocess.flg’
    preprocessData : runPreprocessData: no visible binding for global
     variable ‘info’
    preprocessData: no visible binding for global variable ‘info’
    runImputation : render: no visible binding for global variable ‘IMP’
    runImputation : renderNoise: no visible binding for global variable
     ‘IMP’
    runImputation : renderNoiseMethod: no visible binding for global
     variable ‘IMP’
    runImputation : onClearButton: no visible binding for global variable
     ‘IMP’
    runImputation : onContinueButton: no visible binding for global
     variable ‘rand.imp.method’
    runImputation : onRunButton: no visible binding for global variable
     ‘info’
    runImputation : onRunButton: no visible binding for global variable
     ‘rand.imp.method’
    saveWorkspace : onSaveFile: no visible binding for global variable
     ‘info’
    saveWorkspace : onSaveFile: no visible binding for global variable
     ‘IMP’
    saveWorkspace : onSaveGlobalEnvironment: no visible binding for global
     variable ‘info’
    saveWorkspace : onSaveGlobalEnvironment: no visible binding for global
     variable ‘IMP’
    saveWorkspace: no visible binding for global variable ‘info’
    saveWorkspace: no visible binding for global variable ‘IMP’
    specifyImputationInformation : onVarChange: no visible binding for
     global variable ‘info’
    specifyImputationInformation: no visible binding for global variable
     ‘info’
Flavors: r-patched-solaris-sparc, r-patched-solaris-x86, r-release-osx-x86_64-mavericks, r-release-osx-x86_64-snowleopard, r-release-windows-ix86+x86_64, r-oldrel-windows-ix86+x86_64

Version: 0.00-09
Check: dependencies in R code
Result: NOTE
    Packages in Depends field not imported from:
     ‘foreign’ ‘mi’ ‘tkrplot’
     These packages need to be imported from (in the NAMESPACE file)
     for when this namespace is loaded but not attached.
    See the information on DESCRIPTION files in the chapter ‘Creating R
    packages’ of the ‘Writing R Extensions’ manual.
Flavors: r-release-linux-ix86, r-release-linux-x86_64, r-release-osx-x86_64-mavericks, r-release-windows-ix86+x86_64, r-oldrel-windows-ix86+x86_64

Version: 0.00-09
Check: R code for possible problems
Result: NOTE
    .onAttach: warning in packageDescription("migui", lib = mylib): partial
     argument match of 'lib' to 'lib.loc'
    importDataFrom : <anonymous>: warning in read.spss(dataFile,
     use.value.label = TRUE, to.data.frame = TRUE): partial argument match
     of 'use.value.label' to 'use.value.labels'
    lsMi: warning in ls(envir = miEnv(), all = TRUE): partial argument
     match of 'all' to 'all.names'
    saveWorkspace : onSaveFile: warning in ls(envir = local.env, all =
     TRUE): partial argument match of 'all' to 'all.names'
    poolRegressionEstimates: no visible binding for global variable ‘IMP’
    poolRegressionEstimates : onSubmitButton: no visible binding for global
     variable ‘IMP’
    preprocessData : onVarChange: no visible binding for global variable
     ‘info’
    preprocessData : runPreprocessData: no visible binding for global
     variable ‘preprocess.flg’
    preprocessData : runPreprocessData: no visible binding for global
     variable ‘info’
    preprocessData: no visible binding for global variable ‘info’
    runImputation : render: no visible binding for global variable ‘IMP’
    runImputation : renderNoise: no visible binding for global variable
     ‘IMP’
    runImputation : renderNoiseMethod: no visible binding for global
     variable ‘IMP’
    runImputation : onClearButton: no visible binding for global variable
     ‘IMP’
    runImputation : onContinueButton: no visible binding for global
     variable ‘rand.imp.method’
    runImputation : onRunButton: no visible binding for global variable
     ‘info’
    runImputation : onRunButton: no visible binding for global variable
     ‘rand.imp.method’
    saveWorkspace : onSaveFile: no visible binding for global variable
     ‘info’
    saveWorkspace : onSaveFile: no visible binding for global variable
     ‘IMP’
    saveWorkspace : onSaveGlobalEnvironment: no visible binding for global
     variable ‘info’
    saveWorkspace : onSaveGlobalEnvironment: no visible binding for global
     variable ‘IMP’
    saveWorkspace: no visible binding for global variable ‘info’
    saveWorkspace: no visible binding for global variable ‘IMP’
    specifyImputationInformation : onVarChange: no visible binding for
     global variable ‘info’
    specifyImputationInformation: no visible binding for global variable
     ‘info’
    
    Found the following assignments to the global environment:
    File ‘migui/R/file.saveWorkspace.R’:
     assign(tclvalue(data.name), getMi(data), envir = .GlobalEnv)
     assign(tclvalue(info.name), getMi(info), envir = .GlobalEnv)
     assign(tclvalue(imp.name), getMi(IMP), envir = .GlobalEnv)
Flavor: r-release-linux-ix86