Last updated on 2014-10-02 01:48:20.
Flavor | Version | Tinstall | Tcheck | Ttotal | Status | Flags |
---|---|---|---|---|---|---|
r-devel-linux-x86_64-debian-clang | 1.0 | 1.64 | 39.34 | 40.98 | OK | |
r-devel-linux-x86_64-debian-gcc | 1.0 | 1.56 | 36.23 | 37.78 | OK | |
r-devel-linux-x86_64-fedora-clang | 1.0 | 77.35 | OK | |||
r-devel-linux-x86_64-fedora-gcc | 1.0 | 71.28 | OK | |||
r-devel-osx-x86_64-clang | 1.0 | 70.04 | OK | |||
r-devel-windows-ix86+x86_64 | 1.0 | 6.00 | 52.00 | 58.00 | OK | |
r-patched-linux-x86_64 | 1.0 | 1.64 | 38.91 | 40.56 | OK | |
r-patched-solaris-sparc | 1.0 | 444.10 | NOTE | |||
r-patched-solaris-x86 | 1.0 | 100.30 | NOTE | |||
r-release-linux-ix86 | 1.0 | 2.23 | 50.17 | 52.40 | OK | |
r-release-linux-x86_64 | 1.0 | 1.70 | 39.69 | 41.39 | OK | |
r-release-osx-x86_64-mavericks | 1.0 | OK | ||||
r-release-osx-x86_64-snowleopard | 1.0 | OK | ||||
r-release-windows-ix86+x86_64 | 1.0 | 5.00 | 53.00 | 58.00 | OK | |
r-oldrel-windows-ix86+x86_64 | 1.0 | 4.00 | 59.00 | 63.00 | OK |
Version: 1.0
Check: installed package size
Result: NOTE
installed size is 5.4Mb
sub-directories of 1Mb or more:
extdata 4.2Mb
Flavors: r-patched-solaris-sparc, r-patched-solaris-x86