CRAN Package Check Results for Package miRtest

Last updated on 2014-10-02 01:48:20.

Flavor Version Tinstall Tcheck Ttotal Status Flags
r-devel-linux-x86_64-debian-clang 1.7 7.84 101.02 108.86 OK
r-devel-linux-x86_64-debian-gcc 1.7 7.66 97.98 105.64 OK
r-devel-linux-x86_64-fedora-clang 1.7 254.53 OK
r-devel-linux-x86_64-fedora-gcc 1.7 242.90 OK
r-devel-osx-x86_64-clang 1.7 186.72 OK
r-devel-windows-ix86+x86_64 1.7 22.00 142.00 164.00 OK
r-patched-linux-x86_64 1.7 6.86 89.65 96.51 OK
r-patched-solaris-sparc 1.7 1180.20 OK
r-patched-solaris-x86 1.7 263.00 OK
r-release-linux-ix86 1.7 7.97 109.88 117.86 OK
r-release-linux-x86_64 1.7 6.92 93.29 100.22 OK
r-release-osx-x86_64-mavericks 1.7 ERROR
r-release-osx-x86_64-snowleopard 1.7 OK
r-release-windows-ix86+x86_64 1.7 18.00 136.00 154.00 OK
r-oldrel-windows-ix86+x86_64 1.7 17.00 130.00 147.00 OK

Check Details

Version: 1.7
Check: whether package can be installed
Result: ERROR
    Installation failed.
Flavor: r-release-osx-x86_64-mavericks