CRAN Package Check Results for Package mda

Last updated on 2014-10-02 01:48:20.

Flavor Version Tinstall Tcheck Ttotal Status Flags
r-devel-linux-x86_64-debian-clang 0.4-4 3.92 17.35 21.27 NOTE
r-devel-linux-x86_64-debian-gcc 0.4-4 3.90 16.23 20.13 NOTE
r-devel-linux-x86_64-fedora-clang 0.4-4 37.85 NOTE
r-devel-linux-x86_64-fedora-gcc 0.4-4 35.76 NOTE
r-devel-osx-x86_64-clang 0.4-4 36.99 NOTE
r-devel-windows-ix86+x86_64 0.4-4 19.00 31.00 50.00 NOTE
r-patched-linux-x86_64 0.4-4 4.07 17.03 21.10 NOTE
r-patched-solaris-sparc 0.4-4 221.40 NOTE
r-patched-solaris-x86 0.4-4 56.40 NOTE
r-release-linux-ix86 0.4-4 6.27 24.04 30.30 NOTE
r-release-linux-x86_64 0.4-4 3.85 18.87 22.72 NOTE
r-release-osx-x86_64-mavericks 0.4-4 NOTE
r-release-windows-ix86+x86_64 0.4-4 21.00 32.00 53.00 NOTE
r-oldrel-windows-ix86+x86_64 0.4-4 21.00 31.00 52.00 NOTE

Memtest notes: valgrind

Check Details

Version: 0.4-4
Check: dependencies in R code
Result: NOTE
    Package in Depends field not imported from: ‘class’
     These packages need to be imported from (in the NAMESPACE file)
     for when this namespace is loaded but not attached.
    See the information on DESCRIPTION files in the chapter ‘Creating R
    packages’ of the ‘Writing R Extensions’ manual.
Flavors: r-devel-linux-x86_64-debian-clang, r-devel-linux-x86_64-debian-gcc, r-devel-linux-x86_64-fedora-clang, r-devel-linux-x86_64-fedora-gcc, r-devel-osx-x86_64-clang, r-devel-windows-ix86+x86_64, r-patched-linux-x86_64, r-patched-solaris-sparc, r-patched-solaris-x86, r-release-linux-ix86, r-release-linux-x86_64, r-release-osx-x86_64-mavericks, r-release-windows-ix86+x86_64, r-oldrel-windows-ix86+x86_64

Version: 0.4-4
Check: R code for possible problems
Result: NOTE
    lvq.start: no visible global function definition for ‘lvqinit’
    lvq.start: no visible global function definition for ‘olvq1’
    lvq.start: no visible global function definition for ‘lvq3’
    lvq.start: no visible global function definition for ‘lvqtest’
    mda.start: no visible global function definition for ‘lvqtest’
Flavors: r-devel-linux-x86_64-debian-clang, r-devel-linux-x86_64-debian-gcc, r-devel-linux-x86_64-fedora-clang, r-devel-linux-x86_64-fedora-gcc, r-devel-osx-x86_64-clang, r-devel-windows-ix86+x86_64