Last updated on 2014-10-02 01:48:20.
Flavor | Version | Tinstall | Tcheck | Ttotal | Status | Flags |
---|---|---|---|---|---|---|
r-devel-linux-x86_64-debian-clang | 1.0 | 1.07 | 18.98 | 20.06 | NOTE | |
r-devel-linux-x86_64-debian-gcc | 1.0 | 0.93 | 18.68 | 19.61 | NOTE | |
r-devel-linux-x86_64-fedora-clang | 1.0 | 39.13 | NOTE | |||
r-devel-linux-x86_64-fedora-gcc | 1.0 | 38.32 | NOTE | |||
r-devel-osx-x86_64-clang | 1.0 | 37.56 | NOTE | |||
r-devel-windows-ix86+x86_64 | 1.0 | 5.00 | 43.00 | 48.00 | NOTE | |
r-patched-linux-x86_64 | 1.0 | 0.99 | 19.23 | 20.22 | NOTE | |
r-patched-solaris-sparc | 1.0 | 247.00 | NOTE | |||
r-patched-solaris-x86 | 1.0 | 57.50 | NOTE | |||
r-release-linux-ix86 | 1.0 | 1.45 | 29.59 | 31.04 | NOTE | |
r-release-linux-x86_64 | 1.0 | 0.98 | 19.27 | 20.25 | NOTE | |
r-release-osx-x86_64-mavericks | 1.0 | NOTE | ||||
r-release-osx-x86_64-snowleopard | 1.0 | OK | ||||
r-release-windows-ix86+x86_64 | 1.0 | 5.00 | 47.00 | 52.00 | NOTE | |
r-oldrel-windows-ix86+x86_64 | 1.0 | 6.00 | 50.00 | 56.00 | NOTE |
Version: 1.0
Check: dependencies in R code
Result: NOTE
Package in Depends field not imported from: ‘lpSolve’
These packages need to be imported from (in the NAMESPACE file)
for when this namespace is loaded but not attached.
See the information on DESCRIPTION files in the chapter ‘Creating R
packages’ of the ‘Writing R Extensions’ manual.
Flavors: r-devel-linux-x86_64-debian-clang, r-devel-linux-x86_64-debian-gcc, r-devel-linux-x86_64-fedora-clang, r-devel-linux-x86_64-fedora-gcc, r-devel-osx-x86_64-clang, r-devel-windows-ix86+x86_64, r-patched-linux-x86_64, r-patched-solaris-sparc, r-patched-solaris-x86, r-release-linux-ix86, r-release-linux-x86_64, r-release-osx-x86_64-mavericks, r-release-windows-ix86+x86_64, r-oldrel-windows-ix86+x86_64
Version: 1.0
Check: R code for possible problems
Result: NOTE
laugreen: no visible global function definition for ‘lp’
relabel : min.perm.labels: no visible global function definition for
‘lp.transport’
Flavors: r-devel-linux-x86_64-debian-clang, r-devel-linux-x86_64-debian-gcc, r-devel-linux-x86_64-fedora-clang, r-devel-linux-x86_64-fedora-gcc, r-devel-osx-x86_64-clang, r-devel-windows-ix86+x86_64